{"id":57048,"date":"2021-02-21T18:04:10","date_gmt":"2021-02-21T18:04:10","guid":{"rendered":"https:\/\/www.autonvaraosahaku.fi\/?product=metzger-0905463-lampotila-anturi"},"modified":"2021-02-21T18:04:12","modified_gmt":"2021-02-21T18:04:12","slug":"metzger-0905463-lampotila-anturi","status":"publish","type":"product","link":"https:\/\/www.autonvaraosahaku.fi\/?product=metzger-0905463-lampotila-anturi","title":{"rendered":"METZGER 0905463 L\u00e4mp\u00f6tila-anturi"},"content":{"rendered":"<p>Asennuspuoli: Edess\u00e4; Napojen m\u00e4\u00e4r\u00e4: 2; Valmistusp\u00e4iv\u00e4m\u00e4\u00e4r\u00e4st\u00e4: 25.03.2013; VW: POLO 6R, 6C,GOLF VII 5G1, BE1,GOLF VII Kombi BA5,AMAROK 2H_, S1B,JETTA IV 162, 163,GOLF SPORTSVAN AM1,TOURAN,TIGUAN AD1,POLO Van 6R,CRAFTER Kasten SY_,AMAROK Pritsche\/Fahrgestell S1B,GOLF ALLTRACK BA5,CRAFTER Bus SY_,CRAFTER Pritsche\/Fahrgestell SZ_; AUDI: A4 Avant 8K5, B8,A4 8K2, B8,Q5 8R,A5 8T3,A5 Sportback 8TA,A3 Sportback 8VA,Q3 8U,A1 8X1, 8XF,A1 Sportback 8XA, 8XK,A4 Allroad 8KH, B8,A5 Cabriolet 8F7,A3 Limousine 8VS,A3 8V1,A8 4H_,A3 Cabriolet 8V7,A4 Avant 8W5, B9,Q7 4M,A4 8W2, B9,TT FV3,Q5 FY,A5 Sportback F5A,Q2 GA,TT Roadster FV9,A5 F53,A4 Allroad 8WH, B9,A5 Cabriolet F57,A8 4N2, 4N8; SKODA: OCTAVIA Combi 5E5,YETI 5L,SUPERB Kombi 3T5,SUPERB 3T4,RAPID Spaceback NH1,OCTAVIA 5E3,RAPID NH3,FABIA NJ3,FABIA Kombi NJ5,SUPERB Kombi 3V5,KODIAQ NS7,SUPERB 3V3,KAROQ NU7; SEAT: LEON 5F1,LEON ST 5F8,LEON SC 5F5,TOLEDO IV KG3,ATECA KH7,ARONA KJ7<\/p>\n","protected":false},"excerpt":{"rendered":"<p>METZGER Tunnistin Ulkoilmal\u00e4mp\u00f6tila 0905463  VW,AUDI,SKODA,POLO 6R, 6C,GOLF VII 5G1, BE1,GOLF VII Kombi BA5,AMAROK 2H_, S1B,JETTA IV 162, 163<\/p>\n","protected":false},"featured_media":0,"template":"","meta":{"site-sidebar-layout":"default","site-content-layout":"default","ast-global-header-display":"","ast-main-header-display":"","ast-hfb-above-header-display":"","ast-hfb-below-header-display":"","ast-hfb-mobile-header-display":"","site-post-title":"","ast-breadcrumbs-content":"","ast-featured-img":"","footer-sml-layout":"","theme-transparent-header-meta":"","adv-header-id-meta":"","stick-header-meta":"","header-above-stick-meta":"","header-main-stick-meta":"","header-below-stick-meta":""},"pwb-brand":[69],"product_cat":[47],"product_tag":[],"class_list":{"0":"post-57048","1":"product","2":"type-product","3":"status-publish","5":"pwb-brand-metzger","6":"product_cat-lampotila-anturi","7":"desktop-align-left","8":"tablet-align-left","9":"mobile-align-left","11":"first","12":"instock","13":"product-type-external"},"brands":[{"id":69,"name":"METZGER","slug":"metzger"}],"_links":{"self":[{"href":"https:\/\/www.autonvaraosahaku.fi\/index.php?rest_route=\/wp\/v2\/product\/57048","targetHints":{"allow":["GET"]}}],"collection":[{"href":"https:\/\/www.autonvaraosahaku.fi\/index.php?rest_route=\/wp\/v2\/product"}],"about":[{"href":"https:\/\/www.autonvaraosahaku.fi\/index.php?rest_route=\/wp\/v2\/types\/product"}],"wp:attachment":[{"href":"https:\/\/www.autonvaraosahaku.fi\/index.php?rest_route=%2Fwp%2Fv2%2Fmedia&parent=57048"}],"wp:term":[{"taxonomy":"pwb-brand","embeddable":true,"href":"https:\/\/www.autonvaraosahaku.fi\/index.php?rest_route=%2Fwp%2Fv2%2Fpwb-brand&post=57048"},{"taxonomy":"product_cat","embeddable":true,"href":"https:\/\/www.autonvaraosahaku.fi\/index.php?rest_route=%2Fwp%2Fv2%2Fproduct_cat&post=57048"},{"taxonomy":"product_tag","embeddable":true,"href":"https:\/\/www.autonvaraosahaku.fi\/index.php?rest_route=%2Fwp%2Fv2%2Fproduct_tag&post=57048"}],"curies":[{"name":"wp","href":"https:\/\/api.w.org\/{rel}","templated":true}]}}