{"id":57548,"date":"2021-02-21T18:06:40","date_gmt":"2021-02-21T18:06:40","guid":{"rendered":"https:\/\/www.autonvaraosahaku.fi\/?product=topran-305-049-vesipumppu-jakohihnasarja"},"modified":"2021-02-21T18:06:42","modified_gmt":"2021-02-21T18:06:42","slug":"topran-305-049-vesipumppu-jakohihnasarja","status":"publish","type":"product","link":"https:\/\/www.autonvaraosahaku.fi\/?product=topran-305-049-vesipumppu-jakohihnasarja","title":{"rendered":"TOPRAN 305 049 Vesipumppu + jakohihnasarja"},"content":{"rendered":"<p>Yksitt\u00e4isosat luettelossa: ; Lis\u00e4tarvike\/lis\u00e4tieto: Vesipumpulla; Hihnojen m\u00e4\u00e4r\u00e4: 1; Sis\u00e4lt\u00e4\u00e4 rullat: 2; Uusi osa: ; Rungonpalautus vapaaehtoinen: ; Huomioi j\u00e4rjestelm\u00e4-t\u00e4ytt\u00f6m\u00e4\u00e4r\u00e4: ; Moottorinumero: Y650; MAZDA: 2 DE,3 BL,3 Stufenheck BL; TOYOTA: PROACE Kasten\/Kombi; VOLVO: V50 MW,V70 III BW,C30,V60,S40 II MS,V40 Schr\u00e4gheck,S80 II AS,S60 II; FORD: FIESTA VI,FOCUS III Turnier,FOCUS III,B-MAX JK,ECOSPORT,TRANSIT COURIER Kasten,TRANSIT COURIER Kombi; FIAT: SCUDO 270_,SCUDO Kasten 270_,SCUDO Pritsche\/Fahrgestell 270_; CITRO\u00cbN: BERLINGO MF,BERLINGO B9,C5 III Break TD_,C4 Grand Picasso I UA_,DS3,C3 Picasso,C5 III RD_,C3 II,C4 II B7,JUMPY,BERLINGO Kasten B9,C4 Grand Picasso II,C4 Picasso II,DS4,DS5,C4 AIRCROSS,C4 CACTUS; PEUGEOT: 207 WA_, WC_,207 CC WD_,207 SW WK_,308 SW,208,308 4A_, 4C_,5008,508 SW,3008,PARTNER Tepee,2008,508,PARTNER Kasten,308 II,4008,308 SW II,EXPERT Pritsche\/Fahrgestell; 1609417680S1, 71775923, 1787859, 1855729, 2008550, CV2Q8B596AA, CV2Q8B596AAK, CV2Q8B596AB, Y60115S20S1, 1609417680S1, SU001A2959, 30751971S1<\/p>\n","protected":false},"excerpt":{"rendered":"<p>TOPRAN Vesipumppu + Jakohihnasarja 305 049  MAZDA,TOYOTA,VOLVO,2 DE,3 BL,3 Stufenheck BL,PROACE Kasten\/Kombi,V50 MW,V70 III BW,C30,V60,S40 II MS<\/p>\n","protected":false},"featured_media":0,"template":"","meta":{"site-sidebar-layout":"default","site-content-layout":"default","ast-global-header-display":"","ast-main-header-display":"","ast-hfb-above-header-display":"","ast-hfb-below-header-display":"","ast-hfb-mobile-header-display":"","site-post-title":"","ast-breadcrumbs-content":"","ast-featured-img":"","footer-sml-layout":"","theme-transparent-header-meta":"","adv-header-id-meta":"","stick-header-meta":"","header-above-stick-meta":"","header-main-stick-meta":"","header-below-stick-meta":""},"pwb-brand":[18],"product_cat":[321],"product_tag":[],"class_list":{"0":"post-57548","1":"product","2":"type-product","3":"status-publish","5":"pwb-brand-topran","6":"product_cat-vesipumppu-jakohihnasarja","7":"desktop-align-left","8":"tablet-align-left","9":"mobile-align-left","11":"first","12":"instock","13":"product-type-external"},"brands":[{"id":18,"name":"TOPRAN","slug":"topran"}],"_links":{"self":[{"href":"https:\/\/www.autonvaraosahaku.fi\/index.php?rest_route=\/wp\/v2\/product\/57548","targetHints":{"allow":["GET"]}}],"collection":[{"href":"https:\/\/www.autonvaraosahaku.fi\/index.php?rest_route=\/wp\/v2\/product"}],"about":[{"href":"https:\/\/www.autonvaraosahaku.fi\/index.php?rest_route=\/wp\/v2\/types\/product"}],"wp:attachment":[{"href":"https:\/\/www.autonvaraosahaku.fi\/index.php?rest_route=%2Fwp%2Fv2%2Fmedia&parent=57548"}],"wp:term":[{"taxonomy":"pwb-brand","embeddable":true,"href":"https:\/\/www.autonvaraosahaku.fi\/index.php?rest_route=%2Fwp%2Fv2%2Fpwb-brand&post=57548"},{"taxonomy":"product_cat","embeddable":true,"href":"https:\/\/www.autonvaraosahaku.fi\/index.php?rest_route=%2Fwp%2Fv2%2Fproduct_cat&post=57548"},{"taxonomy":"product_tag","embeddable":true,"href":"https:\/\/www.autonvaraosahaku.fi\/index.php?rest_route=%2Fwp%2Fv2%2Fproduct_tag&post=57548"}],"curies":[{"name":"wp","href":"https:\/\/api.w.org\/{rel}","templated":true}]}}