{"id":57583,"date":"2021-02-21T18:06:52","date_gmt":"2021-02-21T18:06:52","guid":{"rendered":"https:\/\/www.autonvaraosahaku.fi\/?product=swf-119840-pyyhkijansulat"},"modified":"2021-02-21T18:06:53","modified_gmt":"2021-02-21T18:06:53","slug":"swf-119840-pyyhkijansulat","status":"publish","type":"product","link":"https:\/\/www.autonvaraosahaku.fi\/?product=swf-119840-pyyhkijansulat","title":{"rendered":"SWF 119840 Pyyhkij\u00e4nsulat"},"content":{"rendered":"<p>M\u00e4\u00e4r\u00e4: 1; Pituus (mm): 400; Pituus (tuumaa): 16; Sopiva adapteri: U; Muotoilu: Spoilerilla; Kulumisenilmaisimen liitos: kulumisvaroitinkoskettimella; Paino [kg]: 0,12; Tuotelinja: VisioNext; Pyyhkij\u00e4nsulkatyyppi: Rungottomat; Valmistusvuosi alkaen: 08\/1983; VW: GOLF II 19E, 1G1,GOLF I Cabriolet 155,POLO 86C, 80,POLO Coupe 86C, 80,POLO CLASSIC 6KV2,GOLF I 17,CADDY I 14,JETTA II 19E, 1G2, 165,POLO CLASSIC 86C, 80,PASSAT 32B,POLO 86,JETTA I 16,DERBY 86C, 80,PASSAT 32,DERBY 86,PASSAT Variant 33; MAZDA: 5 CR19,2 DY,6 Kombi GH,2 DE,PREMACY CP,CX-7 ER,5 CW,DEMIO DW,6 Schr\u00e4gheck GH,6 GH,121 II DB,E-SERIE Kasten SR2,E-SERIE Kasten; SEAT: MARBELLA 28,MARBELLA Kasten 028A,MALAGA 023A; CHEVROLET: CAPTIVA C100, C140,KALOS,AVEO Schr\u00e4gheck T250, T255,AVEO Stufenheck T250, T255,KALOS Stufenheck,AVEO Stufenheck T200,AVEO Schr\u00e4gheck T200; DAEWOO: KALOS KLAS,MATIZ KLYA,KALOS Stufenheck KLAS,TICO KLY3; LADA: KALINA Kombi 1117,KALINA Schr\u00e4gheck 1119,KALINA Stufenheck 1118,KALINA Kombi 2194,KALINA Schr\u00e4gheck 2192; NISSAN: X-TRAIL T30,ALMERA II Hatchback N16,X-TRAIL T31,TIIDA Schr\u00e4gheck,ALMERA Mk II N16,TIIDA Stufenheck SC11X,SUNNY III N14,QASHQAI J11, J11_,SUNNY II N13,X-TRAIL T32,NAVARA Pick-up D23,SUNNY I Traveller B11; KIA: PICANTO BA,SPORTAGE JE_, KM_,RIO III UB,RIO II JB,CARENS III UN,PICANTO TA,CERATO LD,CERATO Stufenheck LD,RIO II Stufenheck JB,RIO III Stufenheck UB,SORENTO III,RIO IV YB,RIO IV Stufenheck SC, FB; LEXUS: LS UCF20,LS UCF10; HONDA: CR-V III RE,CR-V II RD_,ACCORD VII CL,CR-V IV RE,ACCORD VIII CU,ACCORD VII Tourer CM,ACCORD VI CG, CK,LOGO GA3,CR-V I RD,HR-V GH,ACCORD VI Hatchback CH,ACCORD VI Coupe CG,INSIGHT ZE_,S2000 AP,ACCORD V CE, CF,ACCORD IV CB,ACCORD V CC, CD,ACCORD VII CM; 98350C8100, 8524205080, 8524205110; Tuulilasinpyyhkimet,Pyyhkij\u00e4t,Pyyhkij\u00e4nsulka<\/p>\n","protected":false},"excerpt":{"rendered":"<p>SWF Pyyhkij\u00e4nsulat 119840 Tuulilasinpyyhkimet,Pyyhkij\u00e4t VW,MAZDA,SEAT,GOLF II 19E, 1G1,GOLF I Cabriolet 155,POLO 86C, 80,POLO Coupe 86C, 80<\/p>\n","protected":false},"featured_media":0,"template":"","meta":{"site-sidebar-layout":"default","site-content-layout":"default","ast-global-header-display":"","ast-main-header-display":"","ast-hfb-above-header-display":"","ast-hfb-below-header-display":"","ast-hfb-mobile-header-display":"","site-post-title":"","ast-breadcrumbs-content":"","ast-featured-img":"","footer-sml-layout":"","theme-transparent-header-meta":"","adv-header-id-meta":"","stick-header-meta":"","header-above-stick-meta":"","header-main-stick-meta":"","header-below-stick-meta":""},"pwb-brand":[204],"product_cat":[33],"product_tag":[],"class_list":{"0":"post-57583","1":"product","2":"type-product","3":"status-publish","5":"pwb-brand-swf","6":"product_cat-pyyhkijansulat","7":"desktop-align-left","8":"tablet-align-left","9":"mobile-align-left","11":"first","12":"instock","13":"product-type-external"},"brands":[{"id":204,"name":"SWF","slug":"swf"}],"_links":{"self":[{"href":"https:\/\/www.autonvaraosahaku.fi\/index.php?rest_route=\/wp\/v2\/product\/57583","targetHints":{"allow":["GET"]}}],"collection":[{"href":"https:\/\/www.autonvaraosahaku.fi\/index.php?rest_route=\/wp\/v2\/product"}],"about":[{"href":"https:\/\/www.autonvaraosahaku.fi\/index.php?rest_route=\/wp\/v2\/types\/product"}],"wp:attachment":[{"href":"https:\/\/www.autonvaraosahaku.fi\/index.php?rest_route=%2Fwp%2Fv2%2Fmedia&parent=57583"}],"wp:term":[{"taxonomy":"pwb-brand","embeddable":true,"href":"https:\/\/www.autonvaraosahaku.fi\/index.php?rest_route=%2Fwp%2Fv2%2Fpwb-brand&post=57583"},{"taxonomy":"product_cat","embeddable":true,"href":"https:\/\/www.autonvaraosahaku.fi\/index.php?rest_route=%2Fwp%2Fv2%2Fproduct_cat&post=57583"},{"taxonomy":"product_tag","embeddable":true,"href":"https:\/\/www.autonvaraosahaku.fi\/index.php?rest_route=%2Fwp%2Fv2%2Fproduct_tag&post=57583"}],"curies":[{"name":"wp","href":"https:\/\/api.w.org\/{rel}","templated":true}]}}