{"id":57903,"date":"2021-02-21T18:08:29","date_gmt":"2021-02-21T18:08:29","guid":{"rendered":"https:\/\/www.autonvaraosahaku.fi\/?product=herthbuss-jakoparts-j1313021-oljynsuodatin"},"modified":"2021-02-21T18:08:29","modified_gmt":"2021-02-21T18:08:29","slug":"herthbuss-jakoparts-j1313021-oljynsuodatin","status":"publish","type":"product","link":"https:\/\/www.autonvaraosahaku.fi\/?product=herthbuss-jakoparts-j1313021-oljynsuodatin","title":{"rendered":"HERTH+BUSS JAKOPARTS J1313021 \u00d6ljynsuodatin"},"content":{"rendered":"<p>Suodatintyyppi: Ruuvattava suodatin; Pituus (mm): 78; Ulkol\u00e4pimitta [mm]: 76; Sis\u00e4kierre (mm): 3\/4 &#8211; 16UNF; V\u00e4ri: Valkoinen; Suositellun erikoisty\u00f6kalun tuotenumero: J9131003, J9131002; Valmistusvuoteen: 11\/2011; FORD: FIESTA V JH_, JD_,MONDEO III Kombi BWY,FOCUS II Kombi DA_,FIESTA VI,MONDEO IV Turnier BA7,FOCUS Kombi DNW,FOCUS II DA_,FOCUS DAW, DBW,S-MAX WA6,FOCUS III Turnier,FOCUS C-MAX,FIESTA IV JA_, JB_,GALAXY WA6,FUSION JU_,KA RB_,MONDEO III B5Y,C-MAX DM2,FOCUS III,MAVERICK,TRANSIT MK-7 Kasten,C-MAX II,RANGER TKE,MONDEO IV BA7,MONDEO III Stufenheck B4Y,KUGA II DM2,GRAND C-MAX,FOCUS Stufenheck DFW,FIESTA III GFJ,FOCUS II Stufenheck DA_,B-MAX JK,FOCUS II Cabriolet,ECOSPORT,TRANSIT MK-7 Pritsche\/Fahrgestell,PUMA EC_,FOCUS III Stufenheck,MONDEO IV Stufenheck BA7,ESCORT VII GAL, AAL, ABL,ESCORT IV Cabriolet ALF,SIERRA GBG, GB4,ESCORT VII Kombi GAL, ANL,ESCORT VII Cabriolet ALL,FIESTA VI Van,ESCORT VI Cabriolet ALL,ESCORT VI GAL,SIERRA Schr\u00e4gheck GBC, GBG,FIESTA I GFBT,ESCORT IV GAF, AWF, ABFT,FIESTA II FBD,ESCORT V Cabriolet ALL,ESCORT &#8217;95 Express AVL,ESCORT III GAA,TRANSIT CONNECT Kasten,ESCORT V GAL,ESCORT VII Stufenheck GAL, AFL,SIERRA Kombi BNG,ESCORT III Cabriol; MAZDA: 5 CR19,3 BK,6 Station Wagon GY,2 DY,6 Kombi GH,CX-7 ER,6 Hatchback GG,6 GG,3 BL,TRIBUTE EP,5 CW,3 BM,MX-5 III NC,6 Schr\u00e4gheck GH,3 Stufenheck BK,6 GH,MPV II LW,3 Stufenheck BL,3 Stufenheck BM,121 III JASM, JBSM,2 DL, DJ; VOLVO: V70 III BW,C30,V60,S40 II MS,V40 Schr\u00e4gheck,S80 II AS,S60 II; 1007705, 1007706, 1026285, 1056613, 1070521, 1070523, 1072434, 1098162, 1143677, 1218846, 1250507, 1455760, 1559937, 1595247, 1667890, 1678162, 1682366, 1714387, 1751529, 1883037, 1911897, 1S7E6714BA, 1S7G6714CA, 1S7G6714DA, 5003331, 5008718, 5008719, 5008720, 5008721, 5008722, 5010292, 5012000, 5015485, 6057166, 6057167, 6062305, 6066094, 6066096, 6141811, 741M6714BA, 77BM6714AA, 77BM6714C1A, 77BM6714C2A, 7S7G6714A1A, 7S7G6714AA, 7S7G6714BA, 7S7G6714BB, 7S7G6714CA, 81SM6714A2A, 81SM6714A4A, 84BM6714AA, 96MM6714A1A, 96MM6714A2A, 96MM6714B1A, 97MM6714A1A, 97MM6714A4A, 97MM6714A5A, 97MM6714B1A, 97MM6714B4A, 97MMM6714B5A, 9W7E6714AA, A770X6714DA, A810X6714GA, A810X6714HA, A810X6714JA, A810X6714KA, A810X6714LA, A820X6714JA, A830X6714AKA, AA6E6714AA, BM5G6714AA, EM5G6714AA, 1E0514302, 1E0514302A, 1E0514302B, 1E0514302C, 1E0514302D, 1E0514302E, 1E0514302E9A, 1E0614302, C20114302, C60114302, C601143X2A, LF0114300, LF0114312, LF0514302, LF0514302A, LF1014302, LF10143029A, LF10143029B, LF1014&#8230;<\/p>\n","protected":false},"excerpt":{"rendered":"<p>HERTH+BUSS JAKOPARTS \u00d6ljynsuodatin J1313021  FORD,MAZDA,VOLVO,FIESTA V JH_, JD_,MONDEO III Kombi BWY,FOCUS II Kombi DA_,FIESTA VI<\/p>\n","protected":false},"featured_media":0,"template":"","meta":{"site-sidebar-layout":"default","site-content-layout":"default","ast-global-header-display":"","ast-main-header-display":"","ast-hfb-above-header-display":"","ast-hfb-below-header-display":"","ast-hfb-mobile-header-display":"","site-post-title":"","ast-breadcrumbs-content":"","ast-featured-img":"","footer-sml-layout":"","theme-transparent-header-meta":"","adv-header-id-meta":"","stick-header-meta":"","header-above-stick-meta":"","header-main-stick-meta":"","header-below-stick-meta":""},"pwb-brand":[416],"product_cat":[30],"product_tag":[],"class_list":{"0":"post-57903","1":"product","2":"type-product","3":"status-publish","5":"pwb-brand-herthbuss-jakoparts","6":"product_cat-oljynsuodatin","7":"desktop-align-left","8":"tablet-align-left","9":"mobile-align-left","11":"first","12":"instock","13":"product-type-external"},"brands":[{"id":416,"name":"HERTH+BUSS JAKOPARTS","slug":"herthbuss-jakoparts"}],"_links":{"self":[{"href":"https:\/\/www.autonvaraosahaku.fi\/index.php?rest_route=\/wp\/v2\/product\/57903","targetHints":{"allow":["GET"]}}],"collection":[{"href":"https:\/\/www.autonvaraosahaku.fi\/index.php?rest_route=\/wp\/v2\/product"}],"about":[{"href":"https:\/\/www.autonvaraosahaku.fi\/index.php?rest_route=\/wp\/v2\/types\/product"}],"wp:attachment":[{"href":"https:\/\/www.autonvaraosahaku.fi\/index.php?rest_route=%2Fwp%2Fv2%2Fmedia&parent=57903"}],"wp:term":[{"taxonomy":"pwb-brand","embeddable":true,"href":"https:\/\/www.autonvaraosahaku.fi\/index.php?rest_route=%2Fwp%2Fv2%2Fpwb-brand&post=57903"},{"taxonomy":"product_cat","embeddable":true,"href":"https:\/\/www.autonvaraosahaku.fi\/index.php?rest_route=%2Fwp%2Fv2%2Fproduct_cat&post=57903"},{"taxonomy":"product_tag","embeddable":true,"href":"https:\/\/www.autonvaraosahaku.fi\/index.php?rest_route=%2Fwp%2Fv2%2Fproduct_tag&post=57903"}],"curies":[{"name":"wp","href":"https:\/\/api.w.org\/{rel}","templated":true}]}}