{"id":57979,"date":"2021-02-21T18:08:46","date_gmt":"2021-02-21T18:08:46","guid":{"rendered":"https:\/\/www.autonvaraosahaku.fi\/?product=jp-group-4193900500-ilmamassamittari"},"modified":"2021-02-21T18:08:51","modified_gmt":"2021-02-21T18:08:51","slug":"jp-group-4193900500-ilmamassamittari","status":"publish","type":"product","link":"https:\/\/www.autonvaraosahaku.fi\/?product=jp-group-4193900500-ilmamassamittari","title":{"rendered":"JP GROUP 4193900500 Ilmamassamittari"},"content":{"rendered":"<p>Liittimi\u00e4: 4, 4; Materiaali: Muovi, Muovi; Paino [kg]: 0,16; Tarvittava kappalem\u00e4\u00e4r\u00e4: 1; Moottorinumero: DW10CTED4; CITRO\u00cbN: C5 III Break TD_,C4 Picasso I UD_,C4 Grand Picasso I UA_,C4 I LC_,C5 III RD_,C4 Coupe LA_,C4 II B7,C6 TD_,DS4; PEUGEOT: 307 SW 3H,307 CC 3B,407 SW 6E_,307 3A\/C,308 SW,308 4A_, 4C_,5008,307 Break 3E,607 9D, 9U,407 6D_,3008,308 CC,407 Coupe 6C_; 1920GN, 9645948780, PHF500090, 1920GN, 9645948780; Ilmam\u00e4\u00e4r\u00e4mittari,MAF Anturi<\/p>\n","protected":false},"excerpt":{"rendered":"<p>JP GROUP Ilmamassamittari JP Group 4193900500 Ilmam\u00e4\u00e4r\u00e4mittari,MAF Anturi CITRO\u00cbN,PEUGEOT,C5 III Break TD_,C4 Picasso I UD_,C4 Grand Picasso I UA_<\/p>\n","protected":false},"featured_media":0,"template":"","meta":{"site-sidebar-layout":"default","site-content-layout":"default","ast-global-header-display":"","ast-main-header-display":"","ast-hfb-above-header-display":"","ast-hfb-below-header-display":"","ast-hfb-mobile-header-display":"","site-post-title":"","ast-breadcrumbs-content":"","ast-featured-img":"","footer-sml-layout":"","theme-transparent-header-meta":"","adv-header-id-meta":"","stick-header-meta":"","header-above-stick-meta":"","header-main-stick-meta":"","header-below-stick-meta":""},"pwb-brand":[131],"product_cat":[270],"product_tag":[],"class_list":{"0":"post-57979","1":"product","2":"type-product","3":"status-publish","5":"pwb-brand-jp-group","6":"product_cat-ilmamassamittari","7":"desktop-align-left","8":"tablet-align-left","9":"mobile-align-left","11":"first","12":"instock","13":"product-type-external"},"brands":[{"id":131,"name":"JP GROUP","slug":"jp-group"}],"_links":{"self":[{"href":"https:\/\/www.autonvaraosahaku.fi\/index.php?rest_route=\/wp\/v2\/product\/57979","targetHints":{"allow":["GET"]}}],"collection":[{"href":"https:\/\/www.autonvaraosahaku.fi\/index.php?rest_route=\/wp\/v2\/product"}],"about":[{"href":"https:\/\/www.autonvaraosahaku.fi\/index.php?rest_route=\/wp\/v2\/types\/product"}],"wp:attachment":[{"href":"https:\/\/www.autonvaraosahaku.fi\/index.php?rest_route=%2Fwp%2Fv2%2Fmedia&parent=57979"}],"wp:term":[{"taxonomy":"pwb-brand","embeddable":true,"href":"https:\/\/www.autonvaraosahaku.fi\/index.php?rest_route=%2Fwp%2Fv2%2Fpwb-brand&post=57979"},{"taxonomy":"product_cat","embeddable":true,"href":"https:\/\/www.autonvaraosahaku.fi\/index.php?rest_route=%2Fwp%2Fv2%2Fproduct_cat&post=57979"},{"taxonomy":"product_tag","embeddable":true,"href":"https:\/\/www.autonvaraosahaku.fi\/index.php?rest_route=%2Fwp%2Fv2%2Fproduct_tag&post=57979"}],"curies":[{"name":"wp","href":"https:\/\/api.w.org\/{rel}","templated":true}]}}