{"id":58027,"date":"2021-02-21T18:09:04","date_gmt":"2021-02-21T18:09:04","guid":{"rendered":"https:\/\/www.autonvaraosahaku.fi\/?product=contitech-ct957wp4-vesipumppu-jakohihnasarja"},"modified":"2021-02-21T18:09:06","modified_gmt":"2021-02-21T18:09:06","slug":"contitech-ct957wp4-vesipumppu-jakohihnasarja","status":"publish","type":"product","link":"https:\/\/www.autonvaraosahaku.fi\/?product=contitech-ct957wp4-vesipumppu-jakohihnasarja","title":{"rendered":"CONTITECH CT957WP4 Vesipumppu + jakohihnasarja"},"content":{"rendered":"<p>Pakkauspituus [cm]: 28; Pakkausleveys [cm]: 17,5; Pakkauskorkeus [mm]: 24; Hammasluku: 130; Paino [kg]: 2,43; Leveys (mm): 20; Leveys 2 (mm): 17; 2 hihnaa: ; Hampaita 2: 58; Sis\u00e4lt\u00e4\u00e4 rullat: 4; Apulaitteet: angetr. Agg.: Nockenwelle; VW: GOLF IV 1J1,LUPO 6X1, 6E1,GOLF IV Variant 1J5,BORA 1J2,BORA Kombi 1J6; SEAT: LEON 1M1,TOLEDO II 1M2<\/p>\n","protected":false},"excerpt":{"rendered":"<p>CONTITECH Vesipumppu + Jakohihnasarja CT957WP4  VW,SEAT,GOLF IV 1J1,LUPO 6X1, 6E1,GOLF IV Variant 1J5,BORA 1J2,BORA Kombi 1J6,LEON 1M1,TOLEDO II 1M2<\/p>\n","protected":false},"featured_media":0,"template":"","meta":{"site-sidebar-layout":"default","site-content-layout":"default","ast-global-header-display":"","ast-main-header-display":"","ast-hfb-above-header-display":"","ast-hfb-below-header-display":"","ast-hfb-mobile-header-display":"","site-post-title":"","ast-breadcrumbs-content":"","ast-featured-img":"","footer-sml-layout":"","theme-transparent-header-meta":"","adv-header-id-meta":"","stick-header-meta":"","header-above-stick-meta":"","header-main-stick-meta":"","header-below-stick-meta":""},"pwb-brand":[187],"product_cat":[321],"product_tag":[],"class_list":{"0":"post-58027","1":"product","2":"type-product","3":"status-publish","5":"pwb-brand-contitech","6":"product_cat-vesipumppu-jakohihnasarja","7":"desktop-align-left","8":"tablet-align-left","9":"mobile-align-left","11":"first","12":"instock","13":"product-type-external"},"brands":[{"id":187,"name":"CONTITECH","slug":"contitech"}],"_links":{"self":[{"href":"https:\/\/www.autonvaraosahaku.fi\/index.php?rest_route=\/wp\/v2\/product\/58027","targetHints":{"allow":["GET"]}}],"collection":[{"href":"https:\/\/www.autonvaraosahaku.fi\/index.php?rest_route=\/wp\/v2\/product"}],"about":[{"href":"https:\/\/www.autonvaraosahaku.fi\/index.php?rest_route=\/wp\/v2\/types\/product"}],"wp:attachment":[{"href":"https:\/\/www.autonvaraosahaku.fi\/index.php?rest_route=%2Fwp%2Fv2%2Fmedia&parent=58027"}],"wp:term":[{"taxonomy":"pwb-brand","embeddable":true,"href":"https:\/\/www.autonvaraosahaku.fi\/index.php?rest_route=%2Fwp%2Fv2%2Fpwb-brand&post=58027"},{"taxonomy":"product_cat","embeddable":true,"href":"https:\/\/www.autonvaraosahaku.fi\/index.php?rest_route=%2Fwp%2Fv2%2Fproduct_cat&post=58027"},{"taxonomy":"product_tag","embeddable":true,"href":"https:\/\/www.autonvaraosahaku.fi\/index.php?rest_route=%2Fwp%2Fv2%2Fproduct_tag&post=58027"}],"curies":[{"name":"wp","href":"https:\/\/api.w.org\/{rel}","templated":true}]}}