{"id":58060,"date":"2021-02-21T18:09:10","date_gmt":"2021-02-21T18:09:10","guid":{"rendered":"https:\/\/www.autonvaraosahaku.fi\/?product=blaupunkt-7-617-495-142-001-antenni"},"modified":"2021-02-21T18:09:15","modified_gmt":"2021-02-21T18:09:15","slug":"blaupunkt-7-617-495-142-001-antenni","status":"publish","type":"product","link":"https:\/\/www.autonvaraosahaku.fi\/?product=blaupunkt-7-617-495-142-001-antenni","title":{"rendered":"Blaupunkt 7 617 495 142 001 Antenni"},"content":{"rendered":"<p>Kaapelipituus [m]: 2,9; Taajuusalue [Mhz]: FM 76 &#8211; 108, AM 0.15 &#8211; 6.2; Tuotelinja: FUNLINE; Yleisk\u00e4ytt\u00f6inen: Kyll\u00e4; Asennuspuoli: Tuulilasi<\/p>\n","protected":false},"excerpt":{"rendered":"<p>BLAUPUNKT Antenni 7 617 495 142 001<\/p>\n","protected":false},"featured_media":0,"template":"","meta":{"site-sidebar-layout":"default","site-content-layout":"default","ast-global-header-display":"","ast-main-header-display":"","ast-hfb-above-header-display":"","ast-hfb-below-header-display":"","ast-hfb-mobile-header-display":"","site-post-title":"","ast-breadcrumbs-content":"","ast-featured-img":"","footer-sml-layout":"","theme-transparent-header-meta":"","adv-header-id-meta":"","stick-header-meta":"","header-above-stick-meta":"","header-main-stick-meta":"","header-below-stick-meta":""},"pwb-brand":[532],"product_cat":[164],"product_tag":[],"class_list":{"0":"post-58060","1":"product","2":"type-product","3":"status-publish","5":"pwb-brand-blaupunkt","6":"product_cat-antenni","7":"desktop-align-left","8":"tablet-align-left","9":"mobile-align-left","11":"first","12":"instock","13":"product-type-external"},"brands":[{"id":532,"name":"Blaupunkt","slug":"blaupunkt"}],"_links":{"self":[{"href":"https:\/\/www.autonvaraosahaku.fi\/index.php?rest_route=\/wp\/v2\/product\/58060","targetHints":{"allow":["GET"]}}],"collection":[{"href":"https:\/\/www.autonvaraosahaku.fi\/index.php?rest_route=\/wp\/v2\/product"}],"about":[{"href":"https:\/\/www.autonvaraosahaku.fi\/index.php?rest_route=\/wp\/v2\/types\/product"}],"wp:attachment":[{"href":"https:\/\/www.autonvaraosahaku.fi\/index.php?rest_route=%2Fwp%2Fv2%2Fmedia&parent=58060"}],"wp:term":[{"taxonomy":"pwb-brand","embeddable":true,"href":"https:\/\/www.autonvaraosahaku.fi\/index.php?rest_route=%2Fwp%2Fv2%2Fpwb-brand&post=58060"},{"taxonomy":"product_cat","embeddable":true,"href":"https:\/\/www.autonvaraosahaku.fi\/index.php?rest_route=%2Fwp%2Fv2%2Fproduct_cat&post=58060"},{"taxonomy":"product_tag","embeddable":true,"href":"https:\/\/www.autonvaraosahaku.fi\/index.php?rest_route=%2Fwp%2Fv2%2Fproduct_tag&post=58060"}],"curies":[{"name":"wp","href":"https:\/\/api.w.org\/{rel}","templated":true}]}}