{"id":58445,"date":"2021-02-21T18:10:47","date_gmt":"2021-02-21T18:10:47","guid":{"rendered":"https:\/\/www.autonvaraosahaku.fi\/?product=bosch-f-026-400-557-ilmansuodatin"},"modified":"2021-02-21T18:10:48","modified_gmt":"2021-02-21T18:10:48","slug":"bosch-f-026-400-557-ilmansuodatin","status":"publish","type":"product","link":"https:\/\/www.autonvaraosahaku.fi\/?product=bosch-f-026-400-557-ilmansuodatin","title":{"rendered":"Bosch F 026 400 557 Ilmansuodatin"},"content":{"rendered":"<p>Suodatintyyppi: Suodatinpanos; L\u00e4pimitta 1 [mm]: 165; L\u00e4pimitta 2 [mm]: 240; L\u00e4pimitta 3 [mm]: 1; L\u00e4pimitta 4 [mm]: 1; Pituus 1 (mm): 1; Pituus 2 (mm): 1; Leveys 1 (mm): 1; Leveys 2 (mm): 1; Korkeus (mm): 145; Korkeus 1 (mm): 1; Korkeus 2 (mm): 1; M\u00e4\u00e4r\u00e4: 1; M\u00e4\u00e4r\u00e4yksikk\u00f6: Kappale; Varustelumahdollisuudet: Standart; MITSUBISHI: PAJERO II V3_W, V2_W, V4_W,PAJERO I L04_G, L14_G,PAJERO I Canvas Top L04_G,PAJERO II Canvas Top V2_W, V4_W,GALANT II A16_,GALANT II Station Wagon A16_V; MD603384, MZ311785, XD603384<\/p>\n","protected":false},"excerpt":{"rendered":"<p>BOSCH Ilmansuodatin F 026 400 557  MITSUBISHI,PAJERO II V3_W, V2_W, V4_W,PAJERO I L04_G, L14_G,PAJERO I Canvas Top L04_G<\/p>\n","protected":false},"featured_media":0,"template":"","meta":{"site-sidebar-layout":"default","site-content-layout":"default","ast-global-header-display":"","ast-main-header-display":"","ast-hfb-above-header-display":"","ast-hfb-below-header-display":"","ast-hfb-mobile-header-display":"","site-post-title":"","ast-breadcrumbs-content":"","ast-featured-img":"","footer-sml-layout":"","theme-transparent-header-meta":"","adv-header-id-meta":"","stick-header-meta":"","header-above-stick-meta":"","header-main-stick-meta":"","header-below-stick-meta":""},"pwb-brand":[534],"product_cat":[31],"product_tag":[],"class_list":{"0":"post-58445","1":"product","2":"type-product","3":"status-publish","5":"pwb-brand-bosch","6":"product_cat-ilmansuodatin","7":"desktop-align-left","8":"tablet-align-left","9":"mobile-align-left","11":"first","12":"instock","13":"product-type-external"},"brands":[{"id":534,"name":"Bosch","slug":"bosch"}],"_links":{"self":[{"href":"https:\/\/www.autonvaraosahaku.fi\/index.php?rest_route=\/wp\/v2\/product\/58445","targetHints":{"allow":["GET"]}}],"collection":[{"href":"https:\/\/www.autonvaraosahaku.fi\/index.php?rest_route=\/wp\/v2\/product"}],"about":[{"href":"https:\/\/www.autonvaraosahaku.fi\/index.php?rest_route=\/wp\/v2\/types\/product"}],"wp:attachment":[{"href":"https:\/\/www.autonvaraosahaku.fi\/index.php?rest_route=%2Fwp%2Fv2%2Fmedia&parent=58445"}],"wp:term":[{"taxonomy":"pwb-brand","embeddable":true,"href":"https:\/\/www.autonvaraosahaku.fi\/index.php?rest_route=%2Fwp%2Fv2%2Fpwb-brand&post=58445"},{"taxonomy":"product_cat","embeddable":true,"href":"https:\/\/www.autonvaraosahaku.fi\/index.php?rest_route=%2Fwp%2Fv2%2Fproduct_cat&post=58445"},{"taxonomy":"product_tag","embeddable":true,"href":"https:\/\/www.autonvaraosahaku.fi\/index.php?rest_route=%2Fwp%2Fv2%2Fproduct_tag&post=58445"}],"curies":[{"name":"wp","href":"https:\/\/api.w.org\/{rel}","templated":true}]}}