{"id":59470,"date":"2021-02-21T18:14:53","date_gmt":"2021-02-21T18:14:53","guid":{"rendered":"https:\/\/www.autonvaraosahaku.fi\/?product=bosch-0-280-122-001-kaasulapan-asentotunnistin"},"modified":"2021-02-21T18:14:55","modified_gmt":"2021-02-21T18:14:55","slug":"bosch-0-280-122-001-kaasulapan-asentotunnistin","status":"publish","type":"product","link":"https:\/\/www.autonvaraosahaku.fi\/?product=bosch-0-280-122-001-kaasulapan-asentotunnistin","title":{"rendered":"Bosch 0 280 122 001 Kaasul\u00e4p\u00e4n asentotunnistin"},"content":{"rendered":"<p>Valmistusvuoteen: 04\/1996; CHEVROLET: BLAZER S10,S10 Pick-up; KIA: SPORTAGE K00,AVELLA; LANCIA: KAPPA 838A,THEMA 834,KAPPA SW 838B,ZETA 220,KAPPA Coupe 838,THEMA SW 834; OPEL: OMEGA A 16_, 17_, 19_,VECTRA B 36_,ASTRA F CC 53_, 54_, 58_, 59_,OMEGA B Caravan 21_, 22_, 23_,OMEGA B 25_, 26_, 27_,VECTRA B Caravan 31_,ASTRA F Caravan 51_, 52_,CALIBRA A 85_,VECTRA B CC 38_,VECTRA A 86_, 87_,ASTRA F Cabriolet 53_B,ASTRA F 56_, 57_,KADETT E CC 33_, 34_, 43_, 44_,SINTRA,FRONTERA A Sport 5_SUD2,CORSA A CC 93_, 94_, 98_, 99_,FRONTERA A 5_MWL4,VECTRA A CC 88_, 89_,KADETT E Cabriolet 43B_,SENATOR B 29_,OMEGA A Caravan 66_, 67_,KADETT E 39_, 49_,KADETT E Caravan 35_, 36_, 45_, 46_; HYUNDAI: COUPE RD,ACCENT I X-3,LANTRA II Wagon J-2,LANTRA II J-2,ACCENT Stufenheck X-3,S COUPE SLC; VOLVO: V70 II SW,V70 I LV,S60 I,850 Kombi LW,S80 I TS, XY,XC70 CROSS COUNTRY,240 Kombi P245,C70 I Cabriolet,C70 I Coupe,850 LS,960 II Kombi 965,480 E,440 K 445,S70 LS,960 II 964,460 L 464,V90 Kombi,960 Kombi 965,960 964,S90; SAAB: 9000 Schr\u00e4gheck,900 I Combi Coupe,900 II Cabriolet,900 II,900 I AC4, AM4,9000,900 II Coupe; ALFA ROMEO: SPIDER 916S_,GTV 916C_,164 164,145 930,155 167,146 930,33 907A,33 Sportwagon 907B; FIAT: PUNTO 176,COUPE FA\/175,BRAVO I 182,ULYSSE 220,MAREA Weekend 185,UNO 146A\/E,CROMA 154,MAREA 185,TEMPRA 159,FIORINO Pick up 146; CITRO\u00cbN: XM Y4,XANTIA X1,AX ZA-_,EVASION 22, U6,ZX N2,BX XB-_,XM Y3,XM Break Y4,BX Break XB-_,XM Break Y3; 60549359, 7637025, 9946862, 1628L1, 72408124, 96038938, 1292636, 142434, 0000009946862, 0060549359, 60549359, 7637025, 960389388, 9946862, K0060549359, 3517022001, 3517022010, 0000008029510, 8029510, 0K01118911, 7637025, 826924, 90323839, 1628L1, 72408124, 96038938, 94460611600, 7701047921, 08857195, 885719, 8857195, 90323839, 1336385; Kaasul\u00e4p\u00e4n Anturi,Tunnistin, Kaasul\u00e4pp\u00e4<\/p>\n","protected":false},"excerpt":{"rendered":"<p>BOSCH Kaasul\u00e4p\u00e4n Asentotunnistin 0 280 122 001 Kaasul\u00e4p\u00e4n Anturi,Tunnistin, Kaasul\u00e4pp\u00e4 CHEVROLET,KIA,LANCIA,BLAZER S10,S10 Pick-up,SPORTAGE K00,AVELLA<\/p>\n","protected":false},"featured_media":0,"template":"","meta":{"site-sidebar-layout":"default","site-content-layout":"default","ast-global-header-display":"","ast-main-header-display":"","ast-hfb-above-header-display":"","ast-hfb-below-header-display":"","ast-hfb-mobile-header-display":"","site-post-title":"","ast-breadcrumbs-content":"","ast-featured-img":"","footer-sml-layout":"","theme-transparent-header-meta":"","adv-header-id-meta":"","stick-header-meta":"","header-above-stick-meta":"","header-main-stick-meta":"","header-below-stick-meta":""},"pwb-brand":[534],"product_cat":[465],"product_tag":[],"class_list":{"0":"post-59470","1":"product","2":"type-product","3":"status-publish","5":"pwb-brand-bosch","6":"product_cat-kaasulapan-asentotunnistin","7":"desktop-align-left","8":"tablet-align-left","9":"mobile-align-left","11":"first","12":"instock","13":"product-type-external"},"brands":[{"id":534,"name":"Bosch","slug":"bosch"}],"_links":{"self":[{"href":"https:\/\/www.autonvaraosahaku.fi\/index.php?rest_route=\/wp\/v2\/product\/59470","targetHints":{"allow":["GET"]}}],"collection":[{"href":"https:\/\/www.autonvaraosahaku.fi\/index.php?rest_route=\/wp\/v2\/product"}],"about":[{"href":"https:\/\/www.autonvaraosahaku.fi\/index.php?rest_route=\/wp\/v2\/types\/product"}],"wp:attachment":[{"href":"https:\/\/www.autonvaraosahaku.fi\/index.php?rest_route=%2Fwp%2Fv2%2Fmedia&parent=59470"}],"wp:term":[{"taxonomy":"pwb-brand","embeddable":true,"href":"https:\/\/www.autonvaraosahaku.fi\/index.php?rest_route=%2Fwp%2Fv2%2Fpwb-brand&post=59470"},{"taxonomy":"product_cat","embeddable":true,"href":"https:\/\/www.autonvaraosahaku.fi\/index.php?rest_route=%2Fwp%2Fv2%2Fproduct_cat&post=59470"},{"taxonomy":"product_tag","embeddable":true,"href":"https:\/\/www.autonvaraosahaku.fi\/index.php?rest_route=%2Fwp%2Fv2%2Fproduct_tag&post=59470"}],"curies":[{"name":"wp","href":"https:\/\/api.w.org\/{rel}","templated":true}]}}