{"id":60095,"date":"2021-02-21T18:17:38","date_gmt":"2021-02-21T18:17:38","guid":{"rendered":"https:\/\/www.autonvaraosahaku.fi\/?product=bosch-0-001-115-045-starttimoottori"},"modified":"2021-02-21T18:17:42","modified_gmt":"2021-02-21T18:17:42","slug":"bosch-0-001-115-045-starttimoottori","status":"publish","type":"product","link":"https:\/\/www.autonvaraosahaku.fi\/?product=bosch-0-001-115-045-starttimoottori","title":{"rendered":"Bosch 0 001 115 045 Starttimoottori"},"content":{"rendered":"<p>J\u00e4nnite (V): 12; K\u00e4ynnistinmoottori teho (kW): 1,8; Kiinnitysreikien lukum\u00e4\u00e4r\u00e4: 1; kierrereiki\u00e4 [kpl]: 2; Hammasluku: 9; Liitin: 50, 30; Laippa \u00d8(mm): 74; Py\u00f6rimissuunta: Py\u00f6rimissuunta my\u00f6t\u00e4p\u00e4iv\u00e4\u00e4n; Hammaspy\u00f6r\u00e4n perusasento [mm]: 21; K\u00e4ynnistintyyppi: Itselaakeroitu; Kierre 1: M10; kierre 2: M10; Reik\u00e4-\u00d8 [mm]: 8; Pituus (mm): 234; Asento \/ aste: mittig; Asennuskulma [Astetta]: 0; Kulmamitta, kitav\u00e4li [aste]: 90; Kulmamitta, kiinnitysreik\u00e4 [aste]: 0; TECDOC-moottorinumero: 27472; BMW: 3 Touring E91,3 E90,5 E60,1 E87,5 Touring E61,X3 E83,X5 E70,3 Coupe E92,3 Cabriolet E93,7 E65, E66, E67,X6 E71, E72,6 E63,6 Cabriolet E64; 12417794952, 12417796892, 12417798035, 12417798036; Startti,K\u00e4ynnistinmoottori<\/p>\n","protected":false},"excerpt":{"rendered":"<p>BOSCH Starttimoottori 0 001 115 045 Startti,K\u00e4ynnistinmoottori BMW,3 Touring E91,3 E90,5 E60,1 E87,5 Touring E61,X3 E83,X5 E70,3 Coupe E92<\/p>\n","protected":false},"featured_media":0,"template":"","meta":{"site-sidebar-layout":"default","site-content-layout":"default","ast-global-header-display":"","ast-main-header-display":"","ast-hfb-above-header-display":"","ast-hfb-below-header-display":"","ast-hfb-mobile-header-display":"","site-post-title":"","ast-breadcrumbs-content":"","ast-featured-img":"","footer-sml-layout":"","theme-transparent-header-meta":"","adv-header-id-meta":"","stick-header-meta":"","header-above-stick-meta":"","header-main-stick-meta":"","header-below-stick-meta":""},"pwb-brand":[534],"product_cat":[295],"product_tag":[],"class_list":{"0":"post-60095","1":"product","2":"type-product","3":"status-publish","5":"pwb-brand-bosch","6":"product_cat-starttimoottori","7":"desktop-align-left","8":"tablet-align-left","9":"mobile-align-left","11":"first","12":"instock","13":"product-type-external"},"brands":[{"id":534,"name":"Bosch","slug":"bosch"}],"_links":{"self":[{"href":"https:\/\/www.autonvaraosahaku.fi\/index.php?rest_route=\/wp\/v2\/product\/60095","targetHints":{"allow":["GET"]}}],"collection":[{"href":"https:\/\/www.autonvaraosahaku.fi\/index.php?rest_route=\/wp\/v2\/product"}],"about":[{"href":"https:\/\/www.autonvaraosahaku.fi\/index.php?rest_route=\/wp\/v2\/types\/product"}],"wp:attachment":[{"href":"https:\/\/www.autonvaraosahaku.fi\/index.php?rest_route=%2Fwp%2Fv2%2Fmedia&parent=60095"}],"wp:term":[{"taxonomy":"pwb-brand","embeddable":true,"href":"https:\/\/www.autonvaraosahaku.fi\/index.php?rest_route=%2Fwp%2Fv2%2Fpwb-brand&post=60095"},{"taxonomy":"product_cat","embeddable":true,"href":"https:\/\/www.autonvaraosahaku.fi\/index.php?rest_route=%2Fwp%2Fv2%2Fproduct_cat&post=60095"},{"taxonomy":"product_tag","embeddable":true,"href":"https:\/\/www.autonvaraosahaku.fi\/index.php?rest_route=%2Fwp%2Fv2%2Fproduct_tag&post=60095"}],"curies":[{"name":"wp","href":"https:\/\/api.w.org\/{rel}","templated":true}]}}