{"id":60192,"date":"2021-02-21T18:18:09","date_gmt":"2021-02-21T18:18:09","guid":{"rendered":"https:\/\/www.autonvaraosahaku.fi\/?product=bosch-1-457-434-200-polttoainesuodatin"},"modified":"2021-02-21T18:18:12","modified_gmt":"2021-02-21T18:18:12","slug":"bosch-1-457-434-200-polttoainesuodatin","status":"publish","type":"product","link":"https:\/\/www.autonvaraosahaku.fi\/?product=bosch-1-457-434-200-polttoainesuodatin","title":{"rendered":"Bosch 1 457 434 200 Polttoainesuodatin"},"content":{"rendered":"<p>Suodatintyyppi: Ruuvattava suodatin, Suodatinpanos; L\u00e4pimitta [mm]: 88; Sis\u00e4l\u00e4pimitta 1 [mm]: 19; Ulkol\u00e4pimitta 1 [mm]: 85; Korkeus (mm): 112; TECDOC-moottorinumero: 1482; JEEP: CJ5 &#8211; CJ8; VOLVO: 340-360 343, 345,340-360 Stufenheck 344; ROVER: 200 Hatchback XW,400 Tourer XW,400 XW; FORD: SIERRA GBG, GB4,SIERRA Schr\u00e4gheck GBC, GBG,SCORPIO I GAE, GGE,SIERRA Schr\u00e4gheck GBC,SCORPIO I Stufenheck GGE,SIERRA Kombi BNG,GRANADA GU,FIESTA Kasten F3L, F5L,SCORPIO I Kombi GGE,SIERRA Kombi BNC,GRANADA Kombi GNU,P 100 II; FIAT: DUCATO Kasten 280,DUCATO Pritsche\/Fahrgestell 280,DUCATO Panorama 280,REGATA 138,REGATA Weekend 138; CITRO\u00cbN: ZX N2,BX XB-_,C25 Bus 280_, 290_,XM Y3,CX II,CX I MA,C25 Pritsche\/Fahrgestell 280_, 290_,ZX Break N2,BX Break XB-_,C25 Kasten 280_, 290_,C15 VD-_,CX II Break,XM Break Y3,CX I Break MA,C15 Kombi,C35 Kasten,C35 Bus,C35 Pick-up; PEUGEOT: 205 II 20A\/C,J5 Pritsche\/Fahrgestell 280L,J5 Pritsche\/Fahrgestell 290L,J5 Kasten 280L,J5 Bus 290P,309 II 3C, 3A,205 I 741A\/C,J5 Kasten 290L,J5 Bus 280P,405 I 15B,605 6B,309 I 10C, 10A,405 I Break 15E,205 Kasten; RENAULT: ESPACE II J\/S63_,19 II B\/C53_,19 I B\/C53_,TRAFIC Kasten TXX,TRAFIC Bus TXW,SAFRANE I B54_,19 II Chamade L53_,21 Stufenheck L48_,25 B29_,19 I Chamade L53_,MASTER I Kasten T__,TRAFIC Kasten T1, T3, T4,TRAFIC Bus T5, T6, T7,21 Kombi K48_,FUEGO 136_,21 B48_,MASTER I Bus T__,19 II Kasten S53_,TRAFIC Pritsche\/Fahrgestell P6,19 I Kasten S53_,MASTER I Pritsche\/Fahrgestell P__,TRAFIC Pritsche\/Fahrgestell PXX,21 Kasten S48_; 7984781, 7984781, 190612, 190614, 1906E2, 594734, 9401906148, 95503693, 95583693, 1500480, LBU5319, 1930277, 5984018, 9939229, 1583371, 5020286, 5026836, 78GB9150AA, 86570171, 92GX9150AA, D8NN9176AA, 635776, 7111796, 7984781, 1930277, 243191301, 93156612, 190612, 190614, 1906E2, 594734, 9401906148, 95503693, 95583693, 0003052535, 5021188005, 7701028181, 6005000895, 6005007410, 7701028181, 7701065610, 7711502907, OD18873, GFE5306, WJN100650, 162000081001, 190612, 11999066, 2905298, 3210209, 32102097, 4785391<\/p>\n","protected":false},"excerpt":{"rendered":"<p>BOSCH Polttoainesuodatin 1 457 434 200  JEEP,VOLVO,ROVER,CJ5 &#8211; CJ8,340-360 343, 345,340-360 Stufenheck 344,200 Hatchback XW,400 Tourer XW,400 XW<\/p>\n","protected":false},"featured_media":0,"template":"","meta":{"site-sidebar-layout":"default","site-content-layout":"default","ast-global-header-display":"","ast-main-header-display":"","ast-hfb-above-header-display":"","ast-hfb-below-header-display":"","ast-hfb-mobile-header-display":"","site-post-title":"","ast-breadcrumbs-content":"","ast-featured-img":"","footer-sml-layout":"","theme-transparent-header-meta":"","adv-header-id-meta":"","stick-header-meta":"","header-above-stick-meta":"","header-main-stick-meta":"","header-below-stick-meta":""},"pwb-brand":[534],"product_cat":[29],"product_tag":[],"class_list":{"0":"post-60192","1":"product","2":"type-product","3":"status-publish","5":"pwb-brand-bosch","6":"product_cat-polttoainesuodatin","7":"desktop-align-left","8":"tablet-align-left","9":"mobile-align-left","11":"first","12":"instock","13":"product-type-external"},"brands":[{"id":534,"name":"Bosch","slug":"bosch"}],"_links":{"self":[{"href":"https:\/\/www.autonvaraosahaku.fi\/index.php?rest_route=\/wp\/v2\/product\/60192","targetHints":{"allow":["GET"]}}],"collection":[{"href":"https:\/\/www.autonvaraosahaku.fi\/index.php?rest_route=\/wp\/v2\/product"}],"about":[{"href":"https:\/\/www.autonvaraosahaku.fi\/index.php?rest_route=\/wp\/v2\/types\/product"}],"wp:attachment":[{"href":"https:\/\/www.autonvaraosahaku.fi\/index.php?rest_route=%2Fwp%2Fv2%2Fmedia&parent=60192"}],"wp:term":[{"taxonomy":"pwb-brand","embeddable":true,"href":"https:\/\/www.autonvaraosahaku.fi\/index.php?rest_route=%2Fwp%2Fv2%2Fpwb-brand&post=60192"},{"taxonomy":"product_cat","embeddable":true,"href":"https:\/\/www.autonvaraosahaku.fi\/index.php?rest_route=%2Fwp%2Fv2%2Fproduct_cat&post=60192"},{"taxonomy":"product_tag","embeddable":true,"href":"https:\/\/www.autonvaraosahaku.fi\/index.php?rest_route=%2Fwp%2Fv2%2Fproduct_tag&post=60192"}],"curies":[{"name":"wp","href":"https:\/\/api.w.org\/{rel}","templated":true}]}}