{"id":60431,"date":"2021-02-21T18:19:23","date_gmt":"2021-02-21T18:19:23","guid":{"rendered":"https:\/\/www.autonvaraosahaku.fi\/?product=bosch-0-450-904-159-polttoainesuodatin"},"modified":"2021-02-21T18:19:26","modified_gmt":"2021-02-21T18:19:26","slug":"bosch-0-450-904-159-polttoainesuodatin","status":"publish","type":"product","link":"https:\/\/www.autonvaraosahaku.fi\/?product=bosch-0-450-904-159-polttoainesuodatin","title":{"rendered":"Bosch 0 450 904 159 Polttoainesuodatin"},"content":{"rendered":"<p>Suodatintyyppi: Letkusuodatin; L\u00e4pimitta [mm]: 50; Korkeus (mm): 110; Sis\u00e4\u00e4ntulol\u00e4pimitta [mm]: 8, 8; Ulostulon l\u00e4pimitta [mm]: 6, 8; Tilavuus [l]: 0,1; Moottorinumero: AR 30747; SKODA: FELICIA I 6U1,FELICIA I Kombi 6U5,FAVORIT 781,FAVORIT Pick-up 787,130; LANCIA: Y10 156; VOLVO: 140 Kombi 145; ALFA ROMEO: 155 167,33 Sportwagon 907B; RENAULT: CLIO I B\/C57_, 5\/357_,19 II B\/C53_,SUPER 5 B\/C40_,5 122_,RAPID Kasten F40_, G40_,19 I B\/C53_,9 L42_,19 II Chamade L53_,12,21 Stufenheck L48_,19 I Chamade L53_,MASTER I Kasten T__,CLIO I Kasten S57_,21 Kombi K48_,5 Kasten 238_,12 Variable 117_,21 B48_,MASTER I Bus T__,19 II Kasten S53_,19 I Kasten S53_,MASTER I Pritsche\/Fahrgestell P__,21 Kasten S48_,SUPER 5 Kasten S40_; 71736105, 5940862, 71736105, 82282645, 8245649, 5027154, 210801117010, 21080111701001, 71736105, 16400N1400, 16400N8400, 156702, 156703, 156707, 156718, 156719, 156720, 156721, 493742, 5021185226, 7700271011, 7700271026, 7700545787, 7700724743, 7700728143, 7701349332, 8200358714, 1541063401, 166016, 6U0201511E, 1541063401, 156720, 156721, 243214, 2432144, 806012, 6U0201511E<\/p>\n","protected":false},"excerpt":{"rendered":"<p>BOSCH Polttoainesuodatin 0 450 904 159  SKODA,LANCIA,VOLVO,FELICIA I 6U1,FELICIA I Kombi 6U5,FAVORIT 781,FAVORIT Pick-up 787,130,Y10 156,140 Kombi 145<\/p>\n","protected":false},"featured_media":0,"template":"","meta":{"site-sidebar-layout":"default","site-content-layout":"default","ast-global-header-display":"","ast-main-header-display":"","ast-hfb-above-header-display":"","ast-hfb-below-header-display":"","ast-hfb-mobile-header-display":"","site-post-title":"","ast-breadcrumbs-content":"","ast-featured-img":"","footer-sml-layout":"","theme-transparent-header-meta":"","adv-header-id-meta":"","stick-header-meta":"","header-above-stick-meta":"","header-main-stick-meta":"","header-below-stick-meta":""},"pwb-brand":[534],"product_cat":[29],"product_tag":[],"class_list":{"0":"post-60431","1":"product","2":"type-product","3":"status-publish","5":"pwb-brand-bosch","6":"product_cat-polttoainesuodatin","7":"desktop-align-left","8":"tablet-align-left","9":"mobile-align-left","11":"first","12":"instock","13":"product-type-external"},"brands":[{"id":534,"name":"Bosch","slug":"bosch"}],"_links":{"self":[{"href":"https:\/\/www.autonvaraosahaku.fi\/index.php?rest_route=\/wp\/v2\/product\/60431","targetHints":{"allow":["GET"]}}],"collection":[{"href":"https:\/\/www.autonvaraosahaku.fi\/index.php?rest_route=\/wp\/v2\/product"}],"about":[{"href":"https:\/\/www.autonvaraosahaku.fi\/index.php?rest_route=\/wp\/v2\/types\/product"}],"wp:attachment":[{"href":"https:\/\/www.autonvaraosahaku.fi\/index.php?rest_route=%2Fwp%2Fv2%2Fmedia&parent=60431"}],"wp:term":[{"taxonomy":"pwb-brand","embeddable":true,"href":"https:\/\/www.autonvaraosahaku.fi\/index.php?rest_route=%2Fwp%2Fv2%2Fpwb-brand&post=60431"},{"taxonomy":"product_cat","embeddable":true,"href":"https:\/\/www.autonvaraosahaku.fi\/index.php?rest_route=%2Fwp%2Fv2%2Fproduct_cat&post=60431"},{"taxonomy":"product_tag","embeddable":true,"href":"https:\/\/www.autonvaraosahaku.fi\/index.php?rest_route=%2Fwp%2Fv2%2Fproduct_tag&post=60431"}],"curies":[{"name":"wp","href":"https:\/\/api.w.org\/{rel}","templated":true}]}}