{"id":60703,"date":"2021-02-21T18:20:49","date_gmt":"2021-02-21T18:20:49","guid":{"rendered":"https:\/\/www.autonvaraosahaku.fi\/?product=bosch-0-280-130-129-oljyn-lampotila-anturi"},"modified":"2021-02-21T18:20:49","modified_gmt":"2021-02-21T18:20:49","slug":"bosch-0-280-130-129-oljyn-lampotila-anturi","status":"publish","type":"product","link":"https:\/\/www.autonvaraosahaku.fi\/?product=bosch-0-280-130-129-oljyn-lampotila-anturi","title":{"rendered":"Bosch 0 280 130 129 \u00d6ljyn l\u00e4mp\u00f6tila anturi"},"content":{"rendered":"<p>Valmistusvuosi alkaen: 10\/2015; NISSAN: QASHQAI \/ QASHQAI +2 J10, JJ10,MICRA III K12,X-TRAIL T30,MICRA II K11,NOTE E11,ALMERA TINO V10,ALMERA II Hatchback N16,NAVARA D40,JUKE F15,PATHFINDER R51,X-TRAIL T31,PRIMERA P11,MICRA IV K13,PRIMERA Kombi WP12,PRIMERA P12,NV200 EVALIA,TERRANO II R20,PRIMERA Traveller WP11,350 Z Z33,PRIMERA Hatchback P11,MICRA C+C K12,MURANO Z50,NAVARA Pritsche\/Fahrgestell D40,NOTE E12,PRIMERA Hatchback P12,PATROL GR II Wagon Y61,TIIDA Schr\u00e4gheck,NV200 Kasten,ALMERA I Hatchback N15,MURANO Z51,PICK UP D22,NAVARA D22,PATHFINDER R50,ALMERA Mk II N16,370 Z Z34,ALMERA I N15,SERENA C23M,200 SX S14,PRIMERA P10,350 Z Roadster Z33,MAXIMA QX A33,GT-R R35,MAXIMA QX A32,CUBE Z12,TIIDA Stufenheck SC11X,370 Z Roadster Z34,NP300,SUNNY III N14,QASHQAI J11, J11_,PULSAR V Schr\u00e4gheck N14,SUNNY III Liftback N14,PRIMERA Hatchback P10,VANETTE CARGO Kasten HC 23,TERRANO Van R20,PATROL II Pritsche\/Fahrgestell Y61,VANETTE CARGO Bus HC 23,ALMERA Classic B10,X-TRAIL T32,TEANA II J32,ALTIMA,PA,ATLEON,NT500; DACIA: DUSTER,LODGY,DOKKER,DOKKER Express,DUSTER Kasten; INFINITI: Q50,FX,EX,M Y51,G Stufenheck,QX56,M37,G Coupe,M35,Q70 Y51,QX70,Q60 Coupe,QX50; RENAULT: CLIO III BR0\/1, CR0\/1,MEGANE III Grandtour KZ0\/1,ESPACE IV JK0\/1_,SC\u00c9NIC III JZ0\/1_,LAGUNA III Grandtour KT0\/1,CLIO IV,MEGANE III Schr\u00e4gheck BZ0_,GRAND SC\u00c9NIC III JZ0\/1_,MEGANE III Coupe DZ0\/1_,KOLEOS HY_,CAPTUR,LAGUNA III BT0\/1,MEGANE CC EZ0\/1_,VEL SATIS BJ0_,LAGUNA Coupe DT0\/1,FLUENCE L30_,LATITUDE L70_,KADJAR,MEGANE IV B9A\/M_,MEGANE IV Grandtour K9A\/M_,ESPACE V,TALISMAN Grandtour KP_,TALISMAN,KOLEOS II,MEGANE IV Stufenheck,LOGAN II; 2263044B20, 226300M200, 226301W400, 2263043Y00, 2263044B10, 2263044B20, 2263071L00, 226307Y000, 2263095F0B, 2263099B10, 22630ED000, 22630JN00A, 2263044B20, 2345012920; Tunnistin, \u00d6ljyl\u00e4mp\u00f6tila<\/p>\n","protected":false},"excerpt":{"rendered":"<p>BOSCH \u00d6ljyn L\u00e4mp\u00f6tila Anturi 0 280 130 129 Tunnistin, \u00d6ljyl\u00e4mp\u00f6tila NISSAN,DACIA,INFINITI,QASHQAI \/ QASHQAI +2 J10, JJ10,MICRA III K12,X-TRAIL T30<\/p>\n","protected":false},"featured_media":0,"template":"","meta":{"site-sidebar-layout":"default","site-content-layout":"default","ast-global-header-display":"","ast-main-header-display":"","ast-hfb-above-header-display":"","ast-hfb-below-header-display":"","ast-hfb-mobile-header-display":"","site-post-title":"","ast-breadcrumbs-content":"","ast-featured-img":"","footer-sml-layout":"","theme-transparent-header-meta":"","adv-header-id-meta":"","stick-header-meta":"","header-above-stick-meta":"","header-main-stick-meta":"","header-below-stick-meta":""},"pwb-brand":[534],"product_cat":[275],"product_tag":[],"class_list":{"0":"post-60703","1":"product","2":"type-product","3":"status-publish","5":"pwb-brand-bosch","6":"product_cat-oljyn-lampotila-anturi","7":"desktop-align-left","8":"tablet-align-left","9":"mobile-align-left","11":"first","12":"instock","13":"product-type-external"},"brands":[{"id":534,"name":"Bosch","slug":"bosch"}],"_links":{"self":[{"href":"https:\/\/www.autonvaraosahaku.fi\/index.php?rest_route=\/wp\/v2\/product\/60703","targetHints":{"allow":["GET"]}}],"collection":[{"href":"https:\/\/www.autonvaraosahaku.fi\/index.php?rest_route=\/wp\/v2\/product"}],"about":[{"href":"https:\/\/www.autonvaraosahaku.fi\/index.php?rest_route=\/wp\/v2\/types\/product"}],"wp:attachment":[{"href":"https:\/\/www.autonvaraosahaku.fi\/index.php?rest_route=%2Fwp%2Fv2%2Fmedia&parent=60703"}],"wp:term":[{"taxonomy":"pwb-brand","embeddable":true,"href":"https:\/\/www.autonvaraosahaku.fi\/index.php?rest_route=%2Fwp%2Fv2%2Fpwb-brand&post=60703"},{"taxonomy":"product_cat","embeddable":true,"href":"https:\/\/www.autonvaraosahaku.fi\/index.php?rest_route=%2Fwp%2Fv2%2Fproduct_cat&post=60703"},{"taxonomy":"product_tag","embeddable":true,"href":"https:\/\/www.autonvaraosahaku.fi\/index.php?rest_route=%2Fwp%2Fv2%2Fproduct_tag&post=60703"}],"curies":[{"name":"wp","href":"https:\/\/api.w.org\/{rel}","templated":true}]}}