{"id":60779,"date":"2021-02-21T18:21:07","date_gmt":"2021-02-21T18:21:07","guid":{"rendered":"https:\/\/www.autonvaraosahaku.fi\/?product=bosch-0-580-454-093-polttoainepumppu"},"modified":"2021-02-21T18:21:12","modified_gmt":"2021-02-21T18:21:12","slug":"bosch-0-580-454-093-polttoainepumppu","status":"publish","type":"product","link":"https:\/\/www.autonvaraosahaku.fi\/?product=bosch-0-580-454-093-polttoainepumppu","title":{"rendered":"Bosch 0 580 454 093 Polttoainepumppu"},"content":{"rendered":"<p>Asennuspuoli: polttoaines\u00e4ili\u00f6ss\u00e4; K\u00e4ytt\u00f6: S\u00e4hk\u00f6inen; TECDOC-moottorinumero: 4085; VW: GOLF IV 1J1,GOLF V 1K1,POLO 9N_,FOX 5Z1, 5Z3,BORA 1J2,POLO CLASSIC 6KV2,GOLF I 17,POLO Stufenheck 9A4,PASSAT 32B,GOL III,GOL II,KOMBI Kasten T2,KOMBI Bus T2,PARATI III,SANTANA,KOMBI Pritsche\/Fahrgestell T2; AUDI: A3 8L1; NISSAN: SENTRA B15; CHEVROLET: KALOS,AVEO Schr\u00e4gheck T250, T255,AVEO Stufenheck T250, T255,AVEO Stufenheck T200,BLAZER S10,AVEO Schr\u00e4gheck T200,S10 Pick-up,AGILE; KIA: PICANTO BA; FORD: FOCUS DAW, DBW,FOCUS Stufenheck DFW,ESCORT VII GAL, AAL, ABL,ESCORT VII Cabriolet ALL,ESCORT VI Cabriolet ALL,COURIER Pick-up F3 F5,ORION III GAL; RENAULT: CLIO II BB0\/1\/2_, CB0\/1\/2_,SC\u00c9NIC II JM0\/1_,KANGOO KC0\/1_,SC\u00c9NIC I JA0\/1_,MEGANE Scenic JA0\/1_,MEGANE II BM0\/1_, CM0\/1_,KANGOO Express FC0\/1_,MEGANE I Classic LA0\/1_,19 II B\/C53_,19 II Cabriolet D53_, 853_,19 II Chamade L53_,THALIA I LB0\/1\/2_,SANDERO\/STEPWAY I; FIAT: STRADA Pick-up 178E,UNO 146A\/E,PALIO Weekend 178DX,FIORINO Kasten 146,TEMPRA 159,FIORINO Pick up 146,PALIO 178BX,SIENA 178_; CITRO\u00cbN: C3 I FC_; PEUGEOT: 206 Schr\u00e4gheck 2A\/C,206 SW 2E\/K; 93288811, 96447642<\/p>\n","protected":false},"excerpt":{"rendered":"<p>BOSCH Polttoainepumppu 0 580 454 093  VW,AUDI,NISSAN,GOLF IV 1J1,GOLF V 1K1,POLO 9N_,FOX 5Z1, 5Z3,BORA 1J2,POLO CLASSIC 6KV2,GOLF I 17<\/p>\n","protected":false},"featured_media":0,"template":"","meta":{"site-sidebar-layout":"default","site-content-layout":"default","ast-global-header-display":"","ast-main-header-display":"","ast-hfb-above-header-display":"","ast-hfb-below-header-display":"","ast-hfb-mobile-header-display":"","site-post-title":"","ast-breadcrumbs-content":"","ast-featured-img":"","footer-sml-layout":"","theme-transparent-header-meta":"","adv-header-id-meta":"","stick-header-meta":"","header-above-stick-meta":"","header-main-stick-meta":"","header-below-stick-meta":""},"pwb-brand":[534],"product_cat":[73],"product_tag":[],"class_list":{"0":"post-60779","1":"product","2":"type-product","3":"status-publish","5":"pwb-brand-bosch","6":"product_cat-polttoainepumppu","7":"desktop-align-left","8":"tablet-align-left","9":"mobile-align-left","11":"first","12":"instock","13":"product-type-external"},"brands":[{"id":534,"name":"Bosch","slug":"bosch"}],"_links":{"self":[{"href":"https:\/\/www.autonvaraosahaku.fi\/index.php?rest_route=\/wp\/v2\/product\/60779","targetHints":{"allow":["GET"]}}],"collection":[{"href":"https:\/\/www.autonvaraosahaku.fi\/index.php?rest_route=\/wp\/v2\/product"}],"about":[{"href":"https:\/\/www.autonvaraosahaku.fi\/index.php?rest_route=\/wp\/v2\/types\/product"}],"wp:attachment":[{"href":"https:\/\/www.autonvaraosahaku.fi\/index.php?rest_route=%2Fwp%2Fv2%2Fmedia&parent=60779"}],"wp:term":[{"taxonomy":"pwb-brand","embeddable":true,"href":"https:\/\/www.autonvaraosahaku.fi\/index.php?rest_route=%2Fwp%2Fv2%2Fpwb-brand&post=60779"},{"taxonomy":"product_cat","embeddable":true,"href":"https:\/\/www.autonvaraosahaku.fi\/index.php?rest_route=%2Fwp%2Fv2%2Fproduct_cat&post=60779"},{"taxonomy":"product_tag","embeddable":true,"href":"https:\/\/www.autonvaraosahaku.fi\/index.php?rest_route=%2Fwp%2Fv2%2Fproduct_tag&post=60779"}],"curies":[{"name":"wp","href":"https:\/\/api.w.org\/{rel}","templated":true}]}}