{"id":61335,"date":"2021-02-21T18:24:01","date_gmt":"2021-02-21T18:24:01","guid":{"rendered":"https:\/\/www.autonvaraosahaku.fi\/?product=bosch-0-986-487-002-jarrukengat"},"modified":"2021-02-21T18:24:05","modified_gmt":"2021-02-21T18:24:05","slug":"bosch-0-986-487-002-jarrukengat","status":"publish","type":"product","link":"https:\/\/www.autonvaraosahaku.fi\/?product=bosch-0-986-487-002-jarrukengat","title":{"rendered":"Bosch 0 986 487 002 Jarrukeng\u00e4t"},"content":{"rendered":"<p>Jarrurummun sis\u00e4-\u00d8 [mm]: 180; Leveys (mm): 31; Jarrupala\/-hihna: P\u00e4\u00e4llysteell\u00e4; Asennuspuoli: Hinterachse; VW: LUPO 6X1, 6E1,POLO 6N1,GOLF II 19E, 1G1,GOLF I Cabriolet 155,POLO 86C, 80,POLO Coupe 86C, 80,POLO Variant 6KV5,POLO CLASSIC 6KV2,SCIROCCO 53B,GOLF I 17,JETTA II 19E, 1G2, 165,PASSAT Variant 32B,POLO Kasten 6NF,POLO CLASSIC 86C, 80,PASSAT 32B,POLO 86,SCIROCCO 53,JETTA I 16,DERBY 86C, 80,POLO Kasten 86CF,PASSAT 32,DERBY 86,PASSAT Stufenheck 32B,PASSAT Variant 33,CITYGOLF,POLO PLAYA,SANTANA 32B,GOLF II Van 19E, 1G1; AUDI: 80 89, 89Q, 8A, B3,80 81, 85, B2,COUPE 81, 85,80 80, 82, B1,50 86; SEAT: AROSA 6H,IBIZA II 6K1,CORDOBA 6K1, 6K2,TOLEDO I 1L; 171609525A, 171609526A, 171609527F, 171609528F, 191609525, 191609526, 191609527, 191609528, 531609525, 811609525, 811609525A, 811609527, 811609527A, 867609525, 867609526, 867609527, 867609528, 867698520X, 867698525, 867698525V, 867698525X, 171609525A, 171609526A, 171609527F, 171609528F, 191609525, 191609526, 191609527, 191609528, 531609525, 811609525, 811609525A, 811609527, 811609527A, 867609525, 867609526, 867609527, 867609528, 867698520X, 867698525, 867698525V, 867698525X, 171609525A, 171609526A, 171609527F, 171609528F, 191609525, 191609526, 191609527, 191609528, 531609525, 811609525, 811609525A, 811609527, 811609527A, 867609525, 867609526, 867609527, 867609528, 867698520X, 867698525V, 867698525X, 171609525A, 171609526A, 171609527F, 171609528F, 191609525, 191609526, 191609527, 191609528, 531609525, 531609537, 867609525, 867609526, 867609527, 867609528, 867698520X, 867698525V, 867698525X, 867698526V, 867698527V, 867698528V, 867909527, 171609525A, 171609526A, 171609527F, 171609528F, &#8230;; Jarrukenk\u00e4sarja<\/p>\n","protected":false},"excerpt":{"rendered":"<p>BOSCH Jarrukeng\u00e4t 0 986 487 002 Jarrukenk\u00e4sarja VW,AUDI,SEAT,LUPO 6X1, 6E1,POLO 6N1,GOLF II 19E, 1G1,GOLF I Cabriolet 155,POLO 86C, 80<\/p>\n","protected":false},"featured_media":0,"template":"","meta":{"site-sidebar-layout":"default","site-content-layout":"default","ast-global-header-display":"","ast-main-header-display":"","ast-hfb-above-header-display":"","ast-hfb-below-header-display":"","ast-hfb-mobile-header-display":"","site-post-title":"","ast-breadcrumbs-content":"","ast-featured-img":"","footer-sml-layout":"","theme-transparent-header-meta":"","adv-header-id-meta":"","stick-header-meta":"","header-above-stick-meta":"","header-main-stick-meta":"","header-below-stick-meta":""},"pwb-brand":[534],"product_cat":[176],"product_tag":[],"class_list":{"0":"post-61335","1":"product","2":"type-product","3":"status-publish","5":"pwb-brand-bosch","6":"product_cat-jarrukengat","7":"desktop-align-left","8":"tablet-align-left","9":"mobile-align-left","11":"first","12":"instock","13":"product-type-external"},"brands":[{"id":534,"name":"Bosch","slug":"bosch"}],"_links":{"self":[{"href":"https:\/\/www.autonvaraosahaku.fi\/index.php?rest_route=\/wp\/v2\/product\/61335","targetHints":{"allow":["GET"]}}],"collection":[{"href":"https:\/\/www.autonvaraosahaku.fi\/index.php?rest_route=\/wp\/v2\/product"}],"about":[{"href":"https:\/\/www.autonvaraosahaku.fi\/index.php?rest_route=\/wp\/v2\/types\/product"}],"wp:attachment":[{"href":"https:\/\/www.autonvaraosahaku.fi\/index.php?rest_route=%2Fwp%2Fv2%2Fmedia&parent=61335"}],"wp:term":[{"taxonomy":"pwb-brand","embeddable":true,"href":"https:\/\/www.autonvaraosahaku.fi\/index.php?rest_route=%2Fwp%2Fv2%2Fpwb-brand&post=61335"},{"taxonomy":"product_cat","embeddable":true,"href":"https:\/\/www.autonvaraosahaku.fi\/index.php?rest_route=%2Fwp%2Fv2%2Fproduct_cat&post=61335"},{"taxonomy":"product_tag","embeddable":true,"href":"https:\/\/www.autonvaraosahaku.fi\/index.php?rest_route=%2Fwp%2Fv2%2Fproduct_tag&post=61335"}],"curies":[{"name":"wp","href":"https:\/\/api.w.org\/{rel}","templated":true}]}}