{"id":61898,"date":"2021-02-21T18:27:01","date_gmt":"2021-02-21T18:27:01","guid":{"rendered":"https:\/\/www.autonvaraosahaku.fi\/?product=eps-1-993-342-anturit-sensorit"},"modified":"2021-02-21T18:27:05","modified_gmt":"2021-02-21T18:27:05","slug":"eps-1-993-342-anturit-sensorit","status":"publish","type":"product","link":"https:\/\/www.autonvaraosahaku.fi\/?product=eps-1-993-342-anturit-sensorit","title":{"rendered":"EPS 1.993.342 Anturit (sensorit)"},"content":{"rendered":"<p>L\u00e4ht\u00f6j\u00e4nnite alkaen [V]: 0,5; L\u00e4ht\u00f6j\u00e4nnite, asti [V]: 4,5; Moottorinumero: D4FC; KIA: SPORTAGE SL,VENGA YN,SORENTO II XM,RIO III UB,CEE&#8217;D JD,CEE`D Sportswagon JD,PRO CEE\u00b4D JD,SPORTAGE QL,SORENTO III,SOUL II PS,NIRO,BONGO Pritsche\/Fahrgestell,OPTIMA Sportswagon,STINGER CK,RIO IV YB,CEE&#8217;D Combi Van JD,OPTIMA,STONIC YB; HYUNDAI: ix35 LM, EL, ELH,i20 PB, PBT,i40 CW VF,i30 GD,i30 CW GD,H-1 Travel TQ,SANTA F\u00c9 III DM,i30 Coupe,i40 VF,GRAND SANTA F\u00c9,TUCSON,ELANTRA Stufenheck MD, UD,i20 GB,ACCENT IV Stufenheck RB,i30 PDE,H350 Bus,i30 Kombi PDE,H350 Kasten,i20 Coupe,KONA OS,i30 FASTBACK PDE,ELANTRA Stufenheck AD,H350 Pritsche\/Fahrgestell; FIAT: FULLBACK Pick-up 502_, 503_; 6000611746, 392102F600, 392512A600, 392512A610, 3936003HC0, 392102F600, 392512A600, 392512A610, 3936003HC0, 1865A364; Sensori Pakokaasupaine<\/p>\n","protected":false},"excerpt":{"rendered":"<p>EPS DPF Paine-Eroanturi Made in Italy &#8211; OE Equivalent 1.993.342 Sensori Pakokaasupaine KIA,HYUNDAI,FIAT,SPORTAGE SL,VENGA YN,SORENTO II XM,RIO III UB<\/p>\n","protected":false},"featured_media":0,"template":"","meta":{"site-sidebar-layout":"default","site-content-layout":"default","ast-global-header-display":"","ast-main-header-display":"","ast-hfb-above-header-display":"","ast-hfb-below-header-display":"","ast-hfb-mobile-header-display":"","site-post-title":"","ast-breadcrumbs-content":"","ast-featured-img":"","footer-sml-layout":"","theme-transparent-header-meta":"","adv-header-id-meta":"","stick-header-meta":"","header-above-stick-meta":"","header-main-stick-meta":"","header-below-stick-meta":""},"pwb-brand":[540],"product_cat":[98],"product_tag":[],"class_list":{"0":"post-61898","1":"product","2":"type-product","3":"status-publish","5":"pwb-brand-eps","6":"product_cat-anturit-sensorit","7":"desktop-align-left","8":"tablet-align-left","9":"mobile-align-left","11":"first","12":"instock","13":"product-type-external"},"brands":[{"id":540,"name":"EPS","slug":"eps"}],"_links":{"self":[{"href":"https:\/\/www.autonvaraosahaku.fi\/index.php?rest_route=\/wp\/v2\/product\/61898","targetHints":{"allow":["GET"]}}],"collection":[{"href":"https:\/\/www.autonvaraosahaku.fi\/index.php?rest_route=\/wp\/v2\/product"}],"about":[{"href":"https:\/\/www.autonvaraosahaku.fi\/index.php?rest_route=\/wp\/v2\/types\/product"}],"wp:attachment":[{"href":"https:\/\/www.autonvaraosahaku.fi\/index.php?rest_route=%2Fwp%2Fv2%2Fmedia&parent=61898"}],"wp:term":[{"taxonomy":"pwb-brand","embeddable":true,"href":"https:\/\/www.autonvaraosahaku.fi\/index.php?rest_route=%2Fwp%2Fv2%2Fpwb-brand&post=61898"},{"taxonomy":"product_cat","embeddable":true,"href":"https:\/\/www.autonvaraosahaku.fi\/index.php?rest_route=%2Fwp%2Fv2%2Fproduct_cat&post=61898"},{"taxonomy":"product_tag","embeddable":true,"href":"https:\/\/www.autonvaraosahaku.fi\/index.php?rest_route=%2Fwp%2Fv2%2Fproduct_tag&post=61898"}],"curies":[{"name":"wp","href":"https:\/\/api.w.org\/{rel}","templated":true}]}}