{"id":62341,"date":"2021-02-21T18:29:22","date_gmt":"2021-02-21T18:29:22","guid":{"rendered":"https:\/\/www.autonvaraosahaku.fi\/?product=stc-t400220-kardaanin-kuminivel"},"modified":"2021-02-21T18:29:27","modified_gmt":"2021-02-21T18:29:27","slug":"stc-t400220-kardaanin-kuminivel","status":"publish","type":"product","link":"https:\/\/www.autonvaraosahaku.fi\/?product=stc-t400220-kardaanin-kuminivel","title":{"rendered":"STC T400220 Kardaanin kuminivel"},"content":{"rendered":"<p>Paksuus [mm]: 47; Paino [kg]: 0,72; Materiaali: Kumi-metalli; Sis\u00e4l\u00e4pimitta [mm]: 52; Ulkol\u00e4pimitta [mm]: 130; Reikien m\u00e4\u00e4r\u00e4: 6; Reik\u00e4ympyr\u00e4-\u00d8 [mm]: 101; Paino [g]: 720; FIAT: 124 Spider,131,124 Coupe,124,124 Familiare,131 Familiare\/Panorama; SEAT: 124; LADA: NIVA 2121; 4516801; R\u00e4ttinivel,Nivel, Pitkitt\u00e4isakseli<\/p>\n","protected":false},"excerpt":{"rendered":"<p>STC Kardaanin Kuminivel T400220 R\u00e4ttinivel,Nivel, Pitkitt\u00e4isakseli FIAT,SEAT,LADA,124 Spider,131,124 Coupe,124,124 Familiare,131 Familiare\/Panorama<\/p>\n","protected":false},"featured_media":0,"template":"","meta":{"site-sidebar-layout":"default","site-content-layout":"default","ast-global-header-display":"","ast-main-header-display":"","ast-hfb-above-header-display":"","ast-hfb-below-header-display":"","ast-hfb-mobile-header-display":"","site-post-title":"","ast-breadcrumbs-content":"","ast-featured-img":"","footer-sml-layout":"","theme-transparent-header-meta":"","adv-header-id-meta":"","stick-header-meta":"","header-above-stick-meta":"","header-main-stick-meta":"","header-below-stick-meta":""},"pwb-brand":[552],"product_cat":[56],"product_tag":[],"class_list":{"0":"post-62341","1":"product","2":"type-product","3":"status-publish","5":"pwb-brand-stc","6":"product_cat-kardaanin-kuminivel","7":"desktop-align-left","8":"tablet-align-left","9":"mobile-align-left","11":"first","12":"instock","13":"product-type-external"},"brands":[{"id":552,"name":"STC","slug":"stc"}],"_links":{"self":[{"href":"https:\/\/www.autonvaraosahaku.fi\/index.php?rest_route=\/wp\/v2\/product\/62341","targetHints":{"allow":["GET"]}}],"collection":[{"href":"https:\/\/www.autonvaraosahaku.fi\/index.php?rest_route=\/wp\/v2\/product"}],"about":[{"href":"https:\/\/www.autonvaraosahaku.fi\/index.php?rest_route=\/wp\/v2\/types\/product"}],"wp:attachment":[{"href":"https:\/\/www.autonvaraosahaku.fi\/index.php?rest_route=%2Fwp%2Fv2%2Fmedia&parent=62341"}],"wp:term":[{"taxonomy":"pwb-brand","embeddable":true,"href":"https:\/\/www.autonvaraosahaku.fi\/index.php?rest_route=%2Fwp%2Fv2%2Fpwb-brand&post=62341"},{"taxonomy":"product_cat","embeddable":true,"href":"https:\/\/www.autonvaraosahaku.fi\/index.php?rest_route=%2Fwp%2Fv2%2Fproduct_cat&post=62341"},{"taxonomy":"product_tag","embeddable":true,"href":"https:\/\/www.autonvaraosahaku.fi\/index.php?rest_route=%2Fwp%2Fv2%2Fproduct_tag&post=62341"}],"curies":[{"name":"wp","href":"https:\/\/api.w.org\/{rel}","templated":true}]}}