{"id":62393,"date":"2021-02-21T18:29:41","date_gmt":"2021-02-21T18:29:41","guid":{"rendered":"https:\/\/www.autonvaraosahaku.fi\/?product=walker-81267-pakoputken-asennussarja"},"modified":"2021-02-21T18:29:45","modified_gmt":"2021-02-21T18:29:45","slug":"walker-81267-pakoputken-asennussarja","status":"publish","type":"product","link":"https:\/\/www.autonvaraosahaku.fi\/?product=walker-81267-pakoputken-asennussarja","title":{"rendered":"Walker 81267 Pakoputken asennussarja"},"content":{"rendered":"<p>Paino [kg]: 0,072; Tunnuskirjain: 22; Pakkaustyyppi: Pussi; Rakennemalli: Kalos; VW: GOLF IV Variant 1J5,TRANSPORTER III Kasten,TARO; MAZDA: 2 DY,MX-3 EC,121 III JASM, JBSM; CHEVROLET: KALOS,AVEO Schr\u00e4gheck T250, T255,LACETTI J200,NUBIRA Stufenheck,LACETTI Kombi J200,AVEO Schr\u00e4gheck T200,LACETTI Stufenheck; DAEWOO: KALOS KLAS,LACETTI Schr\u00e4gheck KLAN,NUBIRA Stufenheck KLAN,LACETTI J150  Stufenheck; NISSAN: 100 NX B13,SUNNY II Hatchback N13,SUNNY II N13,PRAIRIE PRO M11,PRAIRIE M10, NM10,SUNNY II Traveller B12; HONDA: CIVIC VIII Hatchback FN, FK,JAZZ II GD,CIVIC VII Hatchback EU, EP, EV,CR-V II RD_,ACCORD VII CL,CIVIC VI Hatchback EJ, EK,FR-V BE,ACCORD VIII CU,ACCORD VII Tourer CM,ACCORD VI CG, CK,CIVIC VI Fastback MA, MB,CRX III EH, EG,CIVIC VI Aerodeck MB, MC,STREAM RN,CR-V I RD,HR-V GH,CRX II ED, EE,CIVIC V Hatchback EG,ACCORD VI Hatchback CH,ACCORD VI Coupe CG,S2000 AP,CIVIC IV Hatchback EC, ED, EE,ACCORD V CE, CF,CIVIC VI Stufenheck EJ, EK,CIVIC VI Coupe EJ, EM1,CIVIC V Coupe EJ,CIVIC VII Stufenheck ES,PRELUDE III BA,ACCORD IV CB,CIVIC V Stufenheck EG, EH,ACCORD V Aerodeck CE,ACCORD V CC, CD,ACCORD V Coupe CD,CONCERTO HW,CIVIC IV Stufenheck ED,CRX I AF, AS,PRELUDE II AB,ACCORD III CA,CIVIC III Hatchback AL, AJ, AG, AH,ACCORD IV Aerodeck CB,CONCERTO Stufenheck HWW,ACCORD III Aerodeck CA,PRELUDE I Coupe SN,ACCORD I Hatchback SJ, SY,ACCORD Schr\u00e4gheck US,CIVIC II Shuttle EE,ACCORD I SJ, SY,CIVIC I Stufenheck SF,CIVIC III Stufenheck AM, AK, AU,CIVIC I Shuttle AN, AR,LEGEND; LAND ROVER: FREELANDER LN,FREELANDER Soft Top; HYUNDAI: S COUPE SLC; DAIHATSU: CUORE VII L251,CUORE VI L7_,SIRION M1,YRV M2,CUORE IV L501,MOVE L6, L9,MOVE L6_,CHARADE IV G200, G202,CHARADE III G100, G101, G102,CUORE III L201,CUORE II L80, L81,CHARADE II G11, G30; ROVER: 25 RF,200 RF,600 RH,400 RT,CABRIOLET XW,400 Hatchback RT,800 XS,200 Hatchback XW,200 Coupe XW,800 Hatchback XS,400 Tourer XW,200 XH,800 Coupe,100 \/ METRO XP,400 XW,COUPE; 111440160, 1756787704000, 18215671000, 18215SA7000, 18215SB6960, MB059936, 111440160, 1756787704000, 18215671000, 18215SA0000, 18215SA7000, 18215SB6960, 18215SE0G00, 18215SL5A00, MB059936, 111440160, 1756787704000, 18215671000, 18215SA7000, 18215SB6960, MB059936, 111440160, 1756787704000, 18215671000, 18215SA7000, 18215SB6960, MB059936, 111440160, 1756787704000, 18215671000, 18215SA7000, 18215SB6960, MB059936, 111440160, 1756787704000, 18215671000, 18215SA7000, 18215SB6960, MB059936, 111440160, 1756787704000, 18215671000, 18215SA7000, 18215SB6960, MB059936, 111440160, 1756787704000, 18215671000, 18215SA7000, 18215SB6960, MB059936, 111440160, 1756787704000, 18215671000, 18215SA7000, 18215SB6960, MB059936, 111440160, 1756787704000, 18215671000, 18215SA7000, 18215SB6960, MB059936<\/p>\n","protected":false},"excerpt":{"rendered":"<p>WALKER Kumisuikale, Pakoputkisto 81267  VW,MAZDA,CHEVROLET,GOLF IV Variant 1J5,TRANSPORTER III Kasten,TARO,2 DY,MX-3 EC,121 III JASM, JBSM,KALOS<\/p>\n","protected":false},"featured_media":0,"template":"","meta":{"site-sidebar-layout":"default","site-content-layout":"default","ast-global-header-display":"","ast-main-header-display":"","ast-hfb-above-header-display":"","ast-hfb-below-header-display":"","ast-hfb-mobile-header-display":"","site-post-title":"","ast-breadcrumbs-content":"","ast-featured-img":"","footer-sml-layout":"","theme-transparent-header-meta":"","adv-header-id-meta":"","stick-header-meta":"","header-above-stick-meta":"","header-main-stick-meta":"","header-below-stick-meta":""},"pwb-brand":[554],"product_cat":[101],"product_tag":[],"class_list":{"0":"post-62393","1":"product","2":"type-product","3":"status-publish","5":"pwb-brand-walker","6":"product_cat-pakoputken-asennussarja","7":"desktop-align-left","8":"tablet-align-left","9":"mobile-align-left","11":"first","12":"instock","13":"product-type-external"},"brands":[{"id":554,"name":"Walker","slug":"walker"}],"_links":{"self":[{"href":"https:\/\/www.autonvaraosahaku.fi\/index.php?rest_route=\/wp\/v2\/product\/62393","targetHints":{"allow":["GET"]}}],"collection":[{"href":"https:\/\/www.autonvaraosahaku.fi\/index.php?rest_route=\/wp\/v2\/product"}],"about":[{"href":"https:\/\/www.autonvaraosahaku.fi\/index.php?rest_route=\/wp\/v2\/types\/product"}],"wp:attachment":[{"href":"https:\/\/www.autonvaraosahaku.fi\/index.php?rest_route=%2Fwp%2Fv2%2Fmedia&parent=62393"}],"wp:term":[{"taxonomy":"pwb-brand","embeddable":true,"href":"https:\/\/www.autonvaraosahaku.fi\/index.php?rest_route=%2Fwp%2Fv2%2Fpwb-brand&post=62393"},{"taxonomy":"product_cat","embeddable":true,"href":"https:\/\/www.autonvaraosahaku.fi\/index.php?rest_route=%2Fwp%2Fv2%2Fproduct_cat&post=62393"},{"taxonomy":"product_tag","embeddable":true,"href":"https:\/\/www.autonvaraosahaku.fi\/index.php?rest_route=%2Fwp%2Fv2%2Fproduct_tag&post=62393"}],"curies":[{"name":"wp","href":"https:\/\/api.w.org\/{rel}","templated":true}]}}