{"id":62490,"date":"2021-02-21T18:30:13","date_gmt":"2021-02-21T18:30:13","guid":{"rendered":"https:\/\/www.autonvaraosahaku.fi\/?product=walker-86122-pakoputken-asennussarja"},"modified":"2021-02-21T18:30:16","modified_gmt":"2021-02-21T18:30:16","slug":"walker-86122-pakoputken-asennussarja","status":"publish","type":"product","link":"https:\/\/www.autonvaraosahaku.fi\/?product=walker-86122-pakoputken-asennussarja","title":{"rendered":"Walker 86122 Pakoputken asennussarja"},"content":{"rendered":"<p>Paino [kg]: 0,032; Tunnuskirjain: 26; Pakkaustyyppi: Pussi; AUDI: 80 8C, B4,80 89, 89Q, 8A, B3,COUPE 89, 8B; DAEWOO: TICO KLY3; NISSAN: QASHQAI \/ QASHQAI +2 J10, JJ10,MICRA III K12,X-TRAIL T30,NOTE E11,MICRA IV K13,PRIMERA P12,MICRA C+C K12,PRIMERA Hatchback P12,TIIDA Schr\u00e4gheck,ALMERA Mk II N16,TIIDA Stufenheck SC11X; DAIHATSU: SIRION M1,TERIOS J1,CUORE III L201; SUZUKI: SWIFT III MZ, EZ,JIMNY FJ,SWIFT IV FZ, NZ,GRAND VITARA II JT,SX4 EY, GY,WAGON R+ MM,SPLASH,IGNIS II,SWIFT II Schr\u00e4gheck EA, MA,VITARA ET, TA,VITARA Cabrio ET, TA,LIANA Schr\u00e4gheck,LIANA ER,WAGON R+ EM,X-90 EL,SWIFT I AA,WAGON R,SWIFT II Stufenheck AH, AJ,JIMNY Gel\u00e4ndewagen offen SN; OPEL: AGILA B H08; SUBARU: JUSTY III G3X,JUSTY II JMA, MS; FORD: FIESTA III GFJ,ESCORT VII GAL, AAL, ABL,ESCORT IV Cabriolet ALF,ESCORT VI GAL,ESCORT IV GAF, AWF, ABFT,ESCORT III GAA,ESCORT V GAL,ESCORT VI Kombi GAL,ORION II AFF,ESCORT IV Kombi AWF, AVF,ESCORT &#8217;86 Express AVF,ESCORT &#8217;91 Express AVL,ORION III GAL,ESCORT III Kombi AWA,ESCORT &#8217;81 Express AVA; TOYOTA: AVENSIS _T22_,COROLLA Liftback _E11_,COROLLA Compact _E11_,AVENSIS Station Wagon _T22_,AVENSIS Liftback _T22_,COROLLA Compact _E10_,COROLLA _E11_,COROLLA Wagon __E11_,COROLLA _E10_,COROLLA Wagon _E10_; DACIA: DUSTER,SANDERO,LOGAN MCV KS_,LOGAN LS_,LOGAN EXPRESS FS_,LOGAN Pick-up US_; 1449282001, 1449282600, 1449282600<\/p>\n","protected":false},"excerpt":{"rendered":"<p>WALKER Asennussarja Vaimennin 86122  AUDI,DAEWOO,NISSAN,80 8C, B4,80 89, 89Q, 8A, B3,COUPE 89, 8B,TICO KLY3,QASHQAI \/ QASHQAI +2 J10, JJ10<\/p>\n","protected":false},"featured_media":0,"template":"","meta":{"site-sidebar-layout":"default","site-content-layout":"default","ast-global-header-display":"","ast-main-header-display":"","ast-hfb-above-header-display":"","ast-hfb-below-header-display":"","ast-hfb-mobile-header-display":"","site-post-title":"","ast-breadcrumbs-content":"","ast-featured-img":"","footer-sml-layout":"","theme-transparent-header-meta":"","adv-header-id-meta":"","stick-header-meta":"","header-above-stick-meta":"","header-main-stick-meta":"","header-below-stick-meta":""},"pwb-brand":[554],"product_cat":[101],"product_tag":[],"class_list":{"0":"post-62490","1":"product","2":"type-product","3":"status-publish","5":"pwb-brand-walker","6":"product_cat-pakoputken-asennussarja","7":"desktop-align-left","8":"tablet-align-left","9":"mobile-align-left","11":"first","12":"instock","13":"product-type-external"},"brands":[{"id":554,"name":"Walker","slug":"walker"}],"_links":{"self":[{"href":"https:\/\/www.autonvaraosahaku.fi\/index.php?rest_route=\/wp\/v2\/product\/62490","targetHints":{"allow":["GET"]}}],"collection":[{"href":"https:\/\/www.autonvaraosahaku.fi\/index.php?rest_route=\/wp\/v2\/product"}],"about":[{"href":"https:\/\/www.autonvaraosahaku.fi\/index.php?rest_route=\/wp\/v2\/types\/product"}],"wp:attachment":[{"href":"https:\/\/www.autonvaraosahaku.fi\/index.php?rest_route=%2Fwp%2Fv2%2Fmedia&parent=62490"}],"wp:term":[{"taxonomy":"pwb-brand","embeddable":true,"href":"https:\/\/www.autonvaraosahaku.fi\/index.php?rest_route=%2Fwp%2Fv2%2Fpwb-brand&post=62490"},{"taxonomy":"product_cat","embeddable":true,"href":"https:\/\/www.autonvaraosahaku.fi\/index.php?rest_route=%2Fwp%2Fv2%2Fproduct_cat&post=62490"},{"taxonomy":"product_tag","embeddable":true,"href":"https:\/\/www.autonvaraosahaku.fi\/index.php?rest_route=%2Fwp%2Fv2%2Fproduct_tag&post=62490"}],"curies":[{"name":"wp","href":"https:\/\/api.w.org\/{rel}","templated":true}]}}