{"id":62717,"date":"2021-02-21T18:31:26","date_gmt":"2021-02-21T18:31:26","guid":{"rendered":"https:\/\/www.autonvaraosahaku.fi\/?product=ina-529-0472-20-moniurahihna"},"modified":"2021-02-21T18:31:30","modified_gmt":"2021-02-21T18:31:30","slug":"ina-529-0472-20-moniurahihna","status":"publish","type":"product","link":"https:\/\/www.autonvaraosahaku.fi\/?product=ina-529-0472-20-moniurahihna","title":{"rendered":"INA 529 0472 20 Moniurahihna"},"content":{"rendered":"<p>Pituus 1 (mm): 2500; kiiloja: 6; Hihnapy\u00f6r\u00e4t: V\u00e4lihihnapy\u00f6r\u00e4ll\u00e4; Korvaava tuote\/korvaava tiedote 2: Tarkasta laturin liikkuvuus ja vaihda tarvittaessa.; Huomioi huolto-ohjeet: ; Huomioi asennusohje: ; Apulaitteet: angetr. Agg.: Generator; VW: PHAETON 3D_; AUDI: A4 Avant 8K5, B8,A6 Avant 4F5, C6,A4 8K2, B8,Q5 8R,A6 4F2, C6,A5 8T3,A5 Sportback 8TA,A6 Allroad 4FH, C6,A4 Allroad 8KH, B8,A5 Cabriolet 8F7; 0125130707, 059145201D, 059145201F, 059145201H, 059903119G, 059903119H, 059903119L, 059903119M, 059903119N, 059903137AE, 059903341A, 059903341E, 059903341G, 059903341H, 059903341J, 06E903119, 0125130707, 059145201D, 059145201F, 059145201H, 059903137AE, 059903341A, 059903341E, 059903341G, 059903341H, 059903341J, 0125130707, 059145201D, 059145201F, 059145201H, 059903137AE, 059903341A, 059903341E, 059903341G, 059903341H, 059903341J, 0125130707, 04L903024Q, 04L903024R, 059145201D, 059145201F, 059145201H, 059903015P, 059903015T, 059903016E, 059903016G, 059903016J, 059903016T, 059903017P, 059903018E, 059903018J, 059903018K, 059903018L, 059903018Q, 059903018R, 059903018S, 059903018T, 059903019, 059903019A, 059903019B, 059903019C, 059903019D, 059903019F, 059903019H, 059903019J, 059903019L, 059903019M, 059903019N, 059903023K, 059903023L, 059903023M, 059903023N, 059903023S, 059903023T, 059903024, 059903024A, 059903024B, 059903025, 059903025A, 059903025C, 059903027, 059903027A, 059903137AE, 059&#8230;<\/p>\n","protected":false},"excerpt":{"rendered":"<p>INA Moniurahihnasarja 529 0472 20  VW,AUDI,PHAETON 3D_,A4 Avant 8K5, B8,A6 Avant 4F5, C6,A4 8K2, B8,Q5 8R,A6 4F2, C6,A5 8T3,A5 Sportback 8TA<\/p>\n","protected":false},"featured_media":0,"template":"","meta":{"site-sidebar-layout":"default","site-content-layout":"default","ast-global-header-display":"","ast-main-header-display":"","ast-hfb-above-header-display":"","ast-hfb-below-header-display":"","ast-hfb-mobile-header-display":"","site-post-title":"","ast-breadcrumbs-content":"","ast-featured-img":"","footer-sml-layout":"","theme-transparent-header-meta":"","adv-header-id-meta":"","stick-header-meta":"","header-above-stick-meta":"","header-main-stick-meta":"","header-below-stick-meta":""},"pwb-brand":[564],"product_cat":[23],"product_tag":[],"class_list":{"0":"post-62717","1":"product","2":"type-product","3":"status-publish","5":"pwb-brand-ina","6":"product_cat-moniurahihna","7":"desktop-align-left","8":"tablet-align-left","9":"mobile-align-left","11":"first","12":"instock","13":"product-type-external"},"brands":[{"id":564,"name":"INA","slug":"ina"}],"_links":{"self":[{"href":"https:\/\/www.autonvaraosahaku.fi\/index.php?rest_route=\/wp\/v2\/product\/62717","targetHints":{"allow":["GET"]}}],"collection":[{"href":"https:\/\/www.autonvaraosahaku.fi\/index.php?rest_route=\/wp\/v2\/product"}],"about":[{"href":"https:\/\/www.autonvaraosahaku.fi\/index.php?rest_route=\/wp\/v2\/types\/product"}],"wp:attachment":[{"href":"https:\/\/www.autonvaraosahaku.fi\/index.php?rest_route=%2Fwp%2Fv2%2Fmedia&parent=62717"}],"wp:term":[{"taxonomy":"pwb-brand","embeddable":true,"href":"https:\/\/www.autonvaraosahaku.fi\/index.php?rest_route=%2Fwp%2Fv2%2Fpwb-brand&post=62717"},{"taxonomy":"product_cat","embeddable":true,"href":"https:\/\/www.autonvaraosahaku.fi\/index.php?rest_route=%2Fwp%2Fv2%2Fproduct_cat&post=62717"},{"taxonomy":"product_tag","embeddable":true,"href":"https:\/\/www.autonvaraosahaku.fi\/index.php?rest_route=%2Fwp%2Fv2%2Fproduct_tag&post=62717"}],"curies":[{"name":"wp","href":"https:\/\/api.w.org\/{rel}","templated":true}]}}