{"id":63005,"date":"2021-02-21T18:33:02","date_gmt":"2021-02-21T18:33:02","guid":{"rendered":"https:\/\/www.autonvaraosahaku.fi\/?product=brembo-s-79-523-jarrukengat"},"modified":"2021-02-21T18:33:03","modified_gmt":"2021-02-21T18:33:03","slug":"brembo-s-79-523-jarrukengat","status":"publish","type":"product","link":"https:\/\/www.autonvaraosahaku.fi\/?product=brembo-s-79-523-jarrukengat","title":{"rendered":"BREMBO S 79 523 Jarrukeng\u00e4t"},"content":{"rendered":"<p>L\u00e4pimitta [mm]: 180; Leveys (mm): 26; Jarruj\u00e4rjestelm\u00e4: Sumitomo; Asennuspuoli: Hinterachse; CHEVROLET: CRUZE; SUZUKI: WAGON R+ MM,IGNIS FH,IGNIS II,ALTO HA24,ALTO HA12, HA23,ALTO HA11; 1A012638Z, 1A062638Z, 1A062638ZA, 410604A0A0, 410604A0A4, 440604A0A0, 5320076G00, 5320076G00000, 5320076G10, 5320076G100, 5320076G10000, 5320076G20, 5320076G20000, 5320076G30, 5320076G31, 5320076G31000, 5320076G41, 5320076G41000, 5320076G50, 5320076G50000, 5320076G51, 5320076G51000, 5320076G70, 53200M76031, 53200M76031000, 53200M76G00, 53200M76G31, AY360KE040, DD060B3025; Jarrukenk\u00e4sarja<\/p>\n","protected":false},"excerpt":{"rendered":"<p>BREMBO Jarrukeng\u00e4t S 79 523 Jarrukenk\u00e4sarja CHEVROLET,SUZUKI,CRUZE,WAGON R+ MM,IGNIS FH,IGNIS II,ALTO HA24,ALTO HA12, HA23,ALTO HA11<\/p>\n","protected":false},"featured_media":0,"template":"","meta":{"site-sidebar-layout":"default","site-content-layout":"default","ast-global-header-display":"","ast-main-header-display":"","ast-hfb-above-header-display":"","ast-hfb-below-header-display":"","ast-hfb-mobile-header-display":"","site-post-title":"","ast-breadcrumbs-content":"","ast-featured-img":"","footer-sml-layout":"","theme-transparent-header-meta":"","adv-header-id-meta":"","stick-header-meta":"","header-above-stick-meta":"","header-main-stick-meta":"","header-below-stick-meta":""},"pwb-brand":[146],"product_cat":[176],"product_tag":[],"class_list":{"0":"post-63005","1":"product","2":"type-product","3":"status-publish","5":"pwb-brand-brembo","6":"product_cat-jarrukengat","7":"desktop-align-left","8":"tablet-align-left","9":"mobile-align-left","11":"first","12":"instock","13":"product-type-external"},"brands":[{"id":146,"name":"BREMBO","slug":"brembo"}],"_links":{"self":[{"href":"https:\/\/www.autonvaraosahaku.fi\/index.php?rest_route=\/wp\/v2\/product\/63005","targetHints":{"allow":["GET"]}}],"collection":[{"href":"https:\/\/www.autonvaraosahaku.fi\/index.php?rest_route=\/wp\/v2\/product"}],"about":[{"href":"https:\/\/www.autonvaraosahaku.fi\/index.php?rest_route=\/wp\/v2\/types\/product"}],"wp:attachment":[{"href":"https:\/\/www.autonvaraosahaku.fi\/index.php?rest_route=%2Fwp%2Fv2%2Fmedia&parent=63005"}],"wp:term":[{"taxonomy":"pwb-brand","embeddable":true,"href":"https:\/\/www.autonvaraosahaku.fi\/index.php?rest_route=%2Fwp%2Fv2%2Fpwb-brand&post=63005"},{"taxonomy":"product_cat","embeddable":true,"href":"https:\/\/www.autonvaraosahaku.fi\/index.php?rest_route=%2Fwp%2Fv2%2Fproduct_cat&post=63005"},{"taxonomy":"product_tag","embeddable":true,"href":"https:\/\/www.autonvaraosahaku.fi\/index.php?rest_route=%2Fwp%2Fv2%2Fproduct_tag&post=63005"}],"curies":[{"name":"wp","href":"https:\/\/api.w.org\/{rel}","templated":true}]}}