{"id":63054,"date":"2021-02-21T18:33:15","date_gmt":"2021-02-21T18:33:15","guid":{"rendered":"https:\/\/www.autonvaraosahaku.fi\/?product=trw-df1747-jarrulevyt"},"modified":"2021-02-21T18:33:18","modified_gmt":"2021-02-21T18:33:18","slug":"trw-df1747-jarrulevyt","status":"publish","type":"product","link":"https:\/\/www.autonvaraosahaku.fi\/?product=trw-df1747-jarrulevyt","title":{"rendered":"TRW DF1747 Jarrulevyt"},"content":{"rendered":"<p>Jarrulevytyyppi: Vakiomalli; Ulkol\u00e4pimitta [mm]: 257; Jarrulevyn paksuus (mm): 12; V\u00e4himm\u00e4ispaksuus (mm): 10,2; keskitt\u00e4misl\u00e4pimitta [mm]: 59; Korkeus (mm): 40,5; Reikien m\u00e4\u00e4r\u00e4: 4; Kierremitta: 13,2; Reik\u00e4ympyr\u00e4-\u00d8 [mm]: 98; K\u00e4sittely: hiiliter\u00e4s; V\u00e4ri: Musta; Pinta: Lakattu; Tarkistuskilpi: E190R02 02C0190\/0016; Asennuspuoli: Vorderachse; LANCIA: YPSILON 843,Y 840A,DELTA II 836,DEDRA 835,Y10 156,DEDRA SW 835; FIAT: PUNTO 188,500 312,PUNTO 176,PANDA 312,PUNTO Van 188AX,BRAVO I 182,BRAVA 182,PUNTO Cabriolet 176C,MAREA Weekend 185,UNO 146A\/E,TIPO 160,MAREA 185,TEMPRA 159,PUNTO Van 176L,TEMPRA S.W. 159; ALFA ROMEO: 145 930,155 167,146 930; 46820655, 60808872, 71738373, 71772241, 7545556, 7645055, 7663466, 0000060802029, 0046554302, 0060808872, 46554302, 46820655, 71738373, 71770935, 71772241, 7545556, 7645055, 7645556, 7663466, 92498609, 0000060802029, 46554302, 46820655, 71738373, 7545556, 7645055, 7663466; Jarrulevy<\/p>\n","protected":false},"excerpt":{"rendered":"<p>TRW Jarrulevyt DF1747 Jarrulevy LANCIA,FIAT,ALFA ROMEO,YPSILON 843,Y 840A,DELTA II 836,DEDRA 835,Y10 156,DEDRA SW 835,PUNTO 188,500 312,PUNTO 176<\/p>\n","protected":false},"featured_media":0,"template":"","meta":{"site-sidebar-layout":"default","site-content-layout":"default","ast-global-header-display":"","ast-main-header-display":"","ast-hfb-above-header-display":"","ast-hfb-below-header-display":"","ast-hfb-mobile-header-display":"","site-post-title":"","ast-breadcrumbs-content":"","ast-featured-img":"","footer-sml-layout":"","theme-transparent-header-meta":"","adv-header-id-meta":"","stick-header-meta":"","header-above-stick-meta":"","header-main-stick-meta":"","header-below-stick-meta":""},"pwb-brand":[332],"product_cat":[66],"product_tag":[],"class_list":{"0":"post-63054","1":"product","2":"type-product","3":"status-publish","5":"pwb-brand-trw","6":"product_cat-jarrulevyt","7":"desktop-align-left","8":"tablet-align-left","9":"mobile-align-left","11":"first","12":"instock","13":"product-type-external"},"brands":[{"id":332,"name":"TRW","slug":"trw"}],"_links":{"self":[{"href":"https:\/\/www.autonvaraosahaku.fi\/index.php?rest_route=\/wp\/v2\/product\/63054","targetHints":{"allow":["GET"]}}],"collection":[{"href":"https:\/\/www.autonvaraosahaku.fi\/index.php?rest_route=\/wp\/v2\/product"}],"about":[{"href":"https:\/\/www.autonvaraosahaku.fi\/index.php?rest_route=\/wp\/v2\/types\/product"}],"wp:attachment":[{"href":"https:\/\/www.autonvaraosahaku.fi\/index.php?rest_route=%2Fwp%2Fv2%2Fmedia&parent=63054"}],"wp:term":[{"taxonomy":"pwb-brand","embeddable":true,"href":"https:\/\/www.autonvaraosahaku.fi\/index.php?rest_route=%2Fwp%2Fv2%2Fpwb-brand&post=63054"},{"taxonomy":"product_cat","embeddable":true,"href":"https:\/\/www.autonvaraosahaku.fi\/index.php?rest_route=%2Fwp%2Fv2%2Fproduct_cat&post=63054"},{"taxonomy":"product_tag","embeddable":true,"href":"https:\/\/www.autonvaraosahaku.fi\/index.php?rest_route=%2Fwp%2Fv2%2Fproduct_tag&post=63054"}],"curies":[{"name":"wp","href":"https:\/\/api.w.org\/{rel}","templated":true}]}}