{"id":63091,"date":"2021-02-21T18:33:28","date_gmt":"2021-02-21T18:33:28","guid":{"rendered":"https:\/\/www.autonvaraosahaku.fi\/?product=hengst-filter-h10w22-oljynsuodatin"},"modified":"2021-02-21T18:33:31","modified_gmt":"2021-02-21T18:33:31","slug":"hengst-filter-h10w22-oljynsuodatin","status":"publish","type":"product","link":"https:\/\/www.autonvaraosahaku.fi\/?product=hengst-filter-h10w22-oljynsuodatin","title":{"rendered":"HENGST FILTER H10W22 \u00d6ljynsuodatin"},"content":{"rendered":"<p>Vaihteistomalli: K\u00e4si- \/ lis\u00e4varuste autom. vaihteisto; Ulkol\u00e4pimitta [mm]: 95,0; Tiivisteen l\u00e4pimitta [mm]: 72,0; Kierremitta: 3\/4-16 UNF; Korkeus (mm): 86,0, 86,0; Valmistusvuoteen: 04\/1984; OPEL: DIPLOMAT B,ADMIRAL B,ADMIRAL A,COMMODORE A,COMMODORE A Coupe,KAPIT\u00c4N,COMMODORE B Coupe,COMMODORE B; VOLVO: V40 Kombi VW,V70 I LV,850 Kombi LW,XC70 CROSS COUNTRY,S40 I VS,940 II Kombi 945,940 Kombi 945,240 Kombi P245,740 Kombi 745,C70 I Cabriolet,C70 I Coupe,850 LS,960 II Kombi 965,740 744,240 P242, P244,S70 LS,960 II 964,940 944,V90 Kombi,P 1800,760 704, 764,P 121,340-360 343, 345,960 Kombi 965,164,140 142, 144,760 Kombi 704, 765,940 II 944,960 964,66,P 122 S AMAZON,140 Kombi 145,260 P262, P264,S90,P 122 S AMAZON Kombi,260 Coupe P262,340-360 Stufenheck 344,66 Kombi,260 Kombi P265,780,P 2200 Kombi,B12,F10,F12,F16,FH12,FH16,FL10,FL7; DAF: 55 Kombi,66; 1498024, 45465, 5000187, 5014515, 75DU6714B1, 83BU6714B, 84AU6714C, 90AU6714AA, 90VU6714AA, 3430499, 650354, 6503546, 650356, 650367, 709, 650367, 7984235, 7984718, 12661862, 1266286, 12662862, 1266388, 266286, 3517857, 35178573, 418432, 4184321<\/p>\n","protected":false},"excerpt":{"rendered":"<p>HENGST FILTER \u00d6ljynsuodatin H10W22  OPEL,VOLVO,DAF,DIPLOMAT B,ADMIRAL B,ADMIRAL A,COMMODORE A,COMMODORE A Coupe,KAPIT\u00c4N,COMMODORE B Coupe,COMMODORE B<\/p>\n","protected":false},"featured_media":0,"template":"","meta":{"site-sidebar-layout":"default","site-content-layout":"default","ast-global-header-display":"","ast-main-header-display":"","ast-hfb-above-header-display":"","ast-hfb-below-header-display":"","ast-hfb-mobile-header-display":"","site-post-title":"","ast-breadcrumbs-content":"","ast-featured-img":"","footer-sml-layout":"","theme-transparent-header-meta":"","adv-header-id-meta":"","stick-header-meta":"","header-above-stick-meta":"","header-main-stick-meta":"","header-below-stick-meta":""},"pwb-brand":[336],"product_cat":[30],"product_tag":[],"class_list":{"0":"post-63091","1":"product","2":"type-product","3":"status-publish","5":"pwb-brand-hengst-filter","6":"product_cat-oljynsuodatin","7":"desktop-align-left","8":"tablet-align-left","9":"mobile-align-left","11":"first","12":"instock","13":"product-type-external"},"brands":[{"id":336,"name":"HENGST FILTER","slug":"hengst-filter"}],"_links":{"self":[{"href":"https:\/\/www.autonvaraosahaku.fi\/index.php?rest_route=\/wp\/v2\/product\/63091","targetHints":{"allow":["GET"]}}],"collection":[{"href":"https:\/\/www.autonvaraosahaku.fi\/index.php?rest_route=\/wp\/v2\/product"}],"about":[{"href":"https:\/\/www.autonvaraosahaku.fi\/index.php?rest_route=\/wp\/v2\/types\/product"}],"wp:attachment":[{"href":"https:\/\/www.autonvaraosahaku.fi\/index.php?rest_route=%2Fwp%2Fv2%2Fmedia&parent=63091"}],"wp:term":[{"taxonomy":"pwb-brand","embeddable":true,"href":"https:\/\/www.autonvaraosahaku.fi\/index.php?rest_route=%2Fwp%2Fv2%2Fpwb-brand&post=63091"},{"taxonomy":"product_cat","embeddable":true,"href":"https:\/\/www.autonvaraosahaku.fi\/index.php?rest_route=%2Fwp%2Fv2%2Fproduct_cat&post=63091"},{"taxonomy":"product_tag","embeddable":true,"href":"https:\/\/www.autonvaraosahaku.fi\/index.php?rest_route=%2Fwp%2Fv2%2Fproduct_tag&post=63091"}],"curies":[{"name":"wp","href":"https:\/\/api.w.org\/{rel}","templated":true}]}}