{"id":63378,"date":"2021-02-21T18:34:46","date_gmt":"2021-02-21T18:34:46","guid":{"rendered":"https:\/\/www.autonvaraosahaku.fi\/?product=pascal-g8b006pc-vetonivel"},"modified":"2021-02-21T18:34:49","modified_gmt":"2021-02-21T18:34:49","slug":"pascal-g8b006pc-vetonivel","status":"publish","type":"product","link":"https:\/\/www.autonvaraosahaku.fi\/?product=pascal-g8b006pc-vetonivel","title":{"rendered":"PASCAL G8B006PC Vetonivel"},"content":{"rendered":"<p>Asennuspuoli: Vaihteiston puoli; Ulkol\u00e4pimitta [mm]: 100; Ulkohammastus tasauspy\u00f6r\u00e4st\u00f6puoli: 25; Sis\u00e4hammastus, vaiht. kiinn.: 32; Valmistusvuoteen: 06\/2003; BMW: 3 E46,5 E39,3 Touring E46,3 E36,3 E30,7 E38,5 E34,3 Touring E36,7 E32,3 Touring E30; 26111227780, 26111229082, 26111229095, 26111229522<\/p>\n","protected":false},"excerpt":{"rendered":"<p>PASCAL Nivel, Vetoakseli G8B006PC  BMW,3 E46,5 E39,3 Touring E46,3 E36,3 E30,7 E38,5 E34,3 Touring E36,7 E32,3 Touring E30<\/p>\n","protected":false},"featured_media":0,"template":"","meta":{"site-sidebar-layout":"default","site-content-layout":"default","ast-global-header-display":"","ast-main-header-display":"","ast-hfb-above-header-display":"","ast-hfb-below-header-display":"","ast-hfb-mobile-header-display":"","site-post-title":"","ast-breadcrumbs-content":"","ast-featured-img":"","footer-sml-layout":"","theme-transparent-header-meta":"","adv-header-id-meta":"","stick-header-meta":"","header-above-stick-meta":"","header-main-stick-meta":"","header-below-stick-meta":""},"pwb-brand":[358],"product_cat":[175],"product_tag":[],"class_list":{"0":"post-63378","1":"product","2":"type-product","3":"status-publish","5":"pwb-brand-pascal","6":"product_cat-vetonivel","7":"desktop-align-left","8":"tablet-align-left","9":"mobile-align-left","11":"first","12":"instock","13":"product-type-external"},"brands":[{"id":358,"name":"PASCAL","slug":"pascal"}],"_links":{"self":[{"href":"https:\/\/www.autonvaraosahaku.fi\/index.php?rest_route=\/wp\/v2\/product\/63378","targetHints":{"allow":["GET"]}}],"collection":[{"href":"https:\/\/www.autonvaraosahaku.fi\/index.php?rest_route=\/wp\/v2\/product"}],"about":[{"href":"https:\/\/www.autonvaraosahaku.fi\/index.php?rest_route=\/wp\/v2\/types\/product"}],"wp:attachment":[{"href":"https:\/\/www.autonvaraosahaku.fi\/index.php?rest_route=%2Fwp%2Fv2%2Fmedia&parent=63378"}],"wp:term":[{"taxonomy":"pwb-brand","embeddable":true,"href":"https:\/\/www.autonvaraosahaku.fi\/index.php?rest_route=%2Fwp%2Fv2%2Fpwb-brand&post=63378"},{"taxonomy":"product_cat","embeddable":true,"href":"https:\/\/www.autonvaraosahaku.fi\/index.php?rest_route=%2Fwp%2Fv2%2Fproduct_cat&post=63378"},{"taxonomy":"product_tag","embeddable":true,"href":"https:\/\/www.autonvaraosahaku.fi\/index.php?rest_route=%2Fwp%2Fv2%2Fproduct_tag&post=63378"}],"curies":[{"name":"wp","href":"https:\/\/api.w.org\/{rel}","templated":true}]}}