{"id":63539,"date":"2021-02-21T18:35:27","date_gmt":"2021-02-21T18:35:27","guid":{"rendered":"https:\/\/www.autonvaraosahaku.fi\/?product=hella-8xy-007-021-001-polttoainetankin-korkki"},"modified":"2021-02-21T18:35:30","modified_gmt":"2021-02-21T18:35:30","slug":"hella-8xy-007-021-001-polttoainetankin-korkki","status":"publish","type":"product","link":"https:\/\/www.autonvaraosahaku.fi\/?product=hella-8xy-007-021-001-polttoainetankin-korkki","title":{"rendered":"HELLA 8XY 007 021-001 Polttoainetankin korkki"},"content":{"rendered":"<p>Korvaava tuote\/korvaava tiedote 2: Huohotinventtiilill\u00e4, ilman pidikehihnaa; Ulkol\u00e4pimitta 1 [mm]: 40; Sis\u00e4l\u00e4pimitta [mm]: 33,5; Lukkolaite: ilman lukkoa; Valmistusvuoteen: 07\/1979; VW: POLO 86C, 80,KAEFER,POLO Coupe 86C, 80,KAEFER Cabriolet 15,POLO CLASSIC 86C, 80,TRANSPORTER II Bus,POLO 86,411412,1500,1600 Variant 36,1500,1600 31,DERBY 86C, 80,PASSAT 32,DERBY 86,1500,1600 Schr\u00e4gheck 31,TRANSPORTER II Kasten,PASSAT Variant 33,TRANSPORTER II Pritsche\/Fahrgestell; AUDI: 80 80, 82, B1,100 43, C2,50 86,100 Avant 43, C2; OPEL: FRONTERA A Sport 5_SUD2,FRONTERA A 5_MWL4,MONZA A 22_,ASCONA C 81_, 86_, 87_, 88_,REKORD E 17_-19_, 11_, 14_, 16_,SENATOR A 29_,ASCONA C CC 84_, 89_,REKORD E Caravan 61_, 66_, 67_; TOYOTA: STARLET _P7_,CELICA RA2_, TA2_,COROLLA Coupe AE86,CELICA Liftback ST16_, AT16_,CELICA Coupe RA4_, TA4_,CAMRY _V2_,CELICA Coupe _A6_,COROLLA KE,CELICA TA60, RA40, RA6_,COROLLA Liftback _E8_,COROLLA FX Compact E8B,LITEACE Bus CM30_G, KM30_G,CROWN Stufenheck _S1_,CELICA Cabriolet ST16_, AT16_,CARINA II _T15_,COROLLA Station Wagon _E7_,CAMRY Station Wagon _V2_,CARINA II Stufenheck _T15_,MODELL F Bus _R2_, 31,TERCEL AL2_,COROLLA _E7_,COROLLA Liftback KE, TE,TERCEL _L1_, _L2_,COROLLA _E8_,STARLET KP6_,COROLLA Liftback _E7_,COROLLA Coupe KE,CARINA TA4L, TA6_L,CARINA TA1_,CRESSIDA Stufenheck RX3_,CELICA AT16_, ST16_,CAMRY Liftback _V1_,CRESSIDA Station Wagon RX3_,CRESSIDA Stufenheck _X6_,COROLLA Combi KE,CAMRY Stufenheck _V1_,CARINA Station Wagon TA4K, TA6K,LITEACE Kasten CM3_V, KM3_V,CROWN Station Wagon _S1_,STARLET Station Wagon KP6_; NISSAN: LAUREL JC32,CHERRY E10 I,LAUREL JC31,SUNNY I B11,CHERRY II Coupe N10,LAUREL HLC230,BLUEBIRD 910,SUNNY I Coupe B11,CHERRY II Hatchback N10,SUNNY 140Y, 150Y,SUNNY I Traveller B11,BLUEBIRD B610,BLUEBIRD Traveller W910,BLUEBIRD Stufenheck 910,CHERRY II Traveller VN10; MAZDA: RX 7 II FC,323 III Hatchback BF,RX 7 I SA,626 III GD,626 III Station Wagon GV,626 II GC,626 II Hatchback GC,323 III BF,929 II Coupe HB,323 III Station Wagon BW,323 II Hatchback BD,323 I FA,323 II BD,929 II HB,626 I CB,929 I LA,626 II Coupe GC,323 I Station Wagon FA,929 II Kombi HV; MITSUBISHI: L 300 Bus P0_W, P1_W, P2_W,PAJERO I L04_G, L14_G,L 300 Kasten L03_P,GALANT IV E3_A,GALANT IV Stufenheck E3_A,LANCER IV C6_A, C7_A,L 300 Kasten P0_W, P1_W,L 300 Bus LO3_P\/G, L0_2P,PAJERO I Canvas Top L04_G,STARION A18_A,COLT II C1_A,LANCER III Station Wagon C1_V, C3_V,GALANT III E1_A,COLT I A15_A,LANCER IV Stufenheck C6_A,LANCER I A17_,GALANT II A16_,GALANT I A12_,COLT LANCER Station Wagon A7_K,L 300 Pritsche\/Fahrgestell P1_T,SAPPORO II A16_A,LANCER III C1_A, C6_A,SAPPORO I A12_,CORDIA A21_A, AB,CELESTE A7_,COLT LANCER A7_,GALANT II Station Wagon A16_V,LANCER F II A17_,GALANT I Station Wagon A12_V,TREDIA A21_; SUBARU: JUSTY I KAD,LEONE II Station Wagon,LEONE II,LEONE I Hatchback,LEONE I Station Wagon,LEONE I AB; DAIHATSU: CHARADE II G11, G30,CUORE I L55, L60,WILDCAT\/ROCKY F70,WILDCAT\/ROCKY F75,CHARMANT A; Tankin Korkki,Korkki, Polttoainetankki<\/p>\n","protected":false},"excerpt":{"rendered":"<p>HELLA Polttoainetankin Korkki 8XY 007 021-001 Tankin Korkki,Korkki, Polttoainetankki VW,AUDI,OPEL,POLO 86C, 80,KAEFER,POLO Coupe 86C, 80<\/p>\n","protected":false},"featured_media":0,"template":"","meta":{"site-sidebar-layout":"default","site-content-layout":"default","ast-global-header-display":"","ast-main-header-display":"","ast-hfb-above-header-display":"","ast-hfb-below-header-display":"","ast-hfb-mobile-header-display":"","site-post-title":"","ast-breadcrumbs-content":"","ast-featured-img":"","footer-sml-layout":"","theme-transparent-header-meta":"","adv-header-id-meta":"","stick-header-meta":"","header-above-stick-meta":"","header-main-stick-meta":"","header-below-stick-meta":""},"pwb-brand":[24],"product_cat":[105],"product_tag":[],"class_list":{"0":"post-63539","1":"product","2":"type-product","3":"status-publish","5":"pwb-brand-hella","6":"product_cat-polttoainetankin-korkki","7":"desktop-align-left","8":"tablet-align-left","9":"mobile-align-left","11":"first","12":"instock","13":"product-type-external"},"brands":[{"id":24,"name":"HELLA","slug":"hella"}],"_links":{"self":[{"href":"https:\/\/www.autonvaraosahaku.fi\/index.php?rest_route=\/wp\/v2\/product\/63539","targetHints":{"allow":["GET"]}}],"collection":[{"href":"https:\/\/www.autonvaraosahaku.fi\/index.php?rest_route=\/wp\/v2\/product"}],"about":[{"href":"https:\/\/www.autonvaraosahaku.fi\/index.php?rest_route=\/wp\/v2\/types\/product"}],"wp:attachment":[{"href":"https:\/\/www.autonvaraosahaku.fi\/index.php?rest_route=%2Fwp%2Fv2%2Fmedia&parent=63539"}],"wp:term":[{"taxonomy":"pwb-brand","embeddable":true,"href":"https:\/\/www.autonvaraosahaku.fi\/index.php?rest_route=%2Fwp%2Fv2%2Fpwb-brand&post=63539"},{"taxonomy":"product_cat","embeddable":true,"href":"https:\/\/www.autonvaraosahaku.fi\/index.php?rest_route=%2Fwp%2Fv2%2Fproduct_cat&post=63539"},{"taxonomy":"product_tag","embeddable":true,"href":"https:\/\/www.autonvaraosahaku.fi\/index.php?rest_route=%2Fwp%2Fv2%2Fproduct_tag&post=63539"}],"curies":[{"name":"wp","href":"https:\/\/api.w.org\/{rel}","templated":true}]}}