{"id":63811,"date":"2021-02-21T18:36:38","date_gmt":"2021-02-21T18:36:38","guid":{"rendered":"https:\/\/www.autonvaraosahaku.fi\/?product=reinz-14-32196-01-kannen-pultit"},"modified":"2021-02-21T18:36:40","modified_gmt":"2021-02-21T18:36:40","slug":"reinz-14-32196-01-kannen-pultit","status":"publish","type":"product","link":"https:\/\/www.autonvaraosahaku.fi\/?product=reinz-14-32196-01-kannen-pultit","title":{"rendered":"REINZ 14-32196-01 Kannen pultit"},"content":{"rendered":"<p>Kierremitta: M12; Ruuvikanta\/mutteriprofiili: Hammastettu, sis\u00e4; Kierrenousu (mm): 1,5; Pituus (mm): 160; Tarvittava kappalem\u00e4\u00e4r\u00e4: 2; VW: PASSAT Variant 3B6,TOUAREG 7LA, 7L6, 7L7,PASSAT 3B3,PHAETON 3D_,TOUAREG 7P5; AUDI: A4 Avant 8K5, B8,A6 Avant 4F5, C6,A4 Avant 8ED, B7,A4 Avant 8E5, B6,A6 Avant 4B5, C5,A4 8E2, B6,A4 8K2, B8,Q5 8R,A6 4F2, C6,A6 4B2, C5,A5 8T3,A4 Cabriolet 8H7, B6, 8HE, B7,A5 Sportback 8TA,A4 8EC, B7,Q7 4L,A8 4E_,A6 Allroad 4FH, C6,A4 Allroad 8KH, B8,A5 Cabriolet 8F7,ALLROAD 4BH, C5; SKODA: SUPERB 3U4; PORSCHE: CAYENNE 955,CAYENNE; 057103384A8x, 95510417402, 057103384A8x, 057103384A8x; Sylinterikannen Pultit,Syl.Kannen Pulttisarja<\/p>\n","protected":false},"excerpt":{"rendered":"<p>REINZ Kannen Pultit 14-32196-01 Sylinterikannen Pultit,Syl.Kannen Pulttisarja VW,AUDI,SKODA,PASSAT Variant 3B6,TOUAREG 7LA, 7L6, 7L7,PASSAT 3B3<\/p>\n","protected":false},"featured_media":0,"template":"","meta":{"site-sidebar-layout":"default","site-content-layout":"default","ast-global-header-display":"","ast-main-header-display":"","ast-hfb-above-header-display":"","ast-hfb-below-header-display":"","ast-hfb-mobile-header-display":"","site-post-title":"","ast-breadcrumbs-content":"","ast-featured-img":"","footer-sml-layout":"","theme-transparent-header-meta":"","adv-header-id-meta":"","stick-header-meta":"","header-above-stick-meta":"","header-main-stick-meta":"","header-below-stick-meta":""},"pwb-brand":[138],"product_cat":[67],"product_tag":[],"class_list":{"0":"post-63811","1":"product","2":"type-product","3":"status-publish","5":"pwb-brand-reinz","6":"product_cat-kannen-pultit","7":"desktop-align-left","8":"tablet-align-left","9":"mobile-align-left","11":"first","12":"instock","13":"product-type-external"},"brands":[{"id":138,"name":"REINZ","slug":"reinz"}],"_links":{"self":[{"href":"https:\/\/www.autonvaraosahaku.fi\/index.php?rest_route=\/wp\/v2\/product\/63811","targetHints":{"allow":["GET"]}}],"collection":[{"href":"https:\/\/www.autonvaraosahaku.fi\/index.php?rest_route=\/wp\/v2\/product"}],"about":[{"href":"https:\/\/www.autonvaraosahaku.fi\/index.php?rest_route=\/wp\/v2\/types\/product"}],"wp:attachment":[{"href":"https:\/\/www.autonvaraosahaku.fi\/index.php?rest_route=%2Fwp%2Fv2%2Fmedia&parent=63811"}],"wp:term":[{"taxonomy":"pwb-brand","embeddable":true,"href":"https:\/\/www.autonvaraosahaku.fi\/index.php?rest_route=%2Fwp%2Fv2%2Fpwb-brand&post=63811"},{"taxonomy":"product_cat","embeddable":true,"href":"https:\/\/www.autonvaraosahaku.fi\/index.php?rest_route=%2Fwp%2Fv2%2Fproduct_cat&post=63811"},{"taxonomy":"product_tag","embeddable":true,"href":"https:\/\/www.autonvaraosahaku.fi\/index.php?rest_route=%2Fwp%2Fv2%2Fproduct_tag&post=63811"}],"curies":[{"name":"wp","href":"https:\/\/api.w.org\/{rel}","templated":true}]}}