{"id":64382,"date":"2021-02-21T18:39:07","date_gmt":"2021-02-21T18:39:07","guid":{"rendered":"https:\/\/www.autonvaraosahaku.fi\/?product=topran-108-891-oljynpaineanturi"},"modified":"2021-02-21T18:39:08","modified_gmt":"2021-02-21T18:39:08","slug":"topran-108-891-oljynpaineanturi","status":"publish","type":"product","link":"https:\/\/www.autonvaraosahaku.fi\/?product=topran-108-891-oljynpaineanturi","title":{"rendered":"TOPRAN 108 891 \u00d6ljynpaineanturi"},"content":{"rendered":"<p>Pistokkeen kotelon muoto: D-muoto; K\u00e4ytt\u00f6: Hydraulinen; Kierremitta: M 10; Kierrenousu (mm): 1; Napojen m\u00e4\u00e4r\u00e4: 1; Kytkent\u00e4piste alkaen [bar]: 0,3; Vaihtopiste enint. [bar]: 0,6; V\u00e4rimerkint\u00e4: Vihre\u00e4; Korvaava tuote\/korvaava tiedote 2: Tiivisterenkaalla; Moottorinumero: AKK; VW: GOLF IV 1J1,GOLF V 1K1,POLO 9N_,TOURAN 1T1, 1T2,GOLF VI 5K1,PASSAT Variant 3C5,GOLF PLUS 5M1, 521,LUPO 6X1, 6E1,PASSAT 3C2,POLO 6R, 6C,TIGUAN 5N_,PASSAT Variant 365,GOLF IV Variant 1J5,GOLF VII 5G1, BE1,POLO 6N2,POLO 6N1,CADDY III Kombi 2KB, 2KJ, 2CB, 2CJ,TOURAN 1T3,FOX 5Z1, 5Z3,GOLF VI Variant AJ5,GOLF V Variant 1K5,UP,CADDY III Kasten 2KA, 2KH, 2CA, 2CH,BORA 1J2,GOLF VII Kombi BA5,EOS 1F7, 1F8,SCIROCCO 137, 138,PASSAT CC 357,NEW BEETLE 9C1, 1C1,SHARAN 7N1, 7N2,BORA Kombi 1J6,CRAFTER 30-50 Kasten 2E_,NEW BEETLE Cabriolet 1Y7,JETTA III 1K2,PASSAT 362,POLO CLASSIC 6KV2,AMAROK 2H_, S1B,CC 358,BEETLE 5C1,JETTA IV 162, 163,CRAFTER 30-35 Bus 2E_,POLO Stufenheck,BEETLE Cabriolet 5C7,CADDY II Kombi 9K9B,CRAFTER 30-50 Pritsche\/Fahrgestell 2F_,PASSAT Variant 3G5,GOLF SPORTSVAN AM1,TOURAN,TIGUAN AD1,CADDY IV Kombi SAB, SAJ,TRANSPORTER VI Bus SGB, SGG, SGJ,PASSAT 3G2,TRANSPORTER VI Kasten SGA, SGH,POLO AW1, BZ1,CADDY IV Kasten SAA, SAH,TIGUAN ALLSPACE BW2,TRANSPORT; AUDI: A3 8P1,A3 Sportback 8PA,A2 8Z0,A3 Sportback 8VA,A1 8X1, 8XF,A1 Sportback 8XA, 8XK,A3 Limousine 8VS,A3 8V1,A8 4H_,A4 Avant 8W5, B9,A4 8W2, B9,A5 Sportback F5A,Q2 GA,A5 F53; SKODA: OCTAVIA Combi 1Z5,FABIA Combi 6Y5,FABIA,OCTAVIA Combi 5E5,FABIA Combi,ROOMSTER 5J,YETI 5L,SUPERB Kombi 3T5,OCTAVIA 1Z3,CITIGO,SUPERB 3T4,RAPID Spaceback NH1,FABIA Stufenheck 6Y3,OCTAVIA 5E3,ROOMSTER Praktik 5J,RAPID NH3,FABIA NJ3,FABIA Kombi NJ5,SUPERB Kombi 3V5,KODIAQ NS7,SUPERB 3V3; SEAT: IBIZA IV 6L1,LEON 1P1,IBIZA V 6J5, 6P5,ALTEA 5P1,LEON 5F1,ALTEA XL 5P5, 5P8,LEON ST 5F8,IBIZA V ST 6J8, 6P8,ALHAMBRA 710, 711,IBIZA II 6K1,Mii KF1_,IBIZA V SPORTCOUPE 6J1, 6P1,CORDOBA 6K1, 6K2,CORDOBA 6L2,TOLEDO III 5P2,INCA 6K9,TOLEDO IV KG3,ATECA KH7,IBIZA V KJ1; 036919081A, 036919081B, 036919081C, 036919081D, 06A919081C, 036919081A, 036919081B, 036919081C, 036919081D, 06A919081C, 036919081A, 036919081B, 036919081C, 036919081D, 06A919081C, 036919081A, 036919081B, 036919081C, 036919081D, 06A919081C; \u00d6ljynpainekytkin<\/p>\n","protected":false},"excerpt":{"rendered":"<p>TOPRAN \u00d6ljynpaineanturi 108 891 \u00d6ljynpainekytkin VW,AUDI,SKODA,GOLF IV 1J1,GOLF V 1K1,POLO 9N_,TOURAN 1T1, 1T2,GOLF VI 5K1,PASSAT Variant 3C5<\/p>\n","protected":false},"featured_media":0,"template":"","meta":{"site-sidebar-layout":"default","site-content-layout":"default","ast-global-header-display":"","ast-main-header-display":"","ast-hfb-above-header-display":"","ast-hfb-below-header-display":"","ast-hfb-mobile-header-display":"","site-post-title":"","ast-breadcrumbs-content":"","ast-featured-img":"","footer-sml-layout":"","theme-transparent-header-meta":"","adv-header-id-meta":"","stick-header-meta":"","header-above-stick-meta":"","header-main-stick-meta":"","header-below-stick-meta":""},"pwb-brand":[18],"product_cat":[235],"product_tag":[],"class_list":{"0":"post-64382","1":"product","2":"type-product","3":"status-publish","5":"pwb-brand-topran","6":"product_cat-oljynpaineanturi","7":"desktop-align-left","8":"tablet-align-left","9":"mobile-align-left","11":"first","12":"instock","13":"product-type-external"},"brands":[{"id":18,"name":"TOPRAN","slug":"topran"}],"_links":{"self":[{"href":"https:\/\/www.autonvaraosahaku.fi\/index.php?rest_route=\/wp\/v2\/product\/64382","targetHints":{"allow":["GET"]}}],"collection":[{"href":"https:\/\/www.autonvaraosahaku.fi\/index.php?rest_route=\/wp\/v2\/product"}],"about":[{"href":"https:\/\/www.autonvaraosahaku.fi\/index.php?rest_route=\/wp\/v2\/types\/product"}],"wp:attachment":[{"href":"https:\/\/www.autonvaraosahaku.fi\/index.php?rest_route=%2Fwp%2Fv2%2Fmedia&parent=64382"}],"wp:term":[{"taxonomy":"pwb-brand","embeddable":true,"href":"https:\/\/www.autonvaraosahaku.fi\/index.php?rest_route=%2Fwp%2Fv2%2Fpwb-brand&post=64382"},{"taxonomy":"product_cat","embeddable":true,"href":"https:\/\/www.autonvaraosahaku.fi\/index.php?rest_route=%2Fwp%2Fv2%2Fproduct_cat&post=64382"},{"taxonomy":"product_tag","embeddable":true,"href":"https:\/\/www.autonvaraosahaku.fi\/index.php?rest_route=%2Fwp%2Fv2%2Fproduct_tag&post=64382"}],"curies":[{"name":"wp","href":"https:\/\/api.w.org\/{rel}","templated":true}]}}