{"id":64481,"date":"2021-02-21T18:39:28","date_gmt":"2021-02-21T18:39:28","guid":{"rendered":"https:\/\/www.autonvaraosahaku.fi\/?product=van-wezel-74005052-ilmastoinnin-lauhdutin"},"modified":"2021-02-21T18:39:32","modified_gmt":"2021-02-21T18:39:32","slug":"van-wezel-74005052-ilmastoinnin-lauhdutin","status":"publish","type":"product","link":"https:\/\/www.autonvaraosahaku.fi\/?product=van-wezel-74005052-ilmastoinnin-lauhdutin","title":{"rendered":"VAN WEZEL 74005052 Ilmastoinnin lauhdutin"},"content":{"rendered":"<p>Asennuspuoli: Eteen, vasen, Eteen, oikea; Korvaava tuote\/korvaava tiedote 2: ilman vedenerotinta, Liit\u00e4nt\u00e4 vasen, Liit\u00e4nt\u00e4 oikealla; J\u00e4hdytysripamateriaali: Alumiini; Verkon pituus [mm]: 330; Verkon leveys [mm]: 273; Verkon syvyys [mm]: 16; Huomioi tekniset tiedot: ; PORSCHE: BOXSTER 986,911 996,911 997,BOXSTER 987,911 Cabriolet 996,CAYMAN 987,911 Cabriolet 997,911 Targa 996,911 Targa 997; 99657311102, 99657311103, 99757391102; Lauhdutin, Ilmastointilaite<\/p>\n","protected":false},"excerpt":{"rendered":"<p>VAN WEZEL Ilmastoinnin Lauhdutin 74005052 Lauhdutin, Ilmastointilaite PORSCHE,BOXSTER 986,911 996,911 997,BOXSTER 987,911 Cabriolet 996,CAYMAN 987<\/p>\n","protected":false},"featured_media":0,"template":"","meta":{"site-sidebar-layout":"default","site-content-layout":"default","ast-global-header-display":"","ast-main-header-display":"","ast-hfb-above-header-display":"","ast-hfb-below-header-display":"","ast-hfb-mobile-header-display":"","site-post-title":"","ast-breadcrumbs-content":"","ast-featured-img":"","footer-sml-layout":"","theme-transparent-header-meta":"","adv-header-id-meta":"","stick-header-meta":"","header-above-stick-meta":"","header-main-stick-meta":"","header-below-stick-meta":""},"pwb-brand":[54],"product_cat":[453],"product_tag":[],"class_list":{"0":"post-64481","1":"product","2":"type-product","3":"status-publish","5":"pwb-brand-van-wezel","6":"product_cat-ilmastoinnin-lauhdutin","7":"desktop-align-left","8":"tablet-align-left","9":"mobile-align-left","11":"first","12":"instock","13":"product-type-external"},"brands":[{"id":54,"name":"VAN WEZEL","slug":"van-wezel"}],"_links":{"self":[{"href":"https:\/\/www.autonvaraosahaku.fi\/index.php?rest_route=\/wp\/v2\/product\/64481","targetHints":{"allow":["GET"]}}],"collection":[{"href":"https:\/\/www.autonvaraosahaku.fi\/index.php?rest_route=\/wp\/v2\/product"}],"about":[{"href":"https:\/\/www.autonvaraosahaku.fi\/index.php?rest_route=\/wp\/v2\/types\/product"}],"wp:attachment":[{"href":"https:\/\/www.autonvaraosahaku.fi\/index.php?rest_route=%2Fwp%2Fv2%2Fmedia&parent=64481"}],"wp:term":[{"taxonomy":"pwb-brand","embeddable":true,"href":"https:\/\/www.autonvaraosahaku.fi\/index.php?rest_route=%2Fwp%2Fv2%2Fpwb-brand&post=64481"},{"taxonomy":"product_cat","embeddable":true,"href":"https:\/\/www.autonvaraosahaku.fi\/index.php?rest_route=%2Fwp%2Fv2%2Fproduct_cat&post=64481"},{"taxonomy":"product_tag","embeddable":true,"href":"https:\/\/www.autonvaraosahaku.fi\/index.php?rest_route=%2Fwp%2Fv2%2Fproduct_tag&post=64481"}],"curies":[{"name":"wp","href":"https:\/\/api.w.org\/{rel}","templated":true}]}}