{"id":64651,"date":"2021-02-21T18:40:12","date_gmt":"2021-02-21T18:40:12","guid":{"rendered":"https:\/\/www.autonvaraosahaku.fi\/?product=magneti-marelli-360319030016-kytkimen-tyosylinteri"},"modified":"2021-02-21T18:40:14","modified_gmt":"2021-02-21T18:40:14","slug":"magneti-marelli-360319030016-kytkimen-tyosylinteri","status":"publish","type":"product","link":"https:\/\/www.autonvaraosahaku.fi\/?product=magneti-marelli-360319030016-kytkimen-tyosylinteri","title":{"rendered":"MAGNETI MARELLI 360319030016 Kytkimen ty\u00f6sylinteri"},"content":{"rendered":"<p>L\u00e4pimitta [mm]: 25,4; Jarruj\u00e4rjestelm\u00e4: BENDIX; LANCIA: LYBRA SW 839BX,DELTA I 831AB0,KAPPA 838A,LYBRA 839AX,THEMA 834,DELTA II 836,KAPPA SW 838B,KAPPA Coupe 838,DEDRA 835,Y10 156,DEDRA SW 835,THEMA SW 834; ALFA ROMEO: 156 Sportwagon 932,156 932,GT 937,SPIDER 916S_,166 936,GTV 916C_,164 164,145 930,155 167,146 930; FIAT: COUPE FA\/175,BRAVO I 182,BRAVA 182,MAREA Weekend 185,UNO 146A\/E,TIPO 160,CROMA 154,MAREA 185,TEMPRA 159,TEMPRA S.W. 159; 46421940, 46531636, 60502666, 60801577, 60812081, 60812266, 46421937, 46531635, 46531636, 60502666, 60801577, 60812081, 60812359, 60814217, 60815246, 82409600, 46531636, 60812081, 60815246, 82409600; Ty\u00f6sylinteri, Kytkin<\/p>\n","protected":false},"excerpt":{"rendered":"<p>MAGNETI MARELLI Kytkimen Ty\u00f6sylinteri 360319030016 Ty\u00f6sylinteri, Kytkin LANCIA,ALFA ROMEO,FIAT,LYBRA SW 839BX,DELTA I 831AB0,KAPPA 838A,LYBRA 839AX<\/p>\n","protected":false},"featured_media":0,"template":"","meta":{"site-sidebar-layout":"default","site-content-layout":"default","ast-global-header-display":"","ast-main-header-display":"","ast-hfb-above-header-display":"","ast-hfb-below-header-display":"","ast-hfb-mobile-header-display":"","site-post-title":"","ast-breadcrumbs-content":"","ast-featured-img":"","footer-sml-layout":"","theme-transparent-header-meta":"","adv-header-id-meta":"","stick-header-meta":"","header-above-stick-meta":"","header-main-stick-meta":"","header-below-stick-meta":""},"pwb-brand":[34],"product_cat":[310],"product_tag":[],"class_list":{"0":"post-64651","1":"product","2":"type-product","3":"status-publish","5":"pwb-brand-magneti-marelli","6":"product_cat-kytkimen-tyosylinteri","7":"desktop-align-left","8":"tablet-align-left","9":"mobile-align-left","11":"first","12":"instock","13":"product-type-external"},"brands":[{"id":34,"name":"MAGNETI MARELLI","slug":"magneti-marelli"}],"_links":{"self":[{"href":"https:\/\/www.autonvaraosahaku.fi\/index.php?rest_route=\/wp\/v2\/product\/64651","targetHints":{"allow":["GET"]}}],"collection":[{"href":"https:\/\/www.autonvaraosahaku.fi\/index.php?rest_route=\/wp\/v2\/product"}],"about":[{"href":"https:\/\/www.autonvaraosahaku.fi\/index.php?rest_route=\/wp\/v2\/types\/product"}],"wp:attachment":[{"href":"https:\/\/www.autonvaraosahaku.fi\/index.php?rest_route=%2Fwp%2Fv2%2Fmedia&parent=64651"}],"wp:term":[{"taxonomy":"pwb-brand","embeddable":true,"href":"https:\/\/www.autonvaraosahaku.fi\/index.php?rest_route=%2Fwp%2Fv2%2Fpwb-brand&post=64651"},{"taxonomy":"product_cat","embeddable":true,"href":"https:\/\/www.autonvaraosahaku.fi\/index.php?rest_route=%2Fwp%2Fv2%2Fproduct_cat&post=64651"},{"taxonomy":"product_tag","embeddable":true,"href":"https:\/\/www.autonvaraosahaku.fi\/index.php?rest_route=%2Fwp%2Fv2%2Fproduct_tag&post=64651"}],"curies":[{"name":"wp","href":"https:\/\/api.w.org\/{rel}","templated":true}]}}