{"id":64697,"date":"2021-02-21T18:40:23","date_gmt":"2021-02-21T18:40:23","guid":{"rendered":"https:\/\/www.autonvaraosahaku.fi\/?product=hella-2ba-002-939-171-vilkku"},"modified":"2021-02-21T18:40:26","modified_gmt":"2021-02-21T18:40:26","slug":"hella-2ba-002-939-171-vilkku","status":"publish","type":"product","link":"https:\/\/www.autonvaraosahaku.fi\/?product=hella-2ba-002-939-171-vilkku","title":{"rendered":"HELLA 2BA 002 939-171 Vilkku"},"content":{"rendered":"<p>Asennuspuoli: Vasen, Oikea; Asennusmalli: Pinta-asennus; Lis\u00e4tarvike\/lis\u00e4tieto: Lampun kannalla, Ilman polttimoa; Lyhdyn muoto: Hehkulankatekniikka; Tarkistuskilpi: E1 32710, E1 42788, ECE; Nimellisj\u00e4nnite (V): 12; Lyhtytoimintojen m\u00e4\u00e4r\u00e4: 1; Lamppumalli: P21W; Valotoiminto: vilkkuvalolla; Lasin v\u00e4ri: Keltainen; Valmistusvuosi alkaen: 01\/1981; VW: GOLF II 19E, 1G1,GOLF I Cabriolet 155,POLO 86C, 80,POLO Coupe 86C, 80,GOLF I 17,CADDY I 14,JETTA II 19E, 1G2, 165,POLO CLASSIC 86C, 80,POLO 86,DERBY 86C, 80,PASSAT 32,DERBY 86,PASSAT Variant 33,GOLF II Van 19E, 1G1; 171953055D, 1359970, 150300301, 171953055, 171953055D; Vilkkuvalo,Suuntavilkku<\/p>\n","protected":false},"excerpt":{"rendered":"<p>HELLA Vilkku 2BA 002 939-171 Vilkkuvalo,Suuntavilkku VW,GOLF II 19E, 1G1,GOLF I Cabriolet 155,POLO 86C, 80,POLO Coupe 86C, 80,GOLF I 17,CADDY I 14<\/p>\n","protected":false},"featured_media":0,"template":"","meta":{"site-sidebar-layout":"default","site-content-layout":"default","ast-global-header-display":"","ast-main-header-display":"","ast-hfb-above-header-display":"","ast-hfb-below-header-display":"","ast-hfb-mobile-header-display":"","site-post-title":"","ast-breadcrumbs-content":"","ast-featured-img":"","footer-sml-layout":"","theme-transparent-header-meta":"","adv-header-id-meta":"","stick-header-meta":"","header-above-stick-meta":"","header-main-stick-meta":"","header-below-stick-meta":""},"pwb-brand":[24],"product_cat":[149],"product_tag":[],"class_list":{"0":"post-64697","1":"product","2":"type-product","3":"status-publish","5":"pwb-brand-hella","6":"product_cat-vilkku","7":"desktop-align-left","8":"tablet-align-left","9":"mobile-align-left","11":"first","12":"instock","13":"product-type-external"},"brands":[{"id":24,"name":"HELLA","slug":"hella"}],"_links":{"self":[{"href":"https:\/\/www.autonvaraosahaku.fi\/index.php?rest_route=\/wp\/v2\/product\/64697","targetHints":{"allow":["GET"]}}],"collection":[{"href":"https:\/\/www.autonvaraosahaku.fi\/index.php?rest_route=\/wp\/v2\/product"}],"about":[{"href":"https:\/\/www.autonvaraosahaku.fi\/index.php?rest_route=\/wp\/v2\/types\/product"}],"wp:attachment":[{"href":"https:\/\/www.autonvaraosahaku.fi\/index.php?rest_route=%2Fwp%2Fv2%2Fmedia&parent=64697"}],"wp:term":[{"taxonomy":"pwb-brand","embeddable":true,"href":"https:\/\/www.autonvaraosahaku.fi\/index.php?rest_route=%2Fwp%2Fv2%2Fpwb-brand&post=64697"},{"taxonomy":"product_cat","embeddable":true,"href":"https:\/\/www.autonvaraosahaku.fi\/index.php?rest_route=%2Fwp%2Fv2%2Fproduct_cat&post=64697"},{"taxonomy":"product_tag","embeddable":true,"href":"https:\/\/www.autonvaraosahaku.fi\/index.php?rest_route=%2Fwp%2Fv2%2Fproduct_tag&post=64697"}],"curies":[{"name":"wp","href":"https:\/\/api.w.org\/{rel}","templated":true}]}}