{"id":64812,"date":"2021-02-21T18:40:55","date_gmt":"2021-02-21T18:40:55","guid":{"rendered":"https:\/\/www.autonvaraosahaku.fi\/?product=aks-dasis-058010n-tuulettimen-kytkin"},"modified":"2021-02-21T18:40:57","modified_gmt":"2021-02-21T18:40:57","slug":"aks-dasis-058010n-tuulettimen-kytkin","status":"publish","type":"product","link":"https:\/\/www.autonvaraosahaku.fi\/?product=aks-dasis-058010n-tuulettimen-kytkin","title":{"rendered":"AKS DASIS 058010N Tuulettimen kytkin"},"content":{"rendered":"<p>L\u00e4pimitta [mm]: 136,5; Paino [kg]: 0,671; K\u00e4ytt\u00f6: Hydraulinen; Avainv\u00e4li: 32; Paino [g]: 671; Uusi osa: ; Pakkauspituus [cm]: 14,5; Pakkausleveys [cm]: 14,5; Pakkauskorkeus [mm]: 7,5; Kiinnitysmalli: 4-Punkt Befestigung; BMW: 5 E39,5 Touring E39,3 Compact E36,3 E36,3 E30,3 Coupe E36,Z3 E36,5 E34,3 Cabriolet E30,3 Cabriolet E36,3 Touring E36,5 Touring E34,5 E28,6 E24,3 E21,3 Touring E30,7 E23,5 E12,Z1; 11521287829, 11521289120, 11521706619, 11521719042, 11521719043, 11521719266, 11521723020, 11521723027, 11521723918, 11521723919, 11521723920, 11521740962, 11529055969, 1271416, 1287829, 1289120, 1706619, 1719042, 1719043, 1719266, 1723020, 1723026, 1723027, 1723917, 1723918, 1723919, 1723920, 1723921, 1740962, 9055969; Kytkin, J\u00e4\u00e4hdytystuuletin<\/p>\n","protected":false},"excerpt":{"rendered":"<p>AKS DASIS Viskokytkin 058010N Kytkin, J\u00e4\u00e4hdytystuuletin BMW,5 E39,5 Touring E39,3 Compact E36,3 E36,3 E30,3 Coupe E36,Z3 E36,5 E34,3 Cabriolet E30<\/p>\n","protected":false},"featured_media":0,"template":"","meta":{"site-sidebar-layout":"default","site-content-layout":"default","ast-global-header-display":"","ast-main-header-display":"","ast-hfb-above-header-display":"","ast-hfb-below-header-display":"","ast-hfb-mobile-header-display":"","site-post-title":"","ast-breadcrumbs-content":"","ast-featured-img":"","footer-sml-layout":"","theme-transparent-header-meta":"","adv-header-id-meta":"","stick-header-meta":"","header-above-stick-meta":"","header-main-stick-meta":"","header-below-stick-meta":""},"pwb-brand":[461],"product_cat":[256],"product_tag":[],"class_list":{"0":"post-64812","1":"product","2":"type-product","3":"status-publish","5":"pwb-brand-aks-dasis","6":"product_cat-tuulettimen-kytkin","7":"desktop-align-left","8":"tablet-align-left","9":"mobile-align-left","11":"first","12":"instock","13":"product-type-external"},"brands":[{"id":461,"name":"AKS DASIS","slug":"aks-dasis"}],"_links":{"self":[{"href":"https:\/\/www.autonvaraosahaku.fi\/index.php?rest_route=\/wp\/v2\/product\/64812","targetHints":{"allow":["GET"]}}],"collection":[{"href":"https:\/\/www.autonvaraosahaku.fi\/index.php?rest_route=\/wp\/v2\/product"}],"about":[{"href":"https:\/\/www.autonvaraosahaku.fi\/index.php?rest_route=\/wp\/v2\/types\/product"}],"wp:attachment":[{"href":"https:\/\/www.autonvaraosahaku.fi\/index.php?rest_route=%2Fwp%2Fv2%2Fmedia&parent=64812"}],"wp:term":[{"taxonomy":"pwb-brand","embeddable":true,"href":"https:\/\/www.autonvaraosahaku.fi\/index.php?rest_route=%2Fwp%2Fv2%2Fpwb-brand&post=64812"},{"taxonomy":"product_cat","embeddable":true,"href":"https:\/\/www.autonvaraosahaku.fi\/index.php?rest_route=%2Fwp%2Fv2%2Fproduct_cat&post=64812"},{"taxonomy":"product_tag","embeddable":true,"href":"https:\/\/www.autonvaraosahaku.fi\/index.php?rest_route=%2Fwp%2Fv2%2Fproduct_tag&post=64812"}],"curies":[{"name":"wp","href":"https:\/\/api.w.org\/{rel}","templated":true}]}}