{"id":64950,"date":"2021-02-21T18:41:36","date_gmt":"2021-02-21T18:41:36","guid":{"rendered":"https:\/\/www.autonvaraosahaku.fi\/?product=metzger-s-1s002-nopeusmittarin-vaijeri"},"modified":"2021-02-21T18:41:38","modified_gmt":"2021-02-21T18:41:38","slug":"metzger-s-1s002-nopeusmittarin-vaijeri","status":"publish","type":"product","link":"https:\/\/www.autonvaraosahaku.fi\/?product=metzger-s-1s002-nopeusmittarin-vaijeri","title":{"rendered":"METZGER S 1S002 Nopeusmittarin vaijeri"},"content":{"rendered":"<p>Pituus 1 (mm): 2250; Valmistaja rajaus: USA Modelle; Pistokemalli: Py\u00f6r\u00f6pistike; lis\u00e4tieto: CST85; SUZUKI: SAMURAI SJ,SJ 413,SJ 410 Cabrio,SJ 410; 3491080031, 3491080C30, 3491080C31<\/p>\n","protected":false},"excerpt":{"rendered":"<p>METZGER Nopeusmittarin Vaijeri S 1S002  SUZUKI,SAMURAI SJ,SJ 413,SJ 410 Cabrio,SJ 410<\/p>\n","protected":false},"featured_media":0,"template":"","meta":{"site-sidebar-layout":"default","site-content-layout":"default","ast-global-header-display":"","ast-main-header-display":"","ast-hfb-above-header-display":"","ast-hfb-below-header-display":"","ast-hfb-mobile-header-display":"","site-post-title":"","ast-breadcrumbs-content":"","ast-featured-img":"","footer-sml-layout":"","theme-transparent-header-meta":"","adv-header-id-meta":"","stick-header-meta":"","header-above-stick-meta":"","header-main-stick-meta":"","header-below-stick-meta":""},"pwb-brand":[69],"product_cat":[322],"product_tag":[],"class_list":{"0":"post-64950","1":"product","2":"type-product","3":"status-publish","5":"pwb-brand-metzger","6":"product_cat-nopeusmittarin-vaijeri","7":"desktop-align-left","8":"tablet-align-left","9":"mobile-align-left","11":"first","12":"instock","13":"product-type-external"},"brands":[{"id":69,"name":"METZGER","slug":"metzger"}],"_links":{"self":[{"href":"https:\/\/www.autonvaraosahaku.fi\/index.php?rest_route=\/wp\/v2\/product\/64950","targetHints":{"allow":["GET"]}}],"collection":[{"href":"https:\/\/www.autonvaraosahaku.fi\/index.php?rest_route=\/wp\/v2\/product"}],"about":[{"href":"https:\/\/www.autonvaraosahaku.fi\/index.php?rest_route=\/wp\/v2\/types\/product"}],"wp:attachment":[{"href":"https:\/\/www.autonvaraosahaku.fi\/index.php?rest_route=%2Fwp%2Fv2%2Fmedia&parent=64950"}],"wp:term":[{"taxonomy":"pwb-brand","embeddable":true,"href":"https:\/\/www.autonvaraosahaku.fi\/index.php?rest_route=%2Fwp%2Fv2%2Fpwb-brand&post=64950"},{"taxonomy":"product_cat","embeddable":true,"href":"https:\/\/www.autonvaraosahaku.fi\/index.php?rest_route=%2Fwp%2Fv2%2Fproduct_cat&post=64950"},{"taxonomy":"product_tag","embeddable":true,"href":"https:\/\/www.autonvaraosahaku.fi\/index.php?rest_route=%2Fwp%2Fv2%2Fproduct_tag&post=64950"}],"curies":[{"name":"wp","href":"https:\/\/api.w.org\/{rel}","templated":true}]}}