{"id":65011,"date":"2021-02-21T18:41:51","date_gmt":"2021-02-21T18:41:51","guid":{"rendered":"https:\/\/www.autonvaraosahaku.fi\/?product=topran-820-466-peruutusvalon-kytkin"},"modified":"2021-02-21T18:41:54","modified_gmt":"2021-02-21T18:41:54","slug":"topran-820-466-peruutusvalon-kytkin","status":"publish","type":"product","link":"https:\/\/www.autonvaraosahaku.fi\/?product=topran-820-466-peruutusvalon-kytkin","title":{"rendered":"TOPRAN 820 466 Peruutusvalon kytkin"},"content":{"rendered":"<p>Pistokkeen kotelon muoto: suorakulmainen (rectangular); Kierremitta: M 14; Napojen m\u00e4\u00e4r\u00e4: 2; Kierrenousu (mm): 2; Asennusmalli: Ruuviliit\u00e4nn\u00e4ll\u00e4; Valmistusp\u00e4iv\u00e4m\u00e4\u00e4r\u00e4st\u00e4: 08.11.2001; KIA: SORENTO I JC,SPORTAGE SL,CEE&#8217;D SW ED,CEE&#8217;D Schr\u00e4gheck ED,SPORTAGE JE_, KM_,VENGA YN,SORENTO II XM,RIO III UB,RIO II JB,CEE&#8217;D JD,CARENS III UN,CARNIVAL II GQ,CARNIVAL \/ GRAND CARNIVAL III VQ,PICANTO TA,CEE`D Sportswagon JD,PRO CEE&#8217;D ED,CARENS IV,SOUL AM,MAGENTIS MG,PRO CEE\u00b4D JD,RIO II Stufenheck JB,OPTIMA,RIO III Stufenheck UB,SPORTAGE QL,K2500 SD,SORENTO III,SOUL II PS,K2900; HYUNDAI: ix35 LM, EL, ELH,i30 FD,i10 PA,i20 PB, PBT,TUCSON JM,i30 CW FD,i40 CW VF,SANTA F\u00c9 II CM,i30 GD,ix20 JC,i30 CW GD,SONATA V NF,SANTA F\u00c9 III DM,i40 VF,H-1 Kasten,H-1 \/ STAREX,ACCENT III Stufenheck MC,i10 IA,ELANTRA Stufenheck MD, UD,ACCENT IV RB,i20 GB,SONATA VI YF,ELANTRA Stufenheck HD,ACCENT IV Stufenheck RB,PORTER Pritsche\/Fahrgestell; 9386049600, 9386049600; Peruutusvalokytkin,Kytkin, Peruutusvalo<\/p>\n","protected":false},"excerpt":{"rendered":"<p>TOPRAN Peruutusvalon Kytkin 820 466 Peruutusvalokytkin,Kytkin, Peruutusvalo KIA,HYUNDAI,SORENTO I JC,SPORTAGE SL,CEE&#8217;D SW ED,CEE&#8217;D Schr\u00e4gheck ED<\/p>\n","protected":false},"featured_media":0,"template":"","meta":{"site-sidebar-layout":"default","site-content-layout":"default","ast-global-header-display":"","ast-main-header-display":"","ast-hfb-above-header-display":"","ast-hfb-below-header-display":"","ast-hfb-mobile-header-display":"","site-post-title":"","ast-breadcrumbs-content":"","ast-featured-img":"","footer-sml-layout":"","theme-transparent-header-meta":"","adv-header-id-meta":"","stick-header-meta":"","header-above-stick-meta":"","header-main-stick-meta":"","header-below-stick-meta":""},"pwb-brand":[18],"product_cat":[116],"product_tag":[],"class_list":{"0":"post-65011","1":"product","2":"type-product","3":"status-publish","5":"pwb-brand-topran","6":"product_cat-peruutusvalon-kytkin","7":"desktop-align-left","8":"tablet-align-left","9":"mobile-align-left","11":"first","12":"instock","13":"product-type-external"},"brands":[{"id":18,"name":"TOPRAN","slug":"topran"}],"_links":{"self":[{"href":"https:\/\/www.autonvaraosahaku.fi\/index.php?rest_route=\/wp\/v2\/product\/65011","targetHints":{"allow":["GET"]}}],"collection":[{"href":"https:\/\/www.autonvaraosahaku.fi\/index.php?rest_route=\/wp\/v2\/product"}],"about":[{"href":"https:\/\/www.autonvaraosahaku.fi\/index.php?rest_route=\/wp\/v2\/types\/product"}],"wp:attachment":[{"href":"https:\/\/www.autonvaraosahaku.fi\/index.php?rest_route=%2Fwp%2Fv2%2Fmedia&parent=65011"}],"wp:term":[{"taxonomy":"pwb-brand","embeddable":true,"href":"https:\/\/www.autonvaraosahaku.fi\/index.php?rest_route=%2Fwp%2Fv2%2Fpwb-brand&post=65011"},{"taxonomy":"product_cat","embeddable":true,"href":"https:\/\/www.autonvaraosahaku.fi\/index.php?rest_route=%2Fwp%2Fv2%2Fproduct_cat&post=65011"},{"taxonomy":"product_tag","embeddable":true,"href":"https:\/\/www.autonvaraosahaku.fi\/index.php?rest_route=%2Fwp%2Fv2%2Fproduct_tag&post=65011"}],"curies":[{"name":"wp","href":"https:\/\/api.w.org\/{rel}","templated":true}]}}