{"id":65014,"date":"2021-02-21T18:41:51","date_gmt":"2021-02-21T18:41:51","guid":{"rendered":"https:\/\/www.autonvaraosahaku.fi\/?product=vaico-v10-2595-huohotin"},"modified":"2021-02-21T18:41:55","modified_gmt":"2021-02-21T18:41:55","slug":"vaico-v10-2595-huohotin","status":"publish","type":"product","link":"https:\/\/www.autonvaraosahaku.fi\/?product=vaico-v10-2595-huohotin","title":{"rendered":"VAICO V10-2595 Huohotin"},"content":{"rendered":"<p>Pituus (mm): 215; K\u00e4ytt\u00f6: paineohjattu; Huomioi tekniset tiedot: ; Lis\u00e4tarvike\/lis\u00e4tieto: Tiivisteill\u00e4; Huomioi ajoneuvovalmistajan vaatimukset: ; Venttiilimalli: Kalvonventtiili, Ilmanpoistoventtiili; Suositeltu vaihtov\u00e4li [km]: 60000; Moottorinumerolle: CBFA, CCTA; Kotelomateriaali: Polyamidi 6.6; Materiaali tiiviste: FPM (fluori-kumi)\/APM (polyakryyli-kumi); OE-numerolle: 06A 103 495 AC; Asennuspuoli: Sylinterikansi; Leveys (mm): 200; Huomioi huolto-ohjeet: ; Korkeus (mm): 90; Suositeltu vaihtov\u00e4li [vuotta]: 3; Suositellun tarvikkeen tuotenumero: V10-3879, V10-3880, V10-3881; Paino [kg]: 0,5541; Pakkausleveys [cm]: 16,2; Pakkauskorkeus [mm]: 18,2; Pakkaussyvyys [cm]: 18,7; lis\u00e4tieto: CST98; TECDOC-moottorinumero: 24754; VW: GOLF V 1K1,GOLF VI 5K1,PASSAT Variant 3C5,PASSAT 3C2,TIGUAN 5N_,PASSAT Variant 365,GOLF VI Variant AJ5,GOLF V Variant 1K5,EOS 1F7, 1F8,SCIROCCO 137, 138,PASSAT CC 357,JETTA III 1K2,PASSAT 362,AMAROK 2H_, S1B,CC 358,BEETLE 5C1,JETTA IV 162, 163,BEETLE Cabriolet 5C7; AUDI: A4 Avant 8K5, B8,A3 8P1,A3 Sportback 8PA,A4 8K2, B8,Q5 8R,A5 8T3,A5 Sportback 8TA,TT 8J3,A4 Allroad 8KH, B8,A5 Cabriolet 8F7,TT Roadster 8J9,A3 Cabriolet 8P7; SKODA: OCTAVIA Combi 1Z5,YETI 5L,SUPERB Kombi 3T5,OCTAVIA 1Z3,SUPERB 3T4; SEAT: LEON 1P1,ALTEA 5P1,ALTEA XL 5P5, 5P8,EXEO ST 3R5,EXEO 3R2,TOLEDO III 5P2; 06H103495A, 06H103495AC, 06H103495AH, 06H103495E, 06H103495A, 06H103495AC, 06H103495AH, 06H103495E, 6H103495A, 6H103495AC, 6H103495AH, 6H103495E, 06H103495A, 06H103495AC, 06H103495AH, 06H103495E, 6H103495A, 6H103495AC, 6H103495AH, 6H103495E, 06H103495A, 06H103495AC, 06H103495AH, 06H103495E<\/p>\n","protected":false},"excerpt":{"rendered":"<p>VAICO \u00d6ljynerotin, Kampikammiotuuletus V10-2595  VW,AUDI,SKODA,GOLF V 1K1,GOLF VI 5K1,PASSAT Variant 3C5,PASSAT 3C2,TIGUAN 5N_,PASSAT Variant 365<\/p>\n","protected":false},"featured_media":0,"template":"","meta":{"site-sidebar-layout":"default","site-content-layout":"default","ast-global-header-display":"","ast-main-header-display":"","ast-hfb-above-header-display":"","ast-hfb-below-header-display":"","ast-hfb-mobile-header-display":"","site-post-title":"","ast-breadcrumbs-content":"","ast-featured-img":"","footer-sml-layout":"","theme-transparent-header-meta":"","adv-header-id-meta":"","stick-header-meta":"","header-above-stick-meta":"","header-main-stick-meta":"","header-below-stick-meta":""},"pwb-brand":[330],"product_cat":[125],"product_tag":[],"class_list":{"0":"post-65014","1":"product","2":"type-product","3":"status-publish","5":"pwb-brand-vaico","6":"product_cat-huohotin","7":"desktop-align-left","8":"tablet-align-left","9":"mobile-align-left","11":"first","12":"instock","13":"product-type-external"},"brands":[{"id":330,"name":"VAICO","slug":"vaico"}],"_links":{"self":[{"href":"https:\/\/www.autonvaraosahaku.fi\/index.php?rest_route=\/wp\/v2\/product\/65014","targetHints":{"allow":["GET"]}}],"collection":[{"href":"https:\/\/www.autonvaraosahaku.fi\/index.php?rest_route=\/wp\/v2\/product"}],"about":[{"href":"https:\/\/www.autonvaraosahaku.fi\/index.php?rest_route=\/wp\/v2\/types\/product"}],"wp:attachment":[{"href":"https:\/\/www.autonvaraosahaku.fi\/index.php?rest_route=%2Fwp%2Fv2%2Fmedia&parent=65014"}],"wp:term":[{"taxonomy":"pwb-brand","embeddable":true,"href":"https:\/\/www.autonvaraosahaku.fi\/index.php?rest_route=%2Fwp%2Fv2%2Fpwb-brand&post=65014"},{"taxonomy":"product_cat","embeddable":true,"href":"https:\/\/www.autonvaraosahaku.fi\/index.php?rest_route=%2Fwp%2Fv2%2Fproduct_cat&post=65014"},{"taxonomy":"product_tag","embeddable":true,"href":"https:\/\/www.autonvaraosahaku.fi\/index.php?rest_route=%2Fwp%2Fv2%2Fproduct_tag&post=65014"}],"curies":[{"name":"wp","href":"https:\/\/api.w.org\/{rel}","templated":true}]}}