{"id":65080,"date":"2021-02-21T18:42:09","date_gmt":"2021-02-21T18:42:09","guid":{"rendered":"https:\/\/www.autonvaraosahaku.fi\/?product=vemo-v30-73-0151-lasinnostimen-kytkin"},"modified":"2021-02-21T18:42:13","modified_gmt":"2021-02-21T18:42:13","slug":"vemo-v30-73-0151-lasinnostimen-kytkin","status":"publish","type":"product","link":"https:\/\/www.autonvaraosahaku.fi\/?product=vemo-v30-73-0151-lasinnostimen-kytkin","title":{"rendered":"VEMO V30-73-0151 Lasinnostimen kytkin"},"content":{"rendered":"<p>Asennuspuoli: Edess\u00e4, Etu, vasen; Pituus (mm): 55; Leveys (mm): 45; Korkeus (mm): 185; Paino [kg]: 0,099; Napojen m\u00e4\u00e4r\u00e4: 7; Pakkausleveys [cm]: 20,6; Pakkauskorkeus [mm]: 6,5; Pakkaussyvyys [cm]: 6,8; lis\u00e4tieto: Original VEMO Quality; ei SA koodille: F64, F65; MERCEDES-BENZ: VIANO W639,VITO Bus W639,VITO \/ MIXTO Kasten W639; 6395450113, 6395450913, A6395450113, A6395450913; Kytkin, Lasinnostin<\/p>\n","protected":false},"excerpt":{"rendered":"<p>VEMO Lasinnostimen Kytkin V30-73-0151 Kytkin, Lasinnostin MERCEDES-BENZ,VIANO W639,VITO Bus W639,VITO \/ MIXTO Kasten W639<\/p>\n","protected":false},"featured_media":0,"template":"","meta":{"site-sidebar-layout":"default","site-content-layout":"default","ast-global-header-display":"","ast-main-header-display":"","ast-hfb-above-header-display":"","ast-hfb-below-header-display":"","ast-hfb-mobile-header-display":"","site-post-title":"","ast-breadcrumbs-content":"","ast-featured-img":"","footer-sml-layout":"","theme-transparent-header-meta":"","adv-header-id-meta":"","stick-header-meta":"","header-above-stick-meta":"","header-main-stick-meta":"","header-below-stick-meta":""},"pwb-brand":[168],"product_cat":[135],"product_tag":[],"class_list":{"0":"post-65080","1":"product","2":"type-product","3":"status-publish","5":"pwb-brand-vemo","6":"product_cat-lasinnostimen-kytkin","7":"desktop-align-left","8":"tablet-align-left","9":"mobile-align-left","11":"first","12":"instock","13":"product-type-external"},"brands":[{"id":168,"name":"VEMO","slug":"vemo"}],"_links":{"self":[{"href":"https:\/\/www.autonvaraosahaku.fi\/index.php?rest_route=\/wp\/v2\/product\/65080","targetHints":{"allow":["GET"]}}],"collection":[{"href":"https:\/\/www.autonvaraosahaku.fi\/index.php?rest_route=\/wp\/v2\/product"}],"about":[{"href":"https:\/\/www.autonvaraosahaku.fi\/index.php?rest_route=\/wp\/v2\/types\/product"}],"wp:attachment":[{"href":"https:\/\/www.autonvaraosahaku.fi\/index.php?rest_route=%2Fwp%2Fv2%2Fmedia&parent=65080"}],"wp:term":[{"taxonomy":"pwb-brand","embeddable":true,"href":"https:\/\/www.autonvaraosahaku.fi\/index.php?rest_route=%2Fwp%2Fv2%2Fpwb-brand&post=65080"},{"taxonomy":"product_cat","embeddable":true,"href":"https:\/\/www.autonvaraosahaku.fi\/index.php?rest_route=%2Fwp%2Fv2%2Fproduct_cat&post=65080"},{"taxonomy":"product_tag","embeddable":true,"href":"https:\/\/www.autonvaraosahaku.fi\/index.php?rest_route=%2Fwp%2Fv2%2Fproduct_tag&post=65080"}],"curies":[{"name":"wp","href":"https:\/\/api.w.org\/{rel}","templated":true}]}}