{"id":65563,"date":"2021-02-21T18:44:35","date_gmt":"2021-02-21T18:44:35","guid":{"rendered":"https:\/\/www.autonvaraosahaku.fi\/?product=vaico-v25-80001-jarrulevyt"},"modified":"2021-02-21T18:44:36","modified_gmt":"2021-02-21T18:44:36","slug":"vaico-v25-80001-jarrulevyt","status":"publish","type":"product","link":"https:\/\/www.autonvaraosahaku.fi\/?product=vaico-v25-80001-jarrulevyt","title":{"rendered":"VAICO V25-80001 Jarrulevyt"},"content":{"rendered":"<p>Asennuspuoli: Etuakseli; Jarrulevyn navan korkeus [mm]: 21,4; Vanne, aukkoja: 4; Korkeus (mm): 43,4; Jarrulevytyyppi: Tuuletettu; Jarrulevyn paksuus (mm): 22; V\u00e4himm\u00e4ispaksuus (mm): 20; Ulkol\u00e4pimitta [mm]: 258; keskitt\u00e4misl\u00e4pimitta [mm]: 63,5, 63,5; Reik\u00e4ympyr\u00e4-\u00d8 [mm]: 108; Pakkausleveys [cm]: 26, 26; Pakkauskorkeus [mm]: 8, 8; Pakkaussyvyys [cm]: 26, 26; Reikien m\u00e4\u00e4r\u00e4: 4; t\u00e4ytt\u00e4\u00e4 ECE-normin: R90; Paino [kg]: 5,739; lis\u00e4tieto: CST99; Valmistusvuosi alkaen: 01\/2000; MAZDA: 2 DY; FORD: FIESTA V JH_, JD_,FIESTA VI,FOCUS Kombi DNW,FOCUS DAW, DBW,FIESTA IV JA_, JB_,FUSION JU_,KA RB_,FOCUS Stufenheck DFW,STREET KA RL2,PUMA EC_,FIESTA V Van,FIESTA VI Van,FIESTA Kasten J5_, J3_,FIESTA Kasten JV_; 1148202, 1320585, 1323620, 1373771, 1388256, 1464916, 1465622, 1499045, 1522230, 1808479, 2S611125AA, 3049893, 3555344, 3573537, 4077455, 98AB1125BD, 98AB1125BE, 98AB1125D1E, 98AG1125E1B, 98AG1125EA, 98AG1125EB, 98AX1125B1F, 98AX1125BF, DD323325X, DD633325X; Jarrulevy<\/p>\n","protected":false},"excerpt":{"rendered":"<p>VAICO Jarrulevyt V25-80001 Jarrulevy MAZDA,FORD,2 DY,FIESTA V JH_, JD_,FIESTA VI,FOCUS Kombi DNW,FOCUS DAW, DBW,FIESTA IV JA_, JB_,FUSION JU_,KA RB_<\/p>\n","protected":false},"featured_media":0,"template":"","meta":{"site-sidebar-layout":"default","site-content-layout":"default","ast-global-header-display":"","ast-main-header-display":"","ast-hfb-above-header-display":"","ast-hfb-below-header-display":"","ast-hfb-mobile-header-display":"","site-post-title":"","ast-breadcrumbs-content":"","ast-featured-img":"","footer-sml-layout":"","theme-transparent-header-meta":"","adv-header-id-meta":"","stick-header-meta":"","header-above-stick-meta":"","header-main-stick-meta":"","header-below-stick-meta":""},"pwb-brand":[330],"product_cat":[66],"product_tag":[],"class_list":{"0":"post-65563","1":"product","2":"type-product","3":"status-publish","5":"pwb-brand-vaico","6":"product_cat-jarrulevyt","7":"desktop-align-left","8":"tablet-align-left","9":"mobile-align-left","11":"first","12":"instock","13":"product-type-external"},"brands":[{"id":330,"name":"VAICO","slug":"vaico"}],"_links":{"self":[{"href":"https:\/\/www.autonvaraosahaku.fi\/index.php?rest_route=\/wp\/v2\/product\/65563","targetHints":{"allow":["GET"]}}],"collection":[{"href":"https:\/\/www.autonvaraosahaku.fi\/index.php?rest_route=\/wp\/v2\/product"}],"about":[{"href":"https:\/\/www.autonvaraosahaku.fi\/index.php?rest_route=\/wp\/v2\/types\/product"}],"wp:attachment":[{"href":"https:\/\/www.autonvaraosahaku.fi\/index.php?rest_route=%2Fwp%2Fv2%2Fmedia&parent=65563"}],"wp:term":[{"taxonomy":"pwb-brand","embeddable":true,"href":"https:\/\/www.autonvaraosahaku.fi\/index.php?rest_route=%2Fwp%2Fv2%2Fpwb-brand&post=65563"},{"taxonomy":"product_cat","embeddable":true,"href":"https:\/\/www.autonvaraosahaku.fi\/index.php?rest_route=%2Fwp%2Fv2%2Fproduct_cat&post=65563"},{"taxonomy":"product_tag","embeddable":true,"href":"https:\/\/www.autonvaraosahaku.fi\/index.php?rest_route=%2Fwp%2Fv2%2Fproduct_tag&post=65563"}],"curies":[{"name":"wp","href":"https:\/\/api.w.org\/{rel}","templated":true}]}}