{"id":65730,"date":"2021-02-21T18:45:39","date_gmt":"2021-02-21T18:45:39","guid":{"rendered":"https:\/\/www.autonvaraosahaku.fi\/?product=reinz-70-27214-00-venttiilinvarren-kumit"},"modified":"2021-02-21T18:45:39","modified_gmt":"2021-02-21T18:45:39","slug":"reinz-70-27214-00-venttiilinvarren-kumit","status":"publish","type":"product","link":"https:\/\/www.autonvaraosahaku.fi\/?product=reinz-70-27214-00-venttiilinvarren-kumit","title":{"rendered":"REINZ 70-27214-00 Venttiilinvarren kumit"},"content":{"rendered":"<p>Paksuus [mm]: 10,6; Tarvittava kappalem\u00e4\u00e4r\u00e4: 4; DAEWOO: MUSSO FJ,KORANDO KJ,KORANDO Cabrio KJ; MERCEDES-BENZ: C-CLASS W202,190 W201,E-CLASS W210,Stufenheck W124,E-CLASS Kombi S210,SL R107,Stufenheck W123,S-CLASS W126,KOMBI Kombi S124,E-CLASS W124,G-CLASS W463,VITO Bus 638,G-CLASS W460,S-CLASS W140,E-CLASS Kombi S124,COUPE C123,SPRINTER 3-t Kasten 903,SPRINTER 2-t Bus 901, 902,V-CLASS 638\/2,S-CLASS Coupe C126,G-CLASS W461,SPRINTER 2-t Kasten 901, 902,SPRINTER 3-t Bus 903,KOMBI Kombi S123,SPRINTER 3-t Pritsche\/Fahrgestell 903,T1 Bus 601,VITO Kasten 638,SL Coupe C107,T1 Pritsche\/Fahrgestell 602,T1 Kasten 602,SPRINTER 4-t Pritsche\/Fahrgestell 904,T1 Pritsche\/Fahrgestell 601,T2\/LN1 Kasten\/Kombi,VARIO Kasten\/Kombi,SPRINTER 2-t Pritsche\/Fahrgestell 901, 902,T1 Kasten 601,VARIO Pritsche\/Fahrgestell,SPRINTER 4-t Kasten 904,T1 Bus 602,T1\/TN Pritsche\/Fahrgestell,G-CLASS Cabrio W463,VARIO Kipper,T1\/TN Kasten\/Kombi,VARIO Bus,T2\/LN1 Kipper,ACTROS,ACTROS MP2 \/ MP3,AGL (RoundNose),AXOR,AXOR 2,CAPACITY,CITARO (O 530),CONECTO (O 345),HPN (LongNose),INTEGRO (O 550),INTOURO,O 100,O 400,O 403,O 405,TOURISMO (O 350),TOURO (O 500),TRAVEGO (O 580),UNIMOG; SSANGYONG: MUSSO FJ,KORANDO KJ,KORANDO Cabrio KJ; PUCH: G-MODELL W 460,G-MODELL W 461,G-MODELL W 463; SETRA: Series 400; NEOPLAN: Cityliner,Euroliner,Skyliner,Starliner,Tourliner,Trendliner; MULTICAR: Tremo,UX100; MAN: E2000,F2000,HOCL,LION\u00b4S CITY,LION\u00b4S COACH,LION\u00b4S STAR,NG,NL,SL II,S\u00dc,TGA,TGS,TGX; ERF: ECT; 51049020033, 0000533558<\/p>\n","protected":false},"excerpt":{"rendered":"<p>REINZ Tiiviste, Venttiilivarsi 70-27214-00  DAEWOO,MERCEDES-BENZ,SSANGYONG,MUSSO FJ,KORANDO KJ,KORANDO Cabrio KJ,C-CLASS W202,190 W201,E-CLASS W210<\/p>\n","protected":false},"featured_media":0,"template":"","meta":{"site-sidebar-layout":"default","site-content-layout":"default","ast-global-header-display":"","ast-main-header-display":"","ast-hfb-above-header-display":"","ast-hfb-below-header-display":"","ast-hfb-mobile-header-display":"","site-post-title":"","ast-breadcrumbs-content":"","ast-featured-img":"","footer-sml-layout":"","theme-transparent-header-meta":"","adv-header-id-meta":"","stick-header-meta":"","header-above-stick-meta":"","header-main-stick-meta":"","header-below-stick-meta":""},"pwb-brand":[138],"product_cat":[170],"product_tag":[],"class_list":{"0":"post-65730","1":"product","2":"type-product","3":"status-publish","5":"pwb-brand-reinz","6":"product_cat-venttiilinvarren-kumit","7":"desktop-align-left","8":"tablet-align-left","9":"mobile-align-left","11":"first","12":"instock","13":"product-type-external"},"brands":[{"id":138,"name":"REINZ","slug":"reinz"}],"_links":{"self":[{"href":"https:\/\/www.autonvaraosahaku.fi\/index.php?rest_route=\/wp\/v2\/product\/65730","targetHints":{"allow":["GET"]}}],"collection":[{"href":"https:\/\/www.autonvaraosahaku.fi\/index.php?rest_route=\/wp\/v2\/product"}],"about":[{"href":"https:\/\/www.autonvaraosahaku.fi\/index.php?rest_route=\/wp\/v2\/types\/product"}],"wp:attachment":[{"href":"https:\/\/www.autonvaraosahaku.fi\/index.php?rest_route=%2Fwp%2Fv2%2Fmedia&parent=65730"}],"wp:term":[{"taxonomy":"pwb-brand","embeddable":true,"href":"https:\/\/www.autonvaraosahaku.fi\/index.php?rest_route=%2Fwp%2Fv2%2Fpwb-brand&post=65730"},{"taxonomy":"product_cat","embeddable":true,"href":"https:\/\/www.autonvaraosahaku.fi\/index.php?rest_route=%2Fwp%2Fv2%2Fproduct_cat&post=65730"},{"taxonomy":"product_tag","embeddable":true,"href":"https:\/\/www.autonvaraosahaku.fi\/index.php?rest_route=%2Fwp%2Fv2%2Fproduct_tag&post=65730"}],"curies":[{"name":"wp","href":"https:\/\/api.w.org\/{rel}","templated":true}]}}