{"id":65977,"date":"2021-02-21T18:46:47","date_gmt":"2021-02-21T18:46:47","guid":{"rendered":"https:\/\/www.autonvaraosahaku.fi\/?product=ridex-158t0010-kaasulappakotelo"},"modified":"2021-02-21T18:46:51","modified_gmt":"2021-02-21T18:46:51","slug":"ridex-158t0010-kaasulappakotelo","status":"publish","type":"product","link":"https:\/\/www.autonvaraosahaku.fi\/?product=ridex-158t0010-kaasulappakotelo","title":{"rendered":"RIDEX 158T0010 Kaasul\u00e4pp\u00e4kotelo"},"content":{"rendered":"<p>Korvaava tuote\/korvaava tiedote 2: Ohjain\/ohjelma tulee kouluttaa\/p\u00e4ivitt\u00e4\u00e4; J\u00e4nnite (V): 12; L\u00e4pimitta [mm]: 56; K\u00e4ytt\u00f6: S\u00e4hk\u00f6inen, Elektroninen, Mekaaninen; Varusteet: Ajon. ilman vakionopeudens\u00e4\u00e4dint\u00e4; Lis\u00e4tarvike\/lis\u00e4tieto: Ilman tiivisteit\u00e4; Liittimi\u00e4: 7; Paino [kg]: 1,185; Pakkaussyvyys [cm]: 11,6; Moottorinumero: AEH; AKL; VW: GOLF IV 1J1,GOLF IV Variant 1J5,BORA 1J2,BORA Kombi 1J6,POLO Variant 6KV5,POLO CLASSIC 6KV2; AUDI: A3 8L1; SKODA: OCTAVIA Combi 1U5,OCTAVIA 1U2; SEAT: LEON 1M1,IBIZA II 6K1,TOLEDO II 1M2,CORDOBA 6K1, 6K2,CORDOBA Vario 6K1; 06A133064J, 06A133064K, 06A133064M, 6A133064J, 6A133064K, 6A133064M, 06A133064J, 06A133064K, 06A133064M, 6A133064J, 6A133064K, 6A133064M, 06A133064J, 06A133064K, 06A133064M, 6A133064J, 6A133064K, 6A133064M, 06A133064J, 06A133064K, 06A133064M, 6A133064J, 6A133064K, 6A133064M; Kaasul\u00e4pp\u00e4,Kaasul\u00e4p\u00e4n Kotelo<\/p>\n","protected":false},"excerpt":{"rendered":"<p>RIDEX Kaasul\u00e4pp\u00e4kotelo 158T0010 Kaasul\u00e4pp\u00e4,Kaasul\u00e4p\u00e4n Kotelo VW,AUDI,SKODA,GOLF IV 1J1,GOLF IV Variant 1J5,BORA 1J2,BORA Kombi 1J6,POLO Variant 6KV5<\/p>\n","protected":false},"featured_media":0,"template":"","meta":{"site-sidebar-layout":"default","site-content-layout":"default","ast-global-header-display":"","ast-main-header-display":"","ast-hfb-above-header-display":"","ast-hfb-below-header-display":"","ast-hfb-mobile-header-display":"","site-post-title":"","ast-breadcrumbs-content":"","ast-featured-img":"","footer-sml-layout":"","theme-transparent-header-meta":"","adv-header-id-meta":"","stick-header-meta":"","header-above-stick-meta":"","header-main-stick-meta":"","header-below-stick-meta":""},"pwb-brand":[157],"product_cat":[277],"product_tag":[],"class_list":{"0":"post-65977","1":"product","2":"type-product","3":"status-publish","5":"pwb-brand-ridex","6":"product_cat-kaasulappakotelo","7":"desktop-align-left","8":"tablet-align-left","9":"mobile-align-left","11":"first","12":"instock","13":"product-type-external"},"brands":[{"id":157,"name":"RIDEX","slug":"ridex"}],"_links":{"self":[{"href":"https:\/\/www.autonvaraosahaku.fi\/index.php?rest_route=\/wp\/v2\/product\/65977","targetHints":{"allow":["GET"]}}],"collection":[{"href":"https:\/\/www.autonvaraosahaku.fi\/index.php?rest_route=\/wp\/v2\/product"}],"about":[{"href":"https:\/\/www.autonvaraosahaku.fi\/index.php?rest_route=\/wp\/v2\/types\/product"}],"wp:attachment":[{"href":"https:\/\/www.autonvaraosahaku.fi\/index.php?rest_route=%2Fwp%2Fv2%2Fmedia&parent=65977"}],"wp:term":[{"taxonomy":"pwb-brand","embeddable":true,"href":"https:\/\/www.autonvaraosahaku.fi\/index.php?rest_route=%2Fwp%2Fv2%2Fpwb-brand&post=65977"},{"taxonomy":"product_cat","embeddable":true,"href":"https:\/\/www.autonvaraosahaku.fi\/index.php?rest_route=%2Fwp%2Fv2%2Fproduct_cat&post=65977"},{"taxonomy":"product_tag","embeddable":true,"href":"https:\/\/www.autonvaraosahaku.fi\/index.php?rest_route=%2Fwp%2Fv2%2Fproduct_tag&post=65977"}],"curies":[{"name":"wp","href":"https:\/\/api.w.org\/{rel}","templated":true}]}}