{"id":66100,"date":"2021-02-21T18:47:26","date_gmt":"2021-02-21T18:47:26","guid":{"rendered":"https:\/\/www.autonvaraosahaku.fi\/?product=elring-583-050-kampiakselin-tiiviste"},"modified":"2021-02-21T18:47:27","modified_gmt":"2021-02-21T18:47:27","slug":"elring-583-050-kampiakselin-tiiviste","status":"publish","type":"product","link":"https:\/\/www.autonvaraosahaku.fi\/?product=elring-583-050-kampiakselin-tiiviste","title":{"rendered":"ELRING 583.050 Kampiakselin tiiviste"},"content":{"rendered":"<p>Sis\u00e4l\u00e4pimitta [mm]: 32; Ulkol\u00e4pimitta [mm]: 45; Korkeus (mm): 6; Akselitiivisteen malli: AS; Rihlamalli: Oikea kierre; Materiaali: FPM (fluori-kumi); Suojavaippa: Suojakumilla; Asennuspuoli: stirnseitig; CHEVROLET: CAPTIVA C100, C140,NUBIRA Kombi,CRUZE J300,EPICA KL1_,CRUZE Schr\u00e4gheck J305,LACETTI J200,NUBIRA Stufenheck,LACETTI Kombi J200; JEEP: CHEROKEE KJ,WRANGLER II TJ,RENEGADE Gel\u00e4ndewagen geschlossen BU; DAEWOO: TOSCA; HYUNDAI: GETZ TB,SANTA F\u00c9 II CM,MATRIX FC,ACCENT II LC,ACCENT II Stufenheck LC,GRANDEUR TG; OPEL: ANTARA; MINI: MINI R50, R53,MINI Cabriolet R52; CHRYSLER: PT CRUISER PT_,VOYAGER IV RG, RS,VOYAGER III GS,SEBRING Cabriolet JR,STRATUS Cabriolet JX,PT CRUISER Cabriolet,SEBRING JR,NEON II,STRATUS JA,NEON PL,SEBRING Coupe JR,SEBRING Coupe FJ,CIRRUS,GRAND CARAVAN; FIAT: GRANDE PUNTO 199,PUNTO 188,BRAVO II 198,DOBLO Cargo 223,PUNTO 199,IDEA,STRADA Pick-up 178E,DOBLO Gro\u00dfraumlimousine 152, 263,PALIO Weekend 178DX,LINEA 323,STRADA Pick-up 578_,PALIO 178BX,500X,SIENA 178_,TIPO Schr\u00e4gheck 356_,TIPO Kombi 356_,TIPO Stufenheck 356_; DODGE: CARAVAN RG_,CARAVAN NS,STRATUS,NEON II,NEON,GRAND CARAVAN Mini Passenger Van US NS; CHERY: COWIN; A15BJ4667198, 04667198, 4667198, 68295072AA, 96440222, 04667198, 4667198, 68295072AA, 7087879, 7089564, 2133527000, 04667198, 4667198, 68295072AA, 11111485171, 4805071, 96440222; Akselitiiviste, Kampiakseli<\/p>\n","protected":false},"excerpt":{"rendered":"<p>ELRING Kampiakselin Tiiviste 583.050 Akselitiiviste, Kampiakseli CHEVROLET,JEEP,DAEWOO,CAPTIVA C100, C140,NUBIRA Kombi,CRUZE J300,EPICA KL1_<\/p>\n","protected":false},"featured_media":0,"template":"","meta":{"site-sidebar-layout":"default","site-content-layout":"default","ast-global-header-display":"","ast-main-header-display":"","ast-hfb-above-header-display":"","ast-hfb-below-header-display":"","ast-hfb-mobile-header-display":"","site-post-title":"","ast-breadcrumbs-content":"","ast-featured-img":"","footer-sml-layout":"","theme-transparent-header-meta":"","adv-header-id-meta":"","stick-header-meta":"","header-above-stick-meta":"","header-main-stick-meta":"","header-below-stick-meta":""},"pwb-brand":[26],"product_cat":[88],"product_tag":[],"class_list":{"0":"post-66100","1":"product","2":"type-product","3":"status-publish","5":"pwb-brand-elring","6":"product_cat-kampiakselin-tiiviste","7":"desktop-align-left","8":"tablet-align-left","9":"mobile-align-left","11":"first","12":"instock","13":"product-type-external"},"brands":[{"id":26,"name":"ELRING","slug":"elring"}],"_links":{"self":[{"href":"https:\/\/www.autonvaraosahaku.fi\/index.php?rest_route=\/wp\/v2\/product\/66100","targetHints":{"allow":["GET"]}}],"collection":[{"href":"https:\/\/www.autonvaraosahaku.fi\/index.php?rest_route=\/wp\/v2\/product"}],"about":[{"href":"https:\/\/www.autonvaraosahaku.fi\/index.php?rest_route=\/wp\/v2\/types\/product"}],"wp:attachment":[{"href":"https:\/\/www.autonvaraosahaku.fi\/index.php?rest_route=%2Fwp%2Fv2%2Fmedia&parent=66100"}],"wp:term":[{"taxonomy":"pwb-brand","embeddable":true,"href":"https:\/\/www.autonvaraosahaku.fi\/index.php?rest_route=%2Fwp%2Fv2%2Fpwb-brand&post=66100"},{"taxonomy":"product_cat","embeddable":true,"href":"https:\/\/www.autonvaraosahaku.fi\/index.php?rest_route=%2Fwp%2Fv2%2Fproduct_cat&post=66100"},{"taxonomy":"product_tag","embeddable":true,"href":"https:\/\/www.autonvaraosahaku.fi\/index.php?rest_route=%2Fwp%2Fv2%2Fproduct_tag&post=66100"}],"curies":[{"name":"wp","href":"https:\/\/api.w.org\/{rel}","templated":true}]}}