{"id":66262,"date":"2021-02-21T18:48:13","date_gmt":"2021-02-21T18:48:13","guid":{"rendered":"https:\/\/www.autonvaraosahaku.fi\/?product=febi-bilstein-40910-vilkkurele"},"modified":"2021-02-21T18:48:14","modified_gmt":"2021-02-21T18:48:14","slug":"febi-bilstein-40910-vilkkurele","status":"publish","type":"product","link":"https:\/\/www.autonvaraosahaku.fi\/?product=febi-bilstein-40910-vilkkurele","title":{"rendered":"FEBI BILSTEIN 40910 Vilkkurele"},"content":{"rendered":"<p>J\u00e4nnite (V): 12; Virta (A): 22; Liittimi\u00e4: 4; V\u00e4ri: Musta; K\u00e4ytt\u00f6: S\u00e4hk\u00f6inen; Paino [kg]: 0,01; Moottorinumero: A16XER; CHEVROLET: AGILE; OPEL: CORSA D,ZAFIRA B A05,ASTRA H Caravan L35,ZAFIRA A F75_,ASTRA G CC F48_, F08_,ASTRA H L48,ASTRA G Caravan F35_,CORSA B 73_, 78_, 79_,INSIGNIA Caravan,ASTRA H GTC L08,MERIVA B,AGILA A H00,VECTRA B 36_,ASTRA F CC 53_, 54_, 58_, 59_,VECTRA B Caravan 31_,ASTRA H TwinTop L67,INSIGNIA,ASTRA G Cabriolet F67,ASTRA F Caravan 51_, 52_,INSIGNIA Stufenheck,ASTRA G Coupe F07_,ASTRA G Stufenheck F69_,ZAFIRA B Van,VECTRA B CC 38_,CORSA CLASSIC Stufenheck,ASTRA F Cabriolet 53_B,ASTRA F 56_, 57_,CORSA D Van,TIGRA 95_,ASTRA H Stufenheck L69,COMBO 71_,ASTRA H Kasten L70,ASTRA F CLASSIC CC,ASTRA F CLASSIC Stufenheck,ASTRA F CLASSIC Caravan,CORSA B Kasten 73_,ASTRA G Kasten F70,CORSA B Kombi F35,CORSA B Utility Pick-up,ASTRA F Van 55_,INSIGNIA A Country Tourer G09,ASTRA G CLASSIC T98; SAAB: 9-3 YS3F,9-3 Kombi YS3F,9-3 Cabriolet YS3F; VAUXHALL: CORSA Mk III D L_8,INSIGNIA Mk I A,ZAFIRA Mk II B M75,ASTRA Mk V H CC,ZAFIRA Mk I A F75,INSIGNIA Mk I A Estate,ASTRA Mk V H Estate,ASTRA Mk V H Convertible,ASTRA Mk IV G CC,ASTRA Mk VI J CC,INSIGNIA Mk I A Sedan,ASTRA Mk III F CC,ASTRA Mk VI J,CORSA Mk I B,ASTRA Mk IV G Sedan,CORSAVAN Mk III D,AGILA Mk I A,MERIVA Mk II B,VECTRA B CC,ASTRA Mk III F Estate,ASTRA Mk VI J Sedan,VECTRA B Estate,VECTRA B,ASTRA Mk VI J Estate,ASTRAVAN Mk IV G,ASTRA Mk IV G Coupe F67,COMBO Mk I B,TIGRA Mk I F07,ASTRAVAN Mk V H,ASTRA Mk IV G Convertible,ASTRAVAN Mk III F,ASTRA Mk IV G Estate; 11129885, 11129685, 11129885, 13266316, 11129685, 11129885, 11129685, 11129885, 0046520412, 11129685, 11129885, 46520412, 1235278, 1238505, 6238605, 6238610, 13266316, 24435922, 013266316, 024432680, 024433728, 024435922, 090229206, 090274683, 090508807, 13266316, 24432680, 24433728, 24435922, 90229206, 90274683, 90508807; Vilkkureleen Kytkenta<\/p>\n","protected":false},"excerpt":{"rendered":"<p>FEBI BILSTEIN Vilkkurele 40910 Vilkkureleen Kytkenta CHEVROLET,OPEL,SAAB,AGILE,CORSA D,ZAFIRA B A05,ASTRA H Caravan L35,ZAFIRA A F75_<\/p>\n","protected":false},"featured_media":0,"template":"","meta":{"site-sidebar-layout":"default","site-content-layout":"default","ast-global-header-display":"","ast-main-header-display":"","ast-hfb-above-header-display":"","ast-hfb-below-header-display":"","ast-hfb-mobile-header-display":"","site-post-title":"","ast-breadcrumbs-content":"","ast-featured-img":"","footer-sml-layout":"","theme-transparent-header-meta":"","adv-header-id-meta":"","stick-header-meta":"","header-above-stick-meta":"","header-main-stick-meta":"","header-below-stick-meta":""},"pwb-brand":[50],"product_cat":[49],"product_tag":[],"class_list":{"0":"post-66262","1":"product","2":"type-product","3":"status-publish","5":"pwb-brand-febi-bilstein","6":"product_cat-vilkkurele","7":"desktop-align-left","8":"tablet-align-left","9":"mobile-align-left","11":"first","12":"instock","13":"product-type-external"},"brands":[{"id":50,"name":"FEBI BILSTEIN","slug":"febi-bilstein"}],"_links":{"self":[{"href":"https:\/\/www.autonvaraosahaku.fi\/index.php?rest_route=\/wp\/v2\/product\/66262","targetHints":{"allow":["GET"]}}],"collection":[{"href":"https:\/\/www.autonvaraosahaku.fi\/index.php?rest_route=\/wp\/v2\/product"}],"about":[{"href":"https:\/\/www.autonvaraosahaku.fi\/index.php?rest_route=\/wp\/v2\/types\/product"}],"wp:attachment":[{"href":"https:\/\/www.autonvaraosahaku.fi\/index.php?rest_route=%2Fwp%2Fv2%2Fmedia&parent=66262"}],"wp:term":[{"taxonomy":"pwb-brand","embeddable":true,"href":"https:\/\/www.autonvaraosahaku.fi\/index.php?rest_route=%2Fwp%2Fv2%2Fpwb-brand&post=66262"},{"taxonomy":"product_cat","embeddable":true,"href":"https:\/\/www.autonvaraosahaku.fi\/index.php?rest_route=%2Fwp%2Fv2%2Fproduct_cat&post=66262"},{"taxonomy":"product_tag","embeddable":true,"href":"https:\/\/www.autonvaraosahaku.fi\/index.php?rest_route=%2Fwp%2Fv2%2Fproduct_tag&post=66262"}],"curies":[{"name":"wp","href":"https:\/\/api.w.org\/{rel}","templated":true}]}}