{"id":66359,"date":"2021-02-21T18:48:40","date_gmt":"2021-02-21T18:48:40","guid":{"rendered":"https:\/\/www.autonvaraosahaku.fi\/?product=hella-9xw-184-107-241-pyyhkijansulat"},"modified":"2021-02-21T18:48:41","modified_gmt":"2021-02-21T18:48:41","slug":"hella-9xw-184-107-241-pyyhkijansulat","status":"publish","type":"product","link":"https:\/\/www.autonvaraosahaku.fi\/?product=hella-9xw-184-107-241-pyyhkijansulat","title":{"rendered":"HELLA 9XW 184 107-241 Pyyhkij\u00e4nsulat"},"content":{"rendered":"<p>Asennuspuoli: Edess\u00e4, beifahrerseitig; Pituus (mm): 600; Pituus (tuumaa): 24; Vasen \/ oikea liikenne: Ohjaus vasemmalla; M\u00e4\u00e4r\u00e4: 1; Tuotelinja: Truck; Pyyhkij\u00e4nsulkatyyppi: Tavallinen; MERCEDES-BENZ: T2\/LN1 Kasten\/Kombi,T2\/LN1 Pritsche\/Fahrgestell,T2\/LN1 Kipper,T2\/LN1 Bus,T2\/LN1 Triebkopf,ECONIC,LK\/LN2,O 301; FORD: TRANSIT Kasten FA_ _,TRANSIT Bus FD_ _, FB_ _, FS_ _, FZ_ _, FC_ _,TRANSIT Pritsche\/Fahrgestell FM_ _, FN_ _; RENAULT: MASTER I Kasten T__,MASTER I Bus T__,MASTER I Pritsche\/Fahrgestell P__; NISSAN: SERENA C23M,VANETTE CARGO Kasten HC 23,VANETTE CARGO Bus HC 23; VOLVO: F10,F12,F16,F4,FL4,FL6; IVECO: DAILY II Pritsche\/Fahrgestell,DAILY II Kasten\/Kombi,DAILY I Pritsche\/Fahrgestell,DAILY II Bus,DAILY I Kasten\/Kombi,DAILY II Kipper,P\/PA,P\/PA-Haubenfahrzeuge; SCANIA: 3 &#8211; series,3 &#8211; series bus; RENAULT TRUCKS: MIDLINER; MAN: E2000,F2000,F90,F90 Unterflur,M 2000 L,M 2000 M,M90; DAF: 75,75 CF,CF 65,CF 75,CF 85,F 1300; Tuulilasinpyyhkimet,Pyyhkij\u00e4t,Pyyhkij\u00e4nsulka<\/p>\n","protected":false},"excerpt":{"rendered":"<p>HELLA Pyyhkij\u00e4nsulat 9XW 184 107-241 Tuulilasinpyyhkimet,Pyyhkij\u00e4t MERCEDES-BENZ,FORD,RENAULT,T2\/LN1 Kasten\/Kombi,T2\/LN1 Pritsche\/Fahrgestell<\/p>\n","protected":false},"featured_media":0,"template":"","meta":{"site-sidebar-layout":"default","site-content-layout":"default","ast-global-header-display":"","ast-main-header-display":"","ast-hfb-above-header-display":"","ast-hfb-below-header-display":"","ast-hfb-mobile-header-display":"","site-post-title":"","ast-breadcrumbs-content":"","ast-featured-img":"","footer-sml-layout":"","theme-transparent-header-meta":"","adv-header-id-meta":"","stick-header-meta":"","header-above-stick-meta":"","header-main-stick-meta":"","header-below-stick-meta":""},"pwb-brand":[24],"product_cat":[33],"product_tag":[],"class_list":{"0":"post-66359","1":"product","2":"type-product","3":"status-publish","5":"pwb-brand-hella","6":"product_cat-pyyhkijansulat","7":"desktop-align-left","8":"tablet-align-left","9":"mobile-align-left","11":"first","12":"instock","13":"product-type-external"},"brands":[{"id":24,"name":"HELLA","slug":"hella"}],"_links":{"self":[{"href":"https:\/\/www.autonvaraosahaku.fi\/index.php?rest_route=\/wp\/v2\/product\/66359","targetHints":{"allow":["GET"]}}],"collection":[{"href":"https:\/\/www.autonvaraosahaku.fi\/index.php?rest_route=\/wp\/v2\/product"}],"about":[{"href":"https:\/\/www.autonvaraosahaku.fi\/index.php?rest_route=\/wp\/v2\/types\/product"}],"wp:attachment":[{"href":"https:\/\/www.autonvaraosahaku.fi\/index.php?rest_route=%2Fwp%2Fv2%2Fmedia&parent=66359"}],"wp:term":[{"taxonomy":"pwb-brand","embeddable":true,"href":"https:\/\/www.autonvaraosahaku.fi\/index.php?rest_route=%2Fwp%2Fv2%2Fpwb-brand&post=66359"},{"taxonomy":"product_cat","embeddable":true,"href":"https:\/\/www.autonvaraosahaku.fi\/index.php?rest_route=%2Fwp%2Fv2%2Fproduct_cat&post=66359"},{"taxonomy":"product_tag","embeddable":true,"href":"https:\/\/www.autonvaraosahaku.fi\/index.php?rest_route=%2Fwp%2Fv2%2Fproduct_tag&post=66359"}],"curies":[{"name":"wp","href":"https:\/\/api.w.org\/{rel}","templated":true}]}}