{"id":66364,"date":"2021-02-21T18:48:40","date_gmt":"2021-02-21T18:48:40","guid":{"rendered":"https:\/\/www.autonvaraosahaku.fi\/?product=valeo-586052-oljynsuodatin"},"modified":"2021-02-21T18:48:42","modified_gmt":"2021-02-21T18:48:42","slug":"valeo-586052-oljynsuodatin","status":"publish","type":"product","link":"https:\/\/www.autonvaraosahaku.fi\/?product=valeo-586052-oljynsuodatin","title":{"rendered":"VALEO 586052 \u00d6ljynsuodatin"},"content":{"rendered":"<p>Kierremitta: UNF 3\/4-16; Ulkol\u00e4pimitta [mm]: 75; Sis\u00e4l\u00e4pimitta 1 [mm]: 70; Sis\u00e4l\u00e4pimitta 2 [mm]: 62; Korkeus (mm): 121,5; Avauspaine ohitusventtiili [bar]: 2,5; Suodatintyyppi: Ruuvattava suodatin; Paino [kg]: 0,43; Valmistusvuosi alkaen: 07\/1993; JEEP: GRAND CHEROKEE II WJ, WG,CHEROKEE KJ,GRAND CHEROKEE I ZJ,CHEROKEE XJ; CHRYSLER: VOYAGER IV RG, RS,VOYAGER III GS,GRAND VOYAGER V RT,VOYAGER II ES; OPEL: FRONTERA A Sport 5_SUD2,FRONTERA A 5_MWL4; ALFA ROMEO: 164 164,155 167,33 907A; FIAT: TIPO 160; DODGE: CARAVAN NS; LDV: MAXUS Bus,MAXUS Kasten,MAXUS Pritsche\/Fahrgestell; VAUXHALL: FRONTERA Mk I A,FRONTERA Mk I A Sport; 0060553431, 60553431, 71736168, 05003558AA, 4720364, 4778838, 5003558AA, P4720364, 46795125, 5003558AA, 5650314, 649015, 90542344<\/p>\n","protected":false},"excerpt":{"rendered":"<p>VALEO \u00d6ljynsuodatin 586052  JEEP,CHRYSLER,OPEL,GRAND CHEROKEE II WJ, WG,CHEROKEE KJ,GRAND CHEROKEE I ZJ,CHEROKEE XJ,VOYAGER IV RG, RS,VOYAGER III GS<\/p>\n","protected":false},"featured_media":0,"template":"","meta":{"site-sidebar-layout":"default","site-content-layout":"default","ast-global-header-display":"","ast-main-header-display":"","ast-hfb-above-header-display":"","ast-hfb-below-header-display":"","ast-hfb-mobile-header-display":"","site-post-title":"","ast-breadcrumbs-content":"","ast-featured-img":"","footer-sml-layout":"","theme-transparent-header-meta":"","adv-header-id-meta":"","stick-header-meta":"","header-above-stick-meta":"","header-main-stick-meta":"","header-below-stick-meta":""},"pwb-brand":[28],"product_cat":[30],"product_tag":[],"class_list":{"0":"post-66364","1":"product","2":"type-product","3":"status-publish","5":"pwb-brand-valeo","6":"product_cat-oljynsuodatin","7":"desktop-align-left","8":"tablet-align-left","9":"mobile-align-left","11":"first","12":"instock","13":"product-type-external"},"brands":[{"id":28,"name":"VALEO","slug":"valeo"}],"_links":{"self":[{"href":"https:\/\/www.autonvaraosahaku.fi\/index.php?rest_route=\/wp\/v2\/product\/66364","targetHints":{"allow":["GET"]}}],"collection":[{"href":"https:\/\/www.autonvaraosahaku.fi\/index.php?rest_route=\/wp\/v2\/product"}],"about":[{"href":"https:\/\/www.autonvaraosahaku.fi\/index.php?rest_route=\/wp\/v2\/types\/product"}],"wp:attachment":[{"href":"https:\/\/www.autonvaraosahaku.fi\/index.php?rest_route=%2Fwp%2Fv2%2Fmedia&parent=66364"}],"wp:term":[{"taxonomy":"pwb-brand","embeddable":true,"href":"https:\/\/www.autonvaraosahaku.fi\/index.php?rest_route=%2Fwp%2Fv2%2Fpwb-brand&post=66364"},{"taxonomy":"product_cat","embeddable":true,"href":"https:\/\/www.autonvaraosahaku.fi\/index.php?rest_route=%2Fwp%2Fv2%2Fproduct_cat&post=66364"},{"taxonomy":"product_tag","embeddable":true,"href":"https:\/\/www.autonvaraosahaku.fi\/index.php?rest_route=%2Fwp%2Fv2%2Fproduct_tag&post=66364"}],"curies":[{"name":"wp","href":"https:\/\/api.w.org\/{rel}","templated":true}]}}