{"id":66596,"date":"2021-02-21T18:49:46","date_gmt":"2021-02-21T18:49:46","guid":{"rendered":"https:\/\/www.autonvaraosahaku.fi\/?product=denso-dg-145-hehkutulppa"},"modified":"2021-02-21T18:49:50","modified_gmt":"2021-02-21T18:49:50","slug":"denso-dg-145-hehkutulppa","status":"publish","type":"product","link":"https:\/\/www.autonvaraosahaku.fi\/?product=denso-dg-145-hehkutulppa","title":{"rendered":"DENSO DG-145 Hehkutulppa"},"content":{"rendered":"<p>J\u00e4nnite (V): 11; Kierremitta: M10x1.0; Vastus [Ohm]: 0,5; Kokonaispituus (mm): 105; Avainv\u00e4li: 10; Paino [g]: 27,2; Tarvittava kappalem\u00e4\u00e4r\u00e4: 4; BMW: 3 E46,5 E39,3 Touring E46,5 Touring E39,X5 E53,7 E38; OPEL: OMEGA B Caravan 21_, 22_, 23_,OMEGA B 25_, 26_, 27_; LAND ROVER: FREELANDER LN,RANGE ROVER III LM; ROVER: 75 RJ,75 Tourer RJ; MG: MG ZT- T,MG ZT; ALPINA: D10 E39; 12232248059, 2248059, NCC100120L, 1214018, NCC100120<\/p>\n","protected":false},"excerpt":{"rendered":"<p>DENSO Hehkutulppa DG-145  BMW,OPEL,LAND ROVER,3 E46,5 E39,3 Touring E46,5 Touring E39,X5 E53,7 E38,OMEGA B Caravan 21_, 22_, 23_,OMEGA B 25_, 26_, 27_<\/p>\n","protected":false},"featured_media":0,"template":"","meta":{"site-sidebar-layout":"default","site-content-layout":"default","ast-global-header-display":"","ast-main-header-display":"","ast-hfb-above-header-display":"","ast-hfb-below-header-display":"","ast-hfb-mobile-header-display":"","site-post-title":"","ast-breadcrumbs-content":"","ast-featured-img":"","footer-sml-layout":"","theme-transparent-header-meta":"","adv-header-id-meta":"","stick-header-meta":"","header-above-stick-meta":"","header-main-stick-meta":"","header-below-stick-meta":""},"pwb-brand":[278],"product_cat":[52],"product_tag":[],"class_list":{"0":"post-66596","1":"product","2":"type-product","3":"status-publish","5":"pwb-brand-denso","6":"product_cat-hehkutulppa","7":"desktop-align-left","8":"tablet-align-left","9":"mobile-align-left","11":"first","12":"instock","13":"product-type-external"},"brands":[{"id":278,"name":"DENSO","slug":"denso"}],"_links":{"self":[{"href":"https:\/\/www.autonvaraosahaku.fi\/index.php?rest_route=\/wp\/v2\/product\/66596","targetHints":{"allow":["GET"]}}],"collection":[{"href":"https:\/\/www.autonvaraosahaku.fi\/index.php?rest_route=\/wp\/v2\/product"}],"about":[{"href":"https:\/\/www.autonvaraosahaku.fi\/index.php?rest_route=\/wp\/v2\/types\/product"}],"wp:attachment":[{"href":"https:\/\/www.autonvaraosahaku.fi\/index.php?rest_route=%2Fwp%2Fv2%2Fmedia&parent=66596"}],"wp:term":[{"taxonomy":"pwb-brand","embeddable":true,"href":"https:\/\/www.autonvaraosahaku.fi\/index.php?rest_route=%2Fwp%2Fv2%2Fpwb-brand&post=66596"},{"taxonomy":"product_cat","embeddable":true,"href":"https:\/\/www.autonvaraosahaku.fi\/index.php?rest_route=%2Fwp%2Fv2%2Fproduct_cat&post=66596"},{"taxonomy":"product_tag","embeddable":true,"href":"https:\/\/www.autonvaraosahaku.fi\/index.php?rest_route=%2Fwp%2Fv2%2Fproduct_tag&post=66596"}],"curies":[{"name":"wp","href":"https:\/\/api.w.org\/{rel}","templated":true}]}}