{"id":67279,"date":"2021-02-21T18:53:28","date_gmt":"2021-02-21T18:53:28","guid":{"rendered":"https:\/\/www.autonvaraosahaku.fi\/?product=skf-vkja-8788-vetonivel"},"modified":"2021-02-21T18:53:31","modified_gmt":"2021-02-21T18:53:31","slug":"skf-vkja-8788-vetonivel","status":"publish","type":"product","link":"https:\/\/www.autonvaraosahaku.fi\/?product=skf-vkja-8788-vetonivel","title":{"rendered":"SKF VKJA 8788 Vetonivel"},"content":{"rendered":"<p>Pituus (mm): 86,5; Sis\u00e4hammastus, vaiht. kiinn.: 34; Ulkol\u00e4pimitta [mm]: 119; Reikien m\u00e4\u00e4r\u00e4: 6; Nivelmalli: Tripodi-nivel; Mekaanisesti ty\u00f6stetty: Sokkauralla sis\u00e4osassa (sis\u00e4p.); Vaihteistomalli: Getriebeautomatik 6 Gang; VW: GOLF IV 1J1,GOLF V 1K1,TOURAN 1T1, 1T2,GOLF VI 5K1,PASSAT Variant 3C5,GOLF PLUS 5M1, 521,PASSAT 3C2,PASSAT Variant 365,GOLF IV Variant 1J5,GOLF VII 5G1, BE1,GOLF V Variant 1K5,BORA 1J2,GOLF VII Kombi BA5,EOS 1F7, 1F8,PASSAT CC 357,BORA Kombi 1J6,JETTA III 1K2,PASSAT 362,CC 358,GOLF SPORTSVAN AM1,PASSAT 3G2; AUDI: A3 8P1,A3 Sportback 8PA,A3 Sportback 8VA,A3 Limousine 8VS,A3 8V1,A3 Cabriolet 8P7,A3 Cabriolet 8V7; SKODA: OCTAVIA Combi 1Z5,OCTAVIA Combi 5E5,SUPERB Kombi 3T5,OCTAVIA 1Z3,SUPERB 3T4,OCTAVIA 5E3,SUPERB Kombi 3V5,SUPERB 3V3,KAROQ NU7; SEAT: LEON 1P1,ALTEA 5P1,LEON 5F1,LEON ST 5F8,LEON SC 5F5,TOLEDO III 5P2; 1K0498103E, 1K0498103EX, 1K0498103Q, 1K0498103QX, 3C0498103F, 3C0498103FX, 3Q0498103, 3Q0498103X, 1K0498103E, 1K0498103EX, 3C0498103F, 3C0498103FX, 3Q0498103, 3Q0498103X, 1K0498103E, 1K0498103EX, 3C0498103F, 3C0498103FX, 3Q0498103, 3Q0498103X, 1J0498103L, 1J0498103LX, 1K0498103E, 1K0498103EV, 1K0498103EX, 3B0407341B, 3C0498103F, 3C0498103FX, 3Q0498103, 3Q0498103X; Nivelsarja, Vetoakseli<\/p>\n","protected":false},"excerpt":{"rendered":"<p>SKF Vetonivel VKJA 8788 Nivelsarja, Vetoakseli VW,AUDI,SKODA,GOLF IV 1J1,GOLF V 1K1,TOURAN 1T1, 1T2,GOLF VI 5K1,PASSAT Variant 3C5,GOLF PLUS 5M1, 521<\/p>\n","protected":false},"featured_media":0,"template":"","meta":{"site-sidebar-layout":"default","site-content-layout":"default","ast-global-header-display":"","ast-main-header-display":"","ast-hfb-above-header-display":"","ast-hfb-below-header-display":"","ast-hfb-mobile-header-display":"","site-post-title":"","ast-breadcrumbs-content":"","ast-featured-img":"","footer-sml-layout":"","theme-transparent-header-meta":"","adv-header-id-meta":"","stick-header-meta":"","header-above-stick-meta":"","header-main-stick-meta":"","header-below-stick-meta":""},"pwb-brand":[237],"product_cat":[175],"product_tag":[],"class_list":{"0":"post-67279","1":"product","2":"type-product","3":"status-publish","5":"pwb-brand-skf","6":"product_cat-vetonivel","7":"desktop-align-left","8":"tablet-align-left","9":"mobile-align-left","11":"first","12":"instock","13":"product-type-external"},"brands":[{"id":237,"name":"SKF","slug":"skf"}],"_links":{"self":[{"href":"https:\/\/www.autonvaraosahaku.fi\/index.php?rest_route=\/wp\/v2\/product\/67279","targetHints":{"allow":["GET"]}}],"collection":[{"href":"https:\/\/www.autonvaraosahaku.fi\/index.php?rest_route=\/wp\/v2\/product"}],"about":[{"href":"https:\/\/www.autonvaraosahaku.fi\/index.php?rest_route=\/wp\/v2\/types\/product"}],"wp:attachment":[{"href":"https:\/\/www.autonvaraosahaku.fi\/index.php?rest_route=%2Fwp%2Fv2%2Fmedia&parent=67279"}],"wp:term":[{"taxonomy":"pwb-brand","embeddable":true,"href":"https:\/\/www.autonvaraosahaku.fi\/index.php?rest_route=%2Fwp%2Fv2%2Fpwb-brand&post=67279"},{"taxonomy":"product_cat","embeddable":true,"href":"https:\/\/www.autonvaraosahaku.fi\/index.php?rest_route=%2Fwp%2Fv2%2Fproduct_cat&post=67279"},{"taxonomy":"product_tag","embeddable":true,"href":"https:\/\/www.autonvaraosahaku.fi\/index.php?rest_route=%2Fwp%2Fv2%2Fproduct_tag&post=67279"}],"curies":[{"name":"wp","href":"https:\/\/api.w.org\/{rel}","templated":true}]}}