{"id":67409,"date":"2021-02-21T18:54:13","date_gmt":"2021-02-21T18:54:13","guid":{"rendered":"https:\/\/www.autonvaraosahaku.fi\/?product=mahle-original-kx-35-polttoainesuodatin"},"modified":"2021-02-21T18:54:14","modified_gmt":"2021-02-21T18:54:14","slug":"mahle-original-kx-35-polttoainesuodatin","status":"publish","type":"product","link":"https:\/\/www.autonvaraosahaku.fi\/?product=mahle-original-kx-35-polttoainesuodatin","title":{"rendered":"MAHLE ORIGINAL KX 35 Polttoainesuodatin"},"content":{"rendered":"<p>Suodatintyyppi: Suodatinpanos; Korkeus (mm): 115,0; Korkeus 1 (mm): 101,0; L\u00e4pimitta [mm]: 65,0; Sis\u00e4l\u00e4pimitta 1 [mm]: 13,4, 13,4, 25,0; L\u00e4pimitta 4 [mm]: 13,4, 13,4, 13,4, 13,6, 13,4, 13,6; Tiivisteen l\u00e4pimitta [mm]: 13,6, 13,6; Valmistaja rajaus: 658; MERCEDES-BENZ: S-CLASS W108, W109,S-CLASS W116,COUPE W111,HECKFLOSSE W111, W112,O 403; FORD: F-SERIES; PEUGEOT: J7 Bus,J7 Kasten,J7 Pritsche\/Fahrgestell; TATA (TELCO): SAFARI 42_FD,LOADBETA; STEYR: 1390-Serie,791-Serie,891-Serie,991-Serie; SETRA: Series 200; PUMA: 9 &#8211; series; MAN: SD,SG; MAGIRUS-DEUTZ: D-Series; KRAMER: KL-Serie,KLS-Serie; 8034700, 52339U, 0548257, 548257, 1160217, 1909108, 9455080100, 178459, 5004783, A780X9176AA, EFG28, 7965458, 7984299, 1160217, 42522761, 243195304, 81000000244, 81125030001, 81125030015, 81125030016, 81125030020, 81125030036, 81125030040, 81125030041, 81125030051, 0000322405, 0000922305, 0000922405, 0000926901, 0004700922, 0004770815, 0004771015, 0004774715, 0004775315, 0004776415, 0004776915, 322405, A0000322405, A0000922305, A0000922405, A0000926901, A0004700922, A0004770815, A0004771015, A0004774715, A0004775315, A0004776415, A0004776915, A322405, 190604, 190605, 0870176000, 0870465700, 0980465700, 20870465700, 5000241677, 81125030016, 8701759, 8701760, 870176000, 8701760000, 870465700, 980465700, 0000870159, 0000870160, 0001225001, 0001225406, 0001229148, 0008548759, 0008704657, 0854806000, 0870176000, 0870465700, 0980465700, 1225001, 1225406, 1229148, 20854675700, 20854804700, 20870465700, 5000241677, 8548759000, 8701760000, 8704657, 235301, 1855504, 380955164, 407080132, 40708&#8230;<\/p>\n","protected":false},"excerpt":{"rendered":"<p>MAHLE ORIGINAL Polttoainesuodatin KX 35  MERCEDES-BENZ,FORD,PEUGEOT,S-CLASS W108, W109,S-CLASS W116,COUPE W111,HECKFLOSSE W111, W112,O 403,F-SERIES<\/p>\n","protected":false},"featured_media":0,"template":"","meta":{"site-sidebar-layout":"default","site-content-layout":"default","ast-global-header-display":"","ast-main-header-display":"","ast-hfb-above-header-display":"","ast-hfb-below-header-display":"","ast-hfb-mobile-header-display":"","site-post-title":"","ast-breadcrumbs-content":"","ast-featured-img":"","footer-sml-layout":"","theme-transparent-header-meta":"","adv-header-id-meta":"","stick-header-meta":"","header-above-stick-meta":"","header-main-stick-meta":"","header-below-stick-meta":""},"pwb-brand":[153],"product_cat":[29],"product_tag":[],"class_list":{"0":"post-67409","1":"product","2":"type-product","3":"status-publish","5":"pwb-brand-mahle-original","6":"product_cat-polttoainesuodatin","7":"desktop-align-left","8":"tablet-align-left","9":"mobile-align-left","11":"first","12":"instock","13":"product-type-external"},"brands":[{"id":153,"name":"MAHLE ORIGINAL","slug":"mahle-original"}],"_links":{"self":[{"href":"https:\/\/www.autonvaraosahaku.fi\/index.php?rest_route=\/wp\/v2\/product\/67409","targetHints":{"allow":["GET"]}}],"collection":[{"href":"https:\/\/www.autonvaraosahaku.fi\/index.php?rest_route=\/wp\/v2\/product"}],"about":[{"href":"https:\/\/www.autonvaraosahaku.fi\/index.php?rest_route=\/wp\/v2\/types\/product"}],"wp:attachment":[{"href":"https:\/\/www.autonvaraosahaku.fi\/index.php?rest_route=%2Fwp%2Fv2%2Fmedia&parent=67409"}],"wp:term":[{"taxonomy":"pwb-brand","embeddable":true,"href":"https:\/\/www.autonvaraosahaku.fi\/index.php?rest_route=%2Fwp%2Fv2%2Fpwb-brand&post=67409"},{"taxonomy":"product_cat","embeddable":true,"href":"https:\/\/www.autonvaraosahaku.fi\/index.php?rest_route=%2Fwp%2Fv2%2Fproduct_cat&post=67409"},{"taxonomy":"product_tag","embeddable":true,"href":"https:\/\/www.autonvaraosahaku.fi\/index.php?rest_route=%2Fwp%2Fv2%2Fproduct_tag&post=67409"}],"curies":[{"name":"wp","href":"https:\/\/api.w.org\/{rel}","templated":true}]}}