{"id":67652,"date":"2021-02-21T18:55:40","date_gmt":"2021-02-21T18:55:40","guid":{"rendered":"https:\/\/www.autonvaraosahaku.fi\/?product=ravenol-1211108-001-01-999-vaihteistooljy"},"modified":"2021-02-21T18:55:41","modified_gmt":"2021-02-21T18:55:41","slug":"ravenol-1211108-001-01-999-vaihteistooljy","status":"publish","type":"product","link":"https:\/\/www.autonvaraosahaku.fi\/?product=ravenol-1211108-001-01-999-vaihteistooljy","title":{"rendered":"RAVENOL 1211108-001-01-999 Vaihteisto\u00f6ljy"},"content":{"rendered":"<p>Kemialliset ominaisuudet: synteettinen; Valmistajan hyv\u00e4ksym\u00e4: MB 236.14,, MB 236.12,, MB 236.10; Tilavuus (litra): 1; Tuotelinja: ATF MB 9-Serie; JEEP: GRAND CHEROKEE IV WK, WK2; MERCEDES-BENZ: C-CLASS W203,E-CLASS W211,C-CLASS W204,A-CLASS W168,C-CLASS T-Model S204,C-CLASS T-Model S203,C-CLASS W202,E-CLASS T-Model S211,190 W201,SLK R170,E-CLASS W210,E-CLASS W212,VIANO W639,C-CLASS Coupe CL203,Stufenheck W124,E-CLASS T-Model S212,GLK-CLASS X204,E-CLASS Kombi S210,SLK R171,CLK C208,SL R129,CLK C209,C-CLASS Kombi S202,S-CLASS W220,S-CLASS W221,CLS C219,VANEO 414,SL R230,KOMBI Kombi S124,E-CLASS W124,R-CLASS W251, V251,M-CLASS W166,G-CLASS W463,E-CLASS Coupe C207,CLK Cabriolet A208,COUPE C124,CLK Cabriolet A209,S-CLASS W140,E-CLASS Kombi S124,C-CLASS Coupe C204,E-CLASS Cabriolet A207,CLC-CLASS CL203,G-CLASS W461,CLS C218,S-CLASS Coupe C215,E-CLASS Cabriolet A124,S-CLASS Coupe C216,E-CLASS Coupe C124,S-CLASS Coupe C140,GL-CLASS X166,G-CLASS Cabrio W463,SLR R199,SLR ROADSTER R199; CHRYSLER: CROSSFIRE,CROSSFIRE Roadster; JAGUAR: XJ NAW, NBW,XK 8 Convertible QDV,XK 8 Coupe QEV; SSANGYONG: REXTON GAB_,KYRON,RODIUS,STAVIC,CHAIRMAN HT_; PUCH: G-MODELL W 461,G-MODELL W 463; DAIMLER: DAIMLER XJ X30_; Vaihdelaatikon \u00d6ljy<\/p>\n","protected":false},"excerpt":{"rendered":"<p>RAVENOL Vaihteisto\u00f6ljy 1211108-001-01-999 Vaihdelaatikon \u00d6ljy JEEP,MERCEDES-BENZ,CHRYSLER,GRAND CHEROKEE IV WK, WK2,C-CLASS W203,E-CLASS W211<\/p>\n","protected":false},"featured_media":0,"template":"","meta":{"site-sidebar-layout":"default","site-content-layout":"default","ast-global-header-display":"","ast-main-header-display":"","ast-hfb-above-header-display":"","ast-hfb-below-header-display":"","ast-hfb-mobile-header-display":"","site-post-title":"","ast-breadcrumbs-content":"","ast-featured-img":"","footer-sml-layout":"","theme-transparent-header-meta":"","adv-header-id-meta":"","stick-header-meta":"","header-above-stick-meta":"","header-main-stick-meta":"","header-below-stick-meta":""},"pwb-brand":[130],"product_cat":[58],"product_tag":[],"class_list":{"0":"post-67652","1":"product","2":"type-product","3":"status-publish","5":"pwb-brand-ravenol","6":"product_cat-vaihteistooljy","7":"desktop-align-left","8":"tablet-align-left","9":"mobile-align-left","11":"first","12":"instock","13":"product-type-external"},"brands":[{"id":130,"name":"RAVENOL","slug":"ravenol"}],"_links":{"self":[{"href":"https:\/\/www.autonvaraosahaku.fi\/index.php?rest_route=\/wp\/v2\/product\/67652","targetHints":{"allow":["GET"]}}],"collection":[{"href":"https:\/\/www.autonvaraosahaku.fi\/index.php?rest_route=\/wp\/v2\/product"}],"about":[{"href":"https:\/\/www.autonvaraosahaku.fi\/index.php?rest_route=\/wp\/v2\/types\/product"}],"wp:attachment":[{"href":"https:\/\/www.autonvaraosahaku.fi\/index.php?rest_route=%2Fwp%2Fv2%2Fmedia&parent=67652"}],"wp:term":[{"taxonomy":"pwb-brand","embeddable":true,"href":"https:\/\/www.autonvaraosahaku.fi\/index.php?rest_route=%2Fwp%2Fv2%2Fpwb-brand&post=67652"},{"taxonomy":"product_cat","embeddable":true,"href":"https:\/\/www.autonvaraosahaku.fi\/index.php?rest_route=%2Fwp%2Fv2%2Fproduct_cat&post=67652"},{"taxonomy":"product_tag","embeddable":true,"href":"https:\/\/www.autonvaraosahaku.fi\/index.php?rest_route=%2Fwp%2Fv2%2Fproduct_tag&post=67652"}],"curies":[{"name":"wp","href":"https:\/\/api.w.org\/{rel}","templated":true}]}}