{"id":67696,"date":"2021-02-21T18:55:54","date_gmt":"2021-02-21T18:55:54","guid":{"rendered":"https:\/\/www.autonvaraosahaku.fi\/?product=mahle-original-oc-115-oljynsuodatin"},"modified":"2021-02-21T18:55:55","modified_gmt":"2021-02-21T18:55:55","slug":"mahle-original-oc-115-oljynsuodatin","status":"publish","type":"product","link":"https:\/\/www.autonvaraosahaku.fi\/?product=mahle-original-oc-115-oljynsuodatin","title":{"rendered":"MAHLE ORIGINAL OC 115 \u00d6ljynsuodatin"},"content":{"rendered":"<p>Suodatintyyppi: Ruuvattava suodatin; L\u00e4pimitta [mm]: 76,0; Korkeus (mm): 92,6; Ulkol\u00e4pimitta 2 [mm]: 63,0; Sis\u00e4l\u00e4pimitta 2 [mm]: 51,5; Liitinkierre: M20x1,5; Kiristysmomentti: 16, 16; Suositellun erikoisty\u00f6kalun tuotenumero: OCS 1, OCS 1, OCS 1; Vaihteistomalli: Automatikgetriebe; KIA: CARENS III UN; OPEL: VECTRA B 36_,ASTRA F CC 53_, 54_, 58_, 59_,VECTRA B Caravan 31_,ASTRA F Caravan 51_, 52_,VECTRA B CC 38_,VECTRA A 86_, 87_,ASTRA F 56_, 57_,KADETT E CC 33_, 34_, 43_, 44_,VECTRA A CC 88_, 89_,KADETT E 39_, 49_,KADETT E Caravan 35_, 36_, 45_, 46_; ROVER: 600 RH,400 RT,CABRIOLET XW,400 Hatchback RT,200 Hatchback XW,200 Coupe XW,400 Tourer XW,400 XW; HYUNDAI: H100 Kasten; MITSUBISHI: PAJERO I Canvas Top L04_G,COLT II C1_A,LANCER III Station Wagon C1_V, C3_V,GALANT III E1_A,LANCER III C1_A, C6_A; ASIA MOTORS: ROCSTA; VAUXHALL: ASTRA Mk III F CC,VECTRA B CC,CAVALIER Mk III 87,VECTRA B,ASTRA Mk III F Estate,CAVALIER Mk III CC,ASTRAVAN Mk III F; ISUZU: GEMINI JT,GEMINI Stufenheck; 649008, MD00540, 1560187310, 032414300, 3250007, 3252676, 3255958, 3256521, 3478342, 5003455, 5003456, 5004388, 5005079, 5005080, 5016963, 5016964, 5018026, 5020028, 5022798, 870X6714ANA, 870X6714MA, 890X6714FA, A770X6714FA, A770X6714GA, A780X6714AA, A780X6714MA, A780X6714NA, B63014300, B63014302, B63114302, D2026724AA, D27Z6713A, D2PJ6714AA, EFL129, EFL130, EFL296, EFL361, 5650301, 90485456, 90485457, 93156665, 93156666, 94149418, 94412815, 94459700, 15400PH1F02, 15400PH1F03, 15400PR3004, 15400RTA003, K9665400, MD017440, MD071462, MM409365, MZ690150, XD00145, 0649010, 0649017, 4318092, 5650301, 649008, 649010, 649011, 93156769, 93156956, 94412815, 97112263, 7711500014, 911200018, LRF000020, LRF100120, 15208, AA021, AA024, AA060, 649008, 93156769, 93156956, VOF500, 11713229, 11715850<\/p>\n","protected":false},"excerpt":{"rendered":"<p>MAHLE ORIGINAL \u00d6ljynsuodatin OC 115  KIA,OPEL,ROVER,CARENS III UN,VECTRA B 36_,ASTRA F CC 53_, 54_, 58_, 59_,VECTRA B Caravan 31_<\/p>\n","protected":false},"featured_media":0,"template":"","meta":{"site-sidebar-layout":"default","site-content-layout":"default","ast-global-header-display":"","ast-main-header-display":"","ast-hfb-above-header-display":"","ast-hfb-below-header-display":"","ast-hfb-mobile-header-display":"","site-post-title":"","ast-breadcrumbs-content":"","ast-featured-img":"","footer-sml-layout":"","theme-transparent-header-meta":"","adv-header-id-meta":"","stick-header-meta":"","header-above-stick-meta":"","header-main-stick-meta":"","header-below-stick-meta":""},"pwb-brand":[153],"product_cat":[30],"product_tag":[],"class_list":{"0":"post-67696","1":"product","2":"type-product","3":"status-publish","5":"pwb-brand-mahle-original","6":"product_cat-oljynsuodatin","7":"desktop-align-left","8":"tablet-align-left","9":"mobile-align-left","11":"first","12":"instock","13":"product-type-external"},"brands":[{"id":153,"name":"MAHLE ORIGINAL","slug":"mahle-original"}],"_links":{"self":[{"href":"https:\/\/www.autonvaraosahaku.fi\/index.php?rest_route=\/wp\/v2\/product\/67696","targetHints":{"allow":["GET"]}}],"collection":[{"href":"https:\/\/www.autonvaraosahaku.fi\/index.php?rest_route=\/wp\/v2\/product"}],"about":[{"href":"https:\/\/www.autonvaraosahaku.fi\/index.php?rest_route=\/wp\/v2\/types\/product"}],"wp:attachment":[{"href":"https:\/\/www.autonvaraosahaku.fi\/index.php?rest_route=%2Fwp%2Fv2%2Fmedia&parent=67696"}],"wp:term":[{"taxonomy":"pwb-brand","embeddable":true,"href":"https:\/\/www.autonvaraosahaku.fi\/index.php?rest_route=%2Fwp%2Fv2%2Fpwb-brand&post=67696"},{"taxonomy":"product_cat","embeddable":true,"href":"https:\/\/www.autonvaraosahaku.fi\/index.php?rest_route=%2Fwp%2Fv2%2Fproduct_cat&post=67696"},{"taxonomy":"product_tag","embeddable":true,"href":"https:\/\/www.autonvaraosahaku.fi\/index.php?rest_route=%2Fwp%2Fv2%2Fproduct_tag&post=67696"}],"curies":[{"name":"wp","href":"https:\/\/api.w.org\/{rel}","templated":true}]}}