{"id":67831,"date":"2021-02-21T18:56:35","date_gmt":"2021-02-21T18:56:35","guid":{"rendered":"https:\/\/www.autonvaraosahaku.fi\/?product=ipsa-vg058100-muut-luokat"},"modified":"2021-02-21T18:56:39","modified_gmt":"2021-02-21T18:56:39","slug":"ipsa-vg058100-muut-luokat","status":"publish","type":"product","link":"https:\/\/www.autonvaraosahaku.fi\/?product=ipsa-vg058100-muut-luokat","title":{"rendered":"IPSA VG058100 Muut luokat"},"content":{"rendered":"<p>Pituus (mm): 40; Sis\u00e4l\u00e4pimitta [mm]: 7,01; Ulkol\u00e4pimitta [mm]: 12,06; Materiaali: Pronssi; Asennuspuoli: Imupuoli; Venttiilimalli: f\u00fcr Einlassventile; CITRO\u00cbN: XSARA N1,XSARA Break N2,XM Y4,XSARA Coupe N0,XANTIA X1,EVASION 22, U6,ZX N2,BX XB-_,XM Y3,XANTIA Break X1,ZX Break N2,XM Break Y4,BX Break XB-_; PEUGEOT: 306 Schr\u00e4gheck 7A, 7C, N3, N5,306 7B, N3, N5,309 II 3C, 3A,405 I 15B,405 II 4B,405 I Break 15E; 022073<\/p>\n","protected":false},"excerpt":{"rendered":"<p>IPSA Venttiilinohjain VG058100  CITRO\u00cbN,PEUGEOT,XSARA N1,XSARA Break N2,XM Y4,XSARA Coupe N0,XANTIA X1,EVASION 22, U6,ZX N2,BX XB-_,XM Y3<\/p>\n","protected":false},"featured_media":0,"template":"","meta":{"site-sidebar-layout":"default","site-content-layout":"default","ast-global-header-display":"","ast-main-header-display":"","ast-hfb-above-header-display":"","ast-hfb-below-header-display":"","ast-hfb-mobile-header-display":"","site-post-title":"","ast-breadcrumbs-content":"","ast-featured-img":"","footer-sml-layout":"","theme-transparent-header-meta":"","adv-header-id-meta":"","stick-header-meta":"","header-above-stick-meta":"","header-main-stick-meta":"","header-below-stick-meta":""},"pwb-brand":[360],"product_cat":[37],"product_tag":[],"class_list":{"0":"post-67831","1":"product","2":"type-product","3":"status-publish","5":"pwb-brand-ipsa","6":"product_cat-muut-luokat","7":"desktop-align-left","8":"tablet-align-left","9":"mobile-align-left","11":"first","12":"instock","13":"product-type-external"},"brands":[{"id":360,"name":"IPSA","slug":"ipsa"}],"_links":{"self":[{"href":"https:\/\/www.autonvaraosahaku.fi\/index.php?rest_route=\/wp\/v2\/product\/67831","targetHints":{"allow":["GET"]}}],"collection":[{"href":"https:\/\/www.autonvaraosahaku.fi\/index.php?rest_route=\/wp\/v2\/product"}],"about":[{"href":"https:\/\/www.autonvaraosahaku.fi\/index.php?rest_route=\/wp\/v2\/types\/product"}],"wp:attachment":[{"href":"https:\/\/www.autonvaraosahaku.fi\/index.php?rest_route=%2Fwp%2Fv2%2Fmedia&parent=67831"}],"wp:term":[{"taxonomy":"pwb-brand","embeddable":true,"href":"https:\/\/www.autonvaraosahaku.fi\/index.php?rest_route=%2Fwp%2Fv2%2Fpwb-brand&post=67831"},{"taxonomy":"product_cat","embeddable":true,"href":"https:\/\/www.autonvaraosahaku.fi\/index.php?rest_route=%2Fwp%2Fv2%2Fproduct_cat&post=67831"},{"taxonomy":"product_tag","embeddable":true,"href":"https:\/\/www.autonvaraosahaku.fi\/index.php?rest_route=%2Fwp%2Fv2%2Fproduct_tag&post=67831"}],"curies":[{"name":"wp","href":"https:\/\/api.w.org\/{rel}","templated":true}]}}