{"id":67842,"date":"2021-02-21T18:56:41","date_gmt":"2021-02-21T18:56:41","guid":{"rendered":"https:\/\/www.autonvaraosahaku.fi\/?product=fa1-791-953-pakosarjan-tiivisteet"},"modified":"2021-02-21T18:56:43","modified_gmt":"2021-02-21T18:56:43","slug":"fa1-791-953-pakosarjan-tiivisteet","status":"publish","type":"product","link":"https:\/\/www.autonvaraosahaku.fi\/?product=fa1-791-953-pakosarjan-tiivisteet","title":{"rendered":"FA1 791-953 Pakosarjan tiivisteet"},"content":{"rendered":"<p>Sis\u00e4l\u00e4pimitta [mm]: 53; Ulkol\u00e4pimitta [mm]: 61; Korkeus (mm): 4,5; Valmistusvuosi alkaen: 01\/1991; HONDA: CIVIC VIII Hatchback FN, FK,JAZZ II GD,CIVIC VII Hatchback EU, EP, EV,JAZZ III GE,CR-V II RD_,ACCORD VII CL,CIVIC VI Hatchback EJ, EK,FR-V BE,ACCORD VII Tourer CM,ACCORD VI CG, CK,LOGO GA3,STREAM RN,ACCORD VI Hatchback CH,CIVIC VIII Stufenheck FD, FA,ACCORD V CE, CF,CIVIC VI Stufenheck EJ, EK,PRELUDE IV BB,CIVIC VII Stufenheck ES,PRELUDE III BA,ACCORD IV CB,ACCORD V CC, CD,CRX I AF, AS,PRELUDE II AB,ACCORD III CA,ACCORD IV Aerodeck CB,ACCORD III Aerodeck CA,ACCORD IV Coupe CB, CC,LEGEND I Coupe KA3,CITY Stufenheck GM,LEGEND I HS, KA; ROVER: 600 RH,200 Hatchback XW,400 Tourer XW,400 XW; LANCIA: LYBRA 839AX; FIAT: BRAVO I 182; 46753222, 18393S39000, 18393S39S00, 18393SA0000, 18393SG9000, 18393SH3000, 18393SH3S00, DJP2537, GEX7728, GEX7748<\/p>\n","protected":false},"excerpt":{"rendered":"<p>FA1 Tiivisterengas, Pakoputki 791-953  HONDA,ROVER,LANCIA,CIVIC VIII Hatchback FN, FK,JAZZ II GD,CIVIC VII Hatchback EU, EP, EV,JAZZ III GE<\/p>\n","protected":false},"featured_media":0,"template":"","meta":{"site-sidebar-layout":"default","site-content-layout":"default","ast-global-header-display":"","ast-main-header-display":"","ast-hfb-above-header-display":"","ast-hfb-below-header-display":"","ast-hfb-mobile-header-display":"","site-post-title":"","ast-breadcrumbs-content":"","ast-featured-img":"","footer-sml-layout":"","theme-transparent-header-meta":"","adv-header-id-meta":"","stick-header-meta":"","header-above-stick-meta":"","header-main-stick-meta":"","header-below-stick-meta":""},"pwb-brand":[39],"product_cat":[123],"product_tag":[],"class_list":{"0":"post-67842","1":"product","2":"type-product","3":"status-publish","5":"pwb-brand-fa1","6":"product_cat-pakosarjan-tiivisteet","7":"desktop-align-left","8":"tablet-align-left","9":"mobile-align-left","11":"first","12":"instock","13":"product-type-external"},"brands":[{"id":39,"name":"FA1","slug":"fa1"}],"_links":{"self":[{"href":"https:\/\/www.autonvaraosahaku.fi\/index.php?rest_route=\/wp\/v2\/product\/67842","targetHints":{"allow":["GET"]}}],"collection":[{"href":"https:\/\/www.autonvaraosahaku.fi\/index.php?rest_route=\/wp\/v2\/product"}],"about":[{"href":"https:\/\/www.autonvaraosahaku.fi\/index.php?rest_route=\/wp\/v2\/types\/product"}],"wp:attachment":[{"href":"https:\/\/www.autonvaraosahaku.fi\/index.php?rest_route=%2Fwp%2Fv2%2Fmedia&parent=67842"}],"wp:term":[{"taxonomy":"pwb-brand","embeddable":true,"href":"https:\/\/www.autonvaraosahaku.fi\/index.php?rest_route=%2Fwp%2Fv2%2Fpwb-brand&post=67842"},{"taxonomy":"product_cat","embeddable":true,"href":"https:\/\/www.autonvaraosahaku.fi\/index.php?rest_route=%2Fwp%2Fv2%2Fproduct_cat&post=67842"},{"taxonomy":"product_tag","embeddable":true,"href":"https:\/\/www.autonvaraosahaku.fi\/index.php?rest_route=%2Fwp%2Fv2%2Fproduct_tag&post=67842"}],"curies":[{"name":"wp","href":"https:\/\/api.w.org\/{rel}","templated":true}]}}