{"id":67953,"date":"2021-02-21T18:57:07","date_gmt":"2021-02-21T18:57:07","guid":{"rendered":"https:\/\/www.autonvaraosahaku.fi\/?product=ashika-35-08-816-vesipumppu"},"modified":"2021-02-21T18:57:13","modified_gmt":"2021-02-21T18:57:13","slug":"ashika-35-08-816-vesipumppu","status":"publish","type":"product","link":"https:\/\/www.autonvaraosahaku.fi\/?product=ashika-35-08-816-vesipumppu","title":{"rendered":"ASHIKA 35-08-816 Vesipumppu"},"content":{"rendered":"<p>Kokonaiskorkeus (mm): 88; Kiinnitysreikien lukum\u00e4\u00e4r\u00e4: 4; Kiinnityrreikien et\u00e4isyys [mm]: 28; SUZUKI: SWIFT III MZ, EZ,JIMNY FJ,GRAND VITARA II JT,SX4 EY, GY,WAGON R+ MM,IGNIS FH,IGNIS II,LIANA Schr\u00e4gheck,SX4 S-Cross,LIANA ER; SUBARU: JUSTY III G3X; FIAT: SEDICI; 71742124, 1740069G01, 71768109, 1740069G04, 1740069G00, 1740069G01, 1740069G02, 1740069G04<\/p>\n","protected":false},"excerpt":{"rendered":"<p>ASHIKA Vesipumppu 35-08-816  SUZUKI,SUBARU,FIAT,SWIFT III MZ, EZ,JIMNY FJ,GRAND VITARA II JT,SX4 EY, GY,WAGON R+ MM,IGNIS FH,IGNIS II,LIANA Schr\u00e4gheck<\/p>\n","protected":false},"featured_media":0,"template":"","meta":{"site-sidebar-layout":"default","site-content-layout":"default","ast-global-header-display":"","ast-main-header-display":"","ast-hfb-above-header-display":"","ast-hfb-below-header-display":"","ast-hfb-mobile-header-display":"","site-post-title":"","ast-breadcrumbs-content":"","ast-featured-img":"","footer-sml-layout":"","theme-transparent-header-meta":"","adv-header-id-meta":"","stick-header-meta":"","header-above-stick-meta":"","header-main-stick-meta":"","header-below-stick-meta":""},"pwb-brand":[102],"product_cat":[279],"product_tag":[],"class_list":{"0":"post-67953","1":"product","2":"type-product","3":"status-publish","5":"pwb-brand-ashika","6":"product_cat-vesipumppu","7":"desktop-align-left","8":"tablet-align-left","9":"mobile-align-left","11":"first","12":"instock","13":"product-type-external"},"brands":[{"id":102,"name":"ASHIKA","slug":"ashika"}],"_links":{"self":[{"href":"https:\/\/www.autonvaraosahaku.fi\/index.php?rest_route=\/wp\/v2\/product\/67953","targetHints":{"allow":["GET"]}}],"collection":[{"href":"https:\/\/www.autonvaraosahaku.fi\/index.php?rest_route=\/wp\/v2\/product"}],"about":[{"href":"https:\/\/www.autonvaraosahaku.fi\/index.php?rest_route=\/wp\/v2\/types\/product"}],"wp:attachment":[{"href":"https:\/\/www.autonvaraosahaku.fi\/index.php?rest_route=%2Fwp%2Fv2%2Fmedia&parent=67953"}],"wp:term":[{"taxonomy":"pwb-brand","embeddable":true,"href":"https:\/\/www.autonvaraosahaku.fi\/index.php?rest_route=%2Fwp%2Fv2%2Fpwb-brand&post=67953"},{"taxonomy":"product_cat","embeddable":true,"href":"https:\/\/www.autonvaraosahaku.fi\/index.php?rest_route=%2Fwp%2Fv2%2Fproduct_cat&post=67953"},{"taxonomy":"product_tag","embeddable":true,"href":"https:\/\/www.autonvaraosahaku.fi\/index.php?rest_route=%2Fwp%2Fv2%2Fproduct_tag&post=67953"}],"curies":[{"name":"wp","href":"https:\/\/api.w.org\/{rel}","templated":true}]}}